000
CDUS41 KCLE 070527
CLIYNG


CLIMATE REPORT
NATIONAL WEATHER SERVICE CLEVELAND OH
1226 AM EST THU DEC 7 2017


...................................

...THE YOUNGSTOWN OH CLIMATE SUMMARY FOR DECEMBER 6 2017...

CLIMATE NORMAL PERIOD 1981 TO 2010
CLIMATE RECORD PERIOD 1897 TO 2017


WEATHER ITEM   OBSERVED TIME   RECORD YEAR NORMAL DEPARTURE LAST
                VALUE   (LST)  VALUE       VALUE  FROM      YEAR
                                                  NORMAL
..................................................................
TEMPERATURE (F)
 YESTERDAY
  MAXIMUM         40    432 PM  69    1998  40      0       40
  MINIMUM         26    604 AM   8    1977  27     -1       26
  AVERAGE         33                        33      0       33

PRECIPITATION (IN)
  YESTERDAY        0.00                      0.10  -0.10     0.39
  MONTH TO DATE    0.18                      0.60  -0.42     0.52
  SINCE DEC 1      0.18                      0.60  -0.42     0.52
  SINCE JAN 1     42.04                     36.52   5.52    41.29

SNOWFALL (IN)
  YESTERDAY        0.0                       0.4   -0.4      0.0
  MONTH TO DATE    0.0                       2.4   -2.4      0.7
  SINCE DEC 1      0.0                       2.4   -2.4      0.7
  SINCE JUL 1      1.0                       6.8   -5.8      5.1
  SNOW DEPTH       0

DEGREE DAYS
 HEATING
  YESTERDAY       32                        32      0       32
  MONTH TO DATE  159                       184    -25      177
  SINCE DEC 1    159                       184    -25      177
  SINCE JUL 1   1257                      1513   -256     1149

 COOLING
  YESTERDAY        0                         0      0        0
  MONTH TO DATE    0                         0      0        0
  SINCE DEC 1      0                         0      0        0
  SINCE JAN 1    658                       544    114      879
..................................................................


WIND (MPH)
  HIGHEST WIND SPEED    25   HIGHEST WIND DIRECTION     W (260)
  HIGHEST GUST SPEED    38   HIGHEST GUST DIRECTION    SW (220)
  AVERAGE WIND SPEED    14.5


SKY COVER
  POSSIBLE SUNSHINE  MM
  AVERAGE SKY COVER 0.6


WEATHER CONDITIONS
 THE FOLLOWING WEATHER WAS RECORDED YESTERDAY.
  NO SIGNIFICANT WEATHER WAS OBSERVED.


RELATIVE HUMIDITY (PERCENT)
 HIGHEST    68           700 AM
 LOWEST     44           300 PM
 AVERAGE    56

..........................................................


THE YOUNGSTOWN OH CLIMATE NORMALS FOR TODAY
                         NORMAL    RECORD    YEAR
 MAXIMUM TEMPERATURE (F)   39        67      1998
 MINIMUM TEMPERATURE (F)   27         7      1977
                                             1958


SUNRISE AND SUNSET
DECEMBER  7 2017......SUNRISE   735 AM EST   SUNSET   453 PM EST
DECEMBER  8 2017......SUNRISE   736 AM EST   SUNSET   453 PM EST


-  INDICATES NEGATIVE NUMBERS.
R  INDICATES RECORD WAS SET OR TIED.
MM INDICATES DATA IS MISSING.
T  INDICATES TRACE AMOUNT.




$$
