000
CDUS41 KCLE 060527
CLIYNG


CLIMATE REPORT
NATIONAL WEATHER SERVICE CLEVELAND OH
1227 AM EST TUE FEB 6 2018


...................................

...THE YOUNGSTOWN OH CLIMATE SUMMARY FOR FEBRUARY 5 2018...

CLIMATE NORMAL PERIOD 1981 TO 2010
CLIMATE RECORD PERIOD 1897 TO 2018


WEATHER ITEM   OBSERVED TIME   RECORD YEAR NORMAL DEPARTURE LAST
                VALUE   (LST)  VALUE       VALUE  FROM      YEAR
                                                  NORMAL
..................................................................
TEMPERATURE (F)
 YESTERDAY
  MAXIMUM         20   1159 PM  58    2008  34    -14       42
  MINIMUM          9    755 AM  -5    2007  20    -11       25
  AVERAGE         15                        27    -12       34

PRECIPITATION (IN)
  YESTERDAY        T                         0.07  -0.07      T
  MONTH TO DATE    0.33                      0.37  -0.04     0.06
  SINCE DEC 1      5.58                      5.91  -0.33     8.98
  SINCE JAN 1      3.47                      2.92   0.55     5.41

SNOWFALL (IN)
  YESTERDAY        0.2                       0.4   -0.2       T
  MONTH TO DATE    5.5                       2.3    3.2      0.7
  SINCE DEC 1     47.6                      33.9   13.7     37.6
  SINCE JUL 1     48.6                      38.3   10.3     42.0
  SNOW DEPTH       3

DEGREE DAYS
 HEATING
  YESTERDAY       50                        38     12       31
  MONTH TO DATE  211                       193     18      191
  SINCE DEC 1   2611                      2487    124     2272
  SINCE JUL 1   3709                      3816   -107     3244

 COOLING
  YESTERDAY        0                         0      0        0
  MONTH TO DATE    0                         0      0        0
  SINCE DEC 1      0                         0      0        0
  SINCE JAN 1      0                         0      0        0
..................................................................


WIND (MPH)
  HIGHEST WIND SPEED    23   HIGHEST WIND DIRECTION    NW (330)
  HIGHEST GUST SPEED    27   HIGHEST GUST DIRECTION     N (340)
  AVERAGE WIND SPEED     9.0


SKY COVER
  POSSIBLE SUNSHINE  MM
  AVERAGE SKY COVER 0.9


WEATHER CONDITIONS
 THE FOLLOWING WEATHER WAS RECORDED YESTERDAY.
  LIGHT SNOW
  FOG


RELATIVE HUMIDITY (PERCENT)
 HIGHEST    84          1200 AM
 LOWEST     56           400 PM
 AVERAGE    70

..........................................................


THE YOUNGSTOWN OH CLIMATE NORMALS FOR TODAY
                         NORMAL    RECORD    YEAR
 MAXIMUM TEMPERATURE (F)   34        62      1938
 MINIMUM TEMPERATURE (F)   20        -7      1979


SUNRISE AND SUNSET
FEBRUARY  6 2018......SUNRISE   728 AM EST   SUNSET   546 PM EST
FEBRUARY  7 2018......SUNRISE   727 AM EST   SUNSET   547 PM EST


-  INDICATES NEGATIVE NUMBERS.
R  INDICATES RECORD WAS SET OR TIED.
MM INDICATES DATA IS MISSING.
T  INDICATES TRACE AMOUNT.




$$
