000
CDUS41 KCLE 192112
CLIYNG


CLIMATE REPORT
NATIONAL WEATHER SERVICE CLEVELAND OH
512 PM EDT FRI AUG 19 2016


...................................

...THE YOUNGSTOWN OH CLIMATE SUMMARY FOR AUGUST 19 2016...
VALID TODAY AS OF 0500 PM LOCAL TIME.

CLIMATE NORMAL PERIOD 1981 TO 2010
CLIMATE RECORD PERIOD 1897 TO 2016


WEATHER ITEM   OBSERVED TIME   RECORD YEAR NORMAL DEPARTURE LAST
                VALUE   (LST)  VALUE       VALUE  FROM      YEAR
                                                  NORMAL
..................................................................
TEMPERATURE (F)
 TODAY
  MAXIMUM         85    301 PM  92    1947  80      5       88
  MINIMUM         60    601 AM  46    1953  58      2       65
  AVERAGE         73                        69      4       77

PRECIPITATION (IN)
  TODAY            0.01                      0.10  -0.09     0.00
  MONTH TO DATE    2.69                      1.97   0.72     1.60
  SINCE JUN 1     10.86                     10.16   0.70    14.69
  SINCE JAN 1     25.96                     24.95   1.01    29.67

SNOWFALL (IN)
  TODAY            0.0                       0.0    0.0      0.0
  MONTH TO DATE    0.0                       0.0    0.0      0.0
  SINCE JUN 1      0.0                       0.0    0.0      0.0
  SINCE JUL 1      0.0                       0.0    0.0      0.0
  SNOW DEPTH       0

DEGREE DAYS
 HEATING
  TODAY            0                         1     -1        0
  MONTH TO DATE    0                        14    -14        3
  SINCE JUN 1     40                        96    -56       52
  SINCE JUL 1      6                        27    -21       10

 COOLING
  TODAY            8                         5      3       12
  MONTH TO DATE  198                       103     95      122
  SINCE JUN 1    599                       398    201      417
  SINCE JAN 1    654                       437    217      529
..................................................................


WIND (MPH)
  HIGHEST WIND SPEED    12   HIGHEST WIND DIRECTION    SE (140)
  HIGHEST GUST SPEED    15   HIGHEST GUST DIRECTION    SE (140)


SKY COVER
  POSSIBLE SUNSHINE  MM
  AVERAGE SKY COVER 0.6


WEATHER CONDITIONS
 THE FOLLOWING WEATHER WAS RECORDED TODAY.
  NO SIGNIFICANT WEATHER WAS OBSERVED.


RELATIVE HUMIDITY (PERCENT)
 HIGHEST   100          1200 AM
 LOWEST     58          1100 AM
 AVERAGE    79

..........................................................


THE YOUNGSTOWN OH CLIMATE NORMALS FOR TOMORROW
                         NORMAL    RECORD    YEAR
 MAXIMUM TEMPERATURE (F)   80        93      1955
 MINIMUM TEMPERATURE (F)   58        45      1998
                                             1992
                                             1949


SUNRISE AND SUNSET
AUGUST 19 2016........SUNRISE   636 AM EDT   SUNSET   815 PM EDT
AUGUST 20 2016........SUNRISE   637 AM EDT   SUNSET   814 PM EDT


-  INDICATES NEGATIVE NUMBERS.
R  INDICATES RECORD WAS SET OR TIED.
MM INDICATES DATA IS MISSING.
T  INDICATES TRACE AMOUNT.




$$
