000
CDUS41 KCLE 100545
CLIYNG


CLIMATE REPORT
NATIONAL WEATHER SERVICE CLEVELAND OH
145 AM EDT SAT JUN 10 2017


...................................

...THE YOUNGSTOWN OH CLIMATE SUMMARY FOR JUNE 9 2017...

CLIMATE NORMAL PERIOD 1981 TO 2010
CLIMATE RECORD PERIOD 1897 TO 2017


WEATHER ITEM   OBSERVED TIME   RECORD YEAR NORMAL DEPARTURE LAST
                VALUE   (LST)  VALUE       VALUE  FROM      YEAR
                                                  NORMAL
..................................................................
TEMPERATURE (F)
 YESTERDAY
  MAXIMUM         80    126 PM  99    1933  76      4       69
  MINIMUM         47    425 AM  38    1983  54     -7       43
  AVERAGE         64                        65     -1       56

PRECIPITATION (IN)
  YESTERDAY        T                         0.12  -0.12     0.00
  MONTH TO DATE    0.20                      1.15  -0.95     1.24
  SINCE JUN 1      0.20                      1.15  -0.95     1.24
  SINCE JAN 1     21.50                     15.94   5.56    16.34

SNOWFALL (IN)
  YESTERDAY        0.0                       0.0    0.0      0.0
  MONTH TO DATE    0.0                       0.0    0.0      0.0
  SINCE JUN 1      0.0                       0.0    0.0      0.0
  SINCE JUL 1     69.5                      62.7    6.8     44.9
  SNOW DEPTH       0

DEGREE DAYS
 HEATING
  YESTERDAY        1                         3     -2        9
  MONTH TO DATE   33                        34     -1       23
  SINCE JUN 1     33                        34     -1       23
  SINCE JUL 1   5249                      6314  -1065     5276

 COOLING
  YESTERDAY        0                         3     -3        0
  MONTH TO DATE    5                        20    -15       30
  SINCE JUN 1      5                        20    -15       30
  SINCE JAN 1     54                        59     -5       85
..................................................................


WIND (MPH)
  HIGHEST WIND SPEED    20   HIGHEST WIND DIRECTION     W (250)
  HIGHEST GUST SPEED    26   HIGHEST GUST DIRECTION     W (260)
  AVERAGE WIND SPEED     7.0


SKY COVER
  POSSIBLE SUNSHINE  MM
  AVERAGE SKY COVER 0.6


WEATHER CONDITIONS
 THE FOLLOWING WEATHER WAS RECORDED YESTERDAY.
  LIGHT RAIN


RELATIVE HUMIDITY (PERCENT)
 HIGHEST   100          1200 AM
 LOWEST     36           100 PM
 AVERAGE    68

..........................................................


THE YOUNGSTOWN OH CLIMATE NORMALS FOR TODAY
                         NORMAL    RECORD    YEAR
 MAXIMUM TEMPERATURE (F)   76        91      1999
                                             1933
 MINIMUM TEMPERATURE (F)   54        35      1980


SUNRISE AND SUNSET
JUNE 10 2017..........SUNRISE   549 AM EDT   SUNSET   855 PM EDT
JUNE 11 2017..........SUNRISE   549 AM EDT   SUNSET   856 PM EDT


-  INDICATES NEGATIVE NUMBERS.
R  INDICATES RECORD WAS SET OR TIED.
MM INDICATES DATA IS MISSING.
T  INDICATES TRACE AMOUNT.




$$
