000
CDUS41 KCLE 050527
CLIYNG


CLIMATE REPORT
NATIONAL WEATHER SERVICE CLEVELAND OH
1226 AM EST TUE DEC 5 2017


...................................

...THE YOUNGSTOWN OH CLIMATE SUMMARY FOR DECEMBER 4 2017...

CLIMATE NORMAL PERIOD 1981 TO 2010
CLIMATE RECORD PERIOD 1897 TO 2017


WEATHER ITEM   OBSERVED TIME   RECORD YEAR NORMAL DEPARTURE LAST
                VALUE   (LST)  VALUE       VALUE  FROM      YEAR
                                                  NORMAL
..................................................................
TEMPERATURE (F)
 YESTERDAY
  MAXIMUM         54    817 PM  67    1982  40     14       39
  MINIMUM         28    210 AM   3    1966  28      0       30
  AVERAGE         41                        34      7       35

PRECIPITATION (IN)
  YESTERDAY        0.00                      0.10  -0.10     0.09
  MONTH TO DATE    0.00                      0.40  -0.40     0.11
  SINCE DEC 1      0.00                      0.40  -0.40     0.11
  SINCE JAN 1     41.86                     36.32   5.54    40.88

SNOWFALL (IN)
  YESTERDAY        0.0                       0.4   -0.4      0.7
  MONTH TO DATE    0.0                       1.6   -1.6      0.7
  SINCE DEC 1      0.0                       1.6   -1.6      0.7
  SINCE JUL 1      1.0                       6.0   -5.0      5.1
  SNOW DEPTH       0

DEGREE DAYS
 HEATING
  YESTERDAY       24                        31     -7       30
  MONTH TO DATE  104                       121    -17      113
  SINCE DEC 1    104                       121    -17      113
  SINCE JUL 1   1201                      1450   -249     1085

 COOLING
  YESTERDAY        0                         0      0        0
  MONTH TO DATE    0                         0      0        0
  SINCE DEC 1      0                         0      0        0
  SINCE JAN 1    658                       544    114      879
..................................................................


WIND (MPH)
  HIGHEST WIND SPEED    20   HIGHEST WIND DIRECTION    SE (150)
  HIGHEST GUST SPEED    28   HIGHEST GUST DIRECTION     S (160)
  AVERAGE WIND SPEED    11.1


SKY COVER
  POSSIBLE SUNSHINE  MM
  AVERAGE SKY COVER 0.9


WEATHER CONDITIONS
 THE FOLLOWING WEATHER WAS RECORDED YESTERDAY.
  NO SIGNIFICANT WEATHER WAS OBSERVED.


RELATIVE HUMIDITY (PERCENT)
 HIGHEST    85           100 AM
 LOWEST     41          1200 PM
 AVERAGE    63

..........................................................


THE YOUNGSTOWN OH CLIMATE NORMALS FOR TODAY
                         NORMAL    RECORD    YEAR
 MAXIMUM TEMPERATURE (F)   40        71      2001
 MINIMUM TEMPERATURE (F)   28         9      1991


SUNRISE AND SUNSET
DECEMBER  5 2017......SUNRISE   733 AM EST   SUNSET   454 PM EST
DECEMBER  6 2017......SUNRISE   734 AM EST   SUNSET   453 PM EST


-  INDICATES NEGATIVE NUMBERS.
R  INDICATES RECORD WAS SET OR TIED.
MM INDICATES DATA IS MISSING.
T  INDICATES TRACE AMOUNT.




$$
