000
CDUS41 KCLE 152123
CLIYNG


CLIMATE REPORT
NATIONAL WEATHER SERVICE CLEVELAND OH
518 PM EDT FRI AUG 15 2014


...................................

...THE YOUNGSTOWN OH CLIMATE SUMMARY FOR AUGUST 15 2014...
VALID TODAY AS OF 0500 PM LOCAL TIME.

CLIMATE NORMAL PERIOD 1981 TO 2010
CLIMATE RECORD PERIOD 1897 TO 2014


WEATHER ITEM   OBSERVED TIME   RECORD YEAR NORMAL DEPARTURE LAST
                VALUE   (LST)  VALUE       VALUE  FROM      YEAR
                                                  NORMAL
..................................................................
TEMPERATURE (F)
 TODAY
  MAXIMUM         70    359 PM  94    1995  80    -10       72
  MINIMUM         47    544 AM  46    2013  59    -12       46
  AVERAGE         59                        69    -10       59

PRECIPITATION (IN)
  TODAY            0.00                      0.09  -0.09     0.00
  MONTH TO DATE    2.83                      1.57   1.26     1.18
  SINCE JUN 1     11.04                      9.76   1.28    14.00
  SINCE JAN 1     26.13                     24.55   1.58    25.77

SNOWFALL (IN)
  TODAY            0.0                       0.0    0.0      0.0
  MONTH TO DATE    0.0                       0.0    0.0      0.0
  SINCE JUN 1      0.0                       0.0    0.0       T
  SINCE JUL 1      0.0                       0.0    0.0      0.0
  SNOW DEPTH       0

DEGREE DAYS
 HEATING
  TODAY            6                         1      5        6
  MONTH TO DATE   15                        10      5       22
  SINCE JUN 1     71                        92    -21       91
  SINCE JUL 1     43                        23     20       35

 COOLING
  TODAY            0                         5     -5        0
  MONTH TO DATE   47                        83    -36       34
  SINCE JUN 1    330                       378    -48      372
  SINCE JAN 1    385                       417    -32      460
..................................................................


WIND (MPH)
  HIGHEST WIND SPEED    15   HIGHEST WIND DIRECTION    NW (300)
  HIGHEST GUST SPEED    21   HIGHEST GUST DIRECTION     W (280)


SKY COVER
  POSSIBLE SUNSHINE  MM
  AVERAGE SKY COVER 0.7


WEATHER CONDITIONS
 THE FOLLOWING WEATHER WAS RECORDED TODAY.
  NO SIGNIFICANT WEATHER WAS OBSERVED.


RELATIVE HUMIDITY (PERCENT)
 HIGHEST    93           400 AM
 LOWEST     44           300 PM
 AVERAGE    69

..........................................................


THE YOUNGSTOWN OH CLIMATE NORMALS FOR TOMORROW
                         NORMAL    RECORD    YEAR
 MAXIMUM TEMPERATURE (F)   80        91      1995
                                             1938
                                             1932
 MINIMUM TEMPERATURE (F)   59        42      1979


SUNRISE AND SUNSET
AUGUST 15 2014........SUNRISE   632 AM EDT   SUNSET   822 PM EDT
AUGUST 16 2014........SUNRISE   633 AM EDT   SUNSET   820 PM EDT


-  INDICATES NEGATIVE NUMBERS.
R  INDICATES RECORD WAS SET OR TIED.
MM INDICATES DATA IS MISSING.
T  INDICATES TRACE AMOUNT.




$$
