000
CDUS41 KCLE 060533
CLIYNG


CLIMATE REPORT
NATIONAL WEATHER SERVICE CLEVELAND OH
1233 AM EST FRI JAN 6 2017


...................................

...THE YOUNGSTOWN OH CLIMATE SUMMARY FOR JANUARY 5 2017...

CLIMATE NORMAL PERIOD 1981 TO 2010
CLIMATE RECORD PERIOD 1897 TO 2017


WEATHER ITEM   OBSERVED TIME   RECORD YEAR NORMAL DEPARTURE LAST
                VALUE   (LST)  VALUE       VALUE  FROM      YEAR
                                                  NORMAL
..................................................................
TEMPERATURE (F)
 YESTERDAY
  MAXIMUM         20   1244 PM  64    1997  33    -13       26
  MINIMUM         10   1159 PM  -5    1968  19     -9        5
  AVERAGE         15                        26    -11       16

PRECIPITATION (IN)
  YESTERDAY        0.12                      0.09   0.03      T
  MONTH TO DATE    1.14                      0.45   0.69     0.09
  SINCE DEC 1      4.71                      3.44   1.27     4.28
  SINCE JAN 1      1.14                      0.45   0.69     0.09

SNOWFALL (IN)
  YESTERDAY        2.4                       0.5    1.9       T
  MONTH TO DATE    2.4                       2.6   -0.2      1.4
  SINCE DEC 1     25.7                      17.6    8.1      2.2
  SINCE JUL 1     30.1                      22.0    8.1      2.6
  SNOW DEPTH       0

DEGREE DAYS
 HEATING
  YESTERDAY       50                        39     11       49
  MONTH TO DATE  168                       195    -27      205
  SINCE DEC 1   1247                      1272    -25      895
  SINCE JUL 1   2219                      2601   -382     1897

 COOLING
  YESTERDAY        0                         0      0        0
  MONTH TO DATE    0                         0      0        0
  SINCE DEC 1      0                         0      0        0
  SINCE JAN 1      0                         0      0        0
..................................................................


WIND (MPH)
  HIGHEST WIND SPEED    21   HIGHEST WIND DIRECTION    SW (240)
  HIGHEST GUST SPEED    27   HIGHEST GUST DIRECTION    SW (240)
  AVERAGE WIND SPEED    11.0


SKY COVER
  POSSIBLE SUNSHINE  MM
  AVERAGE SKY COVER 0.9


WEATHER CONDITIONS
 THE FOLLOWING WEATHER WAS RECORDED YESTERDAY.
  SNOW
  LIGHT SNOW
  FOG


RELATIVE HUMIDITY (PERCENT)
 HIGHEST    80           500 PM
 LOWEST     61           600 AM
 AVERAGE    71

..........................................................


THE YOUNGSTOWN OH CLIMATE NORMALS FOR TODAY
                         NORMAL    RECORD    YEAR
 MAXIMUM TEMPERATURE (F)   32        63      1946
 MINIMUM TEMPERATURE (F)   19       -11      2014


SUNRISE AND SUNSET
JANUARY  6 2017.......SUNRISE   748 AM EST   SUNSET   509 PM EST
JANUARY  7 2017.......SUNRISE   748 AM EST   SUNSET   510 PM EST


-  INDICATES NEGATIVE NUMBERS.
R  INDICATES RECORD WAS SET OR TIED.
MM INDICATES DATA IS MISSING.
T  INDICATES TRACE AMOUNT.




$$
