285
CDUS41 KCLE 130533
CLIYNG


CLIMATE REPORT
NATIONAL WEATHER SERVICE CLEVELAND OH
133 AM EDT WED SEP 13 2017


...................................

...THE YOUNGSTOWN OH CLIMATE SUMMARY FOR SEPTEMBER 12 2017...

CLIMATE NORMAL PERIOD 1981 TO 2010
CLIMATE RECORD PERIOD 1897 TO 2017


WEATHER ITEM   OBSERVED TIME   RECORD YEAR NORMAL DEPARTURE LAST
                VALUE   (LST)  VALUE       VALUE  FROM      YEAR
                                                  NORMAL
..................................................................
TEMPERATURE (F)
 YESTERDAY
  MAXIMUM         78    159 PM  95    1952  74      4       76
                                      1931
  MINIMUM         48    505 AM  38    1992  53     -5       50
                                      1967
                                      1943
  AVERAGE         63                        63      0       63

PRECIPITATION (IN)
  YESTERDAY        0.00                      0.13  -0.13     0.00
  MONTH TO DATE    0.74                      1.51  -0.77     2.18
  SINCE SEP 1      0.74                      1.51  -0.77     2.18
  SINCE JAN 1     33.46                     27.73   5.73    30.68

SNOWFALL (IN)
  YESTERDAY        0.0                       0.0    0.0      0.0
  MONTH TO DATE    0.0                       0.0    0.0      0.0
  SINCE SEP 1      0.0                       0.0    0.0      0.0
  SINCE JUL 1      0.0                       0.0    0.0      0.0
  SNOW DEPTH       0

DEGREE DAYS
 HEATING
  YESTERDAY        2                         4     -2        2
  MONTH TO DATE   67                        30     37        4
  SINCE SEP 1     67                        30     37        4
  SINCE JUL 1     83                        68     15       10

 COOLING
  YESTERDAY        0                         2     -2        0
  MONTH TO DATE    5                        31    -26       66
  SINCE SEP 1      5                        31    -26       66
  SINCE JAN 1    538                       517     21      809
..................................................................


WIND (MPH)
  HIGHEST WIND SPEED    14   HIGHEST WIND DIRECTION     E (110)
  HIGHEST GUST SPEED    16   HIGHEST GUST DIRECTION     E (110)
  AVERAGE WIND SPEED     6.7


SKY COVER
  POSSIBLE SUNSHINE  MM
  AVERAGE SKY COVER 0.9


WEATHER CONDITIONS
 THE FOLLOWING WEATHER WAS RECORDED YESTERDAY.
  NO SIGNIFICANT WEATHER WAS OBSERVED.


RELATIVE HUMIDITY (PERCENT)
 HIGHEST    96          1200 AM
 LOWEST     36           200 PM
 AVERAGE    66

..........................................................


THE YOUNGSTOWN OH CLIMATE NORMALS FOR TODAY
                         NORMAL    RECORD    YEAR
 MAXIMUM TEMPERATURE (F)   74        93      1952
                                             1931
 MINIMUM TEMPERATURE (F)   52        35      1964


SUNRISE AND SUNSET
SEPTEMBER 13 2017.....SUNRISE   701 AM EDT   SUNSET   735 PM EDT
SEPTEMBER 14 2017.....SUNRISE   702 AM EDT   SUNSET   733 PM EDT


-  INDICATES NEGATIVE NUMBERS.
R  INDICATES RECORD WAS SET OR TIED.
MM INDICATES DATA IS MISSING.
T  INDICATES TRACE AMOUNT.




$$
