000
CDUS41 KCLE 270542
CLIYNG


CLIMATE REPORT
NATIONAL WEATHER SERVICE CLEVELAND OH
141 AM EDT WED MAY 27 2015


...................................

...THE YOUNGSTOWN OH CLIMATE SUMMARY FOR MAY 26 2015...

CLIMATE NORMAL PERIOD 1981 TO 2010
CLIMATE RECORD PERIOD 1897 TO 2015


WEATHER ITEM   OBSERVED TIME   RECORD YEAR NORMAL DEPARTURE LAST
                VALUE   (LST)  VALUE       VALUE  FROM      YEAR
                                                  NORMAL
..................................................................
TEMPERATURE (F)
 YESTERDAY
  MAXIMUM         82    338 PM  87    1939  72     10       83
  MINIMUM         67    526 AM  30    1988  50     17       51
  AVERAGE         75                        60     15       67

PRECIPITATION (IN)
  YESTERDAY        0.08                      0.12  -0.04     0.00
  MONTH TO DATE    1.34                      3.14  -1.80     3.46
  SINCE MAR 1      6.55                      9.44  -2.89    10.31
  SINCE JAN 1     11.78                     14.14  -2.36    15.00

SNOWFALL (IN)
  YESTERDAY        0.0                       0.0    0.0      0.0
  MONTH TO DATE    0.0                       0.0    0.0       T
  SINCE MAR 1      9.5                      13.9   -4.4      9.1
  SINCE JUL 1     79.0                      62.7   16.3     90.1
  SNOW DEPTH       0

DEGREE DAYS
 HEATING
  YESTERDAY        0                         6     -6        0
  MONTH TO DATE  133                       226    -93      201
  SINCE MAR 1   1564                      1605    -41     1755
  SINCE JUL 1   6682                      6253    429     6823

 COOLING
  YESTERDAY       10                         2      8        2
  MONTH TO DATE   88                        20     68       39
  SINCE MAR 1     88                        29     59       39
  SINCE JAN 1     88                        29     59       39
..................................................................


WIND (MPH)
  HIGHEST WIND SPEED    16   HIGHEST WIND DIRECTION    SW (210)
  HIGHEST GUST SPEED    23   HIGHEST GUST DIRECTION    SW (210)
  AVERAGE WIND SPEED     9.4


SKY COVER
  POSSIBLE SUNSHINE  MM
  AVERAGE SKY COVER 0.9


WEATHER CONDITIONS
 THE FOLLOWING WEATHER WAS RECORDED YESTERDAY.
  THUNDERSTORM
  LIGHT RAIN


RELATIVE HUMIDITY (PERCENT)
 HIGHEST    84          1000 PM
 LOWEST     54           400 PM
 AVERAGE    69

..........................................................


THE YOUNGSTOWN OH CLIMATE NORMALS FOR TODAY
                         NORMAL    RECORD    YEAR
 MAXIMUM TEMPERATURE (F)   72        92      1939
 MINIMUM TEMPERATURE (F)   50        30      1969


SUNRISE AND SUNSET
MAY 27 2015...........SUNRISE   555 AM EDT   SUNSET   845 PM EDT
MAY 28 2015...........SUNRISE   554 AM EDT   SUNSET   846 PM EDT


-  INDICATES NEGATIVE NUMBERS.
R  INDICATES RECORD WAS SET OR TIED.
MM INDICATES DATA IS MISSING.
T  INDICATES TRACE AMOUNT.




$$
