000
CDUS41 KCLE 090545
CLIYNG


CLIMATE REPORT
NATIONAL WEATHER SERVICE CLEVELAND OH
145 AM EDT FRI JUN 9 2017


...................................

...THE YOUNGSTOWN OH CLIMATE SUMMARY FOR JUNE 8 2017...

CLIMATE NORMAL PERIOD 1981 TO 2010
CLIMATE RECORD PERIOD 1897 TO 2017


WEATHER ITEM   OBSERVED TIME   RECORD YEAR NORMAL DEPARTURE LAST
                VALUE   (LST)  VALUE       VALUE  FROM      YEAR
                                                  NORMAL
..................................................................
TEMPERATURE (F)
 YESTERDAY
  MAXIMUM         70    502 PM  99    1933  75     -5       63
  MINIMUM         45    416 AM  35    1949  54     -9       47
  AVERAGE         58                        64     -6       55

PRECIPITATION (IN)
  YESTERDAY        0.01                      0.13  -0.12     0.22
  MONTH TO DATE    0.20                      1.03  -0.83     1.24
  SINCE JUN 1      0.20                      1.03  -0.83     1.24
  SINCE JAN 1     21.50                     15.82   5.68    16.34

SNOWFALL (IN)
  YESTERDAY       MM                         0.0   MM        0.0
  MONTH TO DATE    0.0                       0.0    0.0      0.0
  SINCE JUN 1      0.0                       0.0    0.0      0.0
  SINCE JUL 1     69.5                      62.7    6.8     44.9
  SNOW DEPTH       0

DEGREE DAYS
 HEATING
  YESTERDAY        7                         3      4       10
  MONTH TO DATE   32                        31      1       14
  SINCE JUN 1     32                        31      1       14
  SINCE JUL 1   5248                      6311  -1063     5267

 COOLING
  YESTERDAY        0                         3     -3        0
  MONTH TO DATE    5                        17    -12       30
  SINCE JUN 1      5                        17    -12       30
  SINCE JAN 1     54                        56     -2       85
..................................................................


WIND (MPH)
  HIGHEST WIND SPEED    13   HIGHEST WIND DIRECTION     E (110)
  HIGHEST GUST SPEED    16   HIGHEST GUST DIRECTION    NE (40)
  AVERAGE WIND SPEED     3.6


SKY COVER
  POSSIBLE SUNSHINE  MM
  AVERAGE SKY COVER 0.7


WEATHER CONDITIONS
 THE FOLLOWING WEATHER WAS RECORDED YESTERDAY.
  LIGHT RAIN


RELATIVE HUMIDITY (PERCENT)
 HIGHEST   100           400 AM
 LOWEST     47           500 PM
 AVERAGE    74

..........................................................


THE YOUNGSTOWN OH CLIMATE NORMALS FOR TODAY
                         NORMAL    RECORD    YEAR
 MAXIMUM TEMPERATURE (F)   76        99      1933
 MINIMUM TEMPERATURE (F)   54        38      1983


SUNRISE AND SUNSET
JUNE  9 2017..........SUNRISE   549 AM EDT   SUNSET   855 PM EDT
JUNE 10 2017..........SUNRISE   549 AM EDT   SUNSET   855 PM EDT


-  INDICATES NEGATIVE NUMBERS.
R  INDICATES RECORD WAS SET OR TIED.
MM INDICATES DATA IS MISSING.
T  INDICATES TRACE AMOUNT.




$$
