000
CDUS41 KCLE 220545
CLIYNG


CLIMATE REPORT
NATIONAL WEATHER SERVICE CLEVELAND OH
145 AM EDT SAT APR 22 2017


...................................

...THE YOUNGSTOWN OH CLIMATE SUMMARY FOR APRIL 21 2017...

CLIMATE NORMAL PERIOD 1981 TO 2010
CLIMATE RECORD PERIOD 1897 TO 2017


WEATHER ITEM   OBSERVED TIME   RECORD YEAR NORMAL DEPARTURE LAST
                VALUE   (LST)  VALUE       VALUE  FROM      YEAR
                                                  NORMAL
..................................................................
TEMPERATURE (F)
 YESTERDAY
  MAXIMUM         63    101 AM  85    1985  61      2       70
  MINIMUM         46   1159 PM  23    2013  40      6       55
  AVERAGE         55                        51      4       63

PRECIPITATION (IN)
  YESTERDAY        0.01                      0.11  -0.10     0.07
  MONTH TO DATE    2.15                      2.40  -0.25     2.66
  SINCE MAR 1      7.19                      5.34   1.85     6.47
  SINCE JAN 1     15.07                     10.04   5.03    11.66

SNOWFALL (IN)
  YESTERDAY       MM                         0.0   MM        0.0
  MONTH TO DATE    2.0                       2.8   -0.8      8.8
  SINCE MAR 1     22.1                      13.7    8.4     13.1
  SINCE JUL 1     69.5                      62.5    7.0     44.7
  SNOW DEPTH       0

DEGREE DAYS
 HEATING
  YESTERDAY       10                        15     -5        2
  MONTH TO DATE  242                       384   -142      420
  SINCE MAR 1   1112                      1260   -148     1034
  SINCE JUL 1   4896                      5908  -1012     4882

 COOLING
  YESTERDAY        0                         0      0        0
  MONTH TO DATE   14                         0     14        0
  SINCE MAR 1     14                         1     13        0
  SINCE JAN 1     14                         1     13        0
..................................................................


WIND (MPH)
  HIGHEST WIND SPEED    21   HIGHEST WIND DIRECTION    NW (320)
  HIGHEST GUST SPEED    25   HIGHEST GUST DIRECTION    NW (320)
  AVERAGE WIND SPEED    11.1


SKY COVER
  POSSIBLE SUNSHINE  MM
  AVERAGE SKY COVER 0.9


WEATHER CONDITIONS
 THE FOLLOWING WEATHER WAS RECORDED YESTERDAY.
  LIGHT RAIN


RELATIVE HUMIDITY (PERCENT)
 HIGHEST    97           300 AM
 LOWEST     51           200 PM
 AVERAGE    74

..........................................................


THE YOUNGSTOWN OH CLIMATE NORMALS FOR TODAY
                         NORMAL    RECORD    YEAR
 MAXIMUM TEMPERATURE (F)   62        83      1985
 MINIMUM TEMPERATURE (F)   40        20      1975


SUNRISE AND SUNSET
APRIL 22 2017.........SUNRISE   632 AM EDT   SUNSET   811 PM EDT
APRIL 23 2017.........SUNRISE   631 AM EDT   SUNSET   812 PM EDT


-  INDICATES NEGATIVE NUMBERS.
R  INDICATES RECORD WAS SET OR TIED.
MM INDICATES DATA IS MISSING.
T  INDICATES TRACE AMOUNT.




$$
