424
CDUS41 KCLE 270545
CLIYNG


CLIMATE REPORT
NATIONAL WEATHER SERVICE CLEVELAND OH
145 AM EDT MON MAR 27 2017


...................................

...THE YOUNGSTOWN OH CLIMATE SUMMARY FOR MARCH 26 2017...

CLIMATE NORMAL PERIOD 1981 TO 2010
CLIMATE RECORD PERIOD 1897 TO 2017


WEATHER ITEM   OBSERVED TIME   RECORD YEAR NORMAL DEPARTURE LAST
                VALUE   (LST)  VALUE       VALUE  FROM      YEAR
                                                  NORMAL
..................................................................
TEMPERATURE (F)
 YESTERDAY
  MAXIMUM         69    125 PM  79    1945  50     19       57
  MINIMUM         49    102 AM   7    2014  31     18       30
  AVERAGE         59                        40     19       44

PRECIPITATION (IN)
  YESTERDAY        0.20                      0.11   0.09     0.00
  MONTH TO DATE    3.27                      2.41   0.86     2.90
  SINCE MAR 1      3.27                      2.41   0.86     2.90
  SINCE JAN 1     11.15                      7.11   4.04     8.09

SNOWFALL (IN)
  YESTERDAY        0.0                       0.3   -0.3      0.0
  MONTH TO DATE   20.1                       9.7   10.4      4.3
  SINCE MAR 1     20.1                       9.7   10.4      4.3
  SINCE JUL 1     67.5                      58.5    9.0     35.9
  SNOW DEPTH       0

DEGREE DAYS
 HEATING
  YESTERDAY        6                        25    -19       21
  MONTH TO DATE  787                       761     26      538
  SINCE MAR 1    787                       761     26      538
  SINCE JUL 1   4571                      5409   -838     4386

 COOLING
  YESTERDAY        0                         0      0        0
  MONTH TO DATE    0                         0      0        0
  SINCE MAR 1      0                         0      0        0
  SINCE JAN 1      0                         0      0        0
..................................................................


WIND (MPH)
  HIGHEST WIND SPEED    21   HIGHEST WIND DIRECTION    SE (140)
  HIGHEST GUST SPEED    29   HIGHEST GUST DIRECTION    SE (140)
  AVERAGE WIND SPEED    11.2


SKY COVER
  POSSIBLE SUNSHINE  MM
  AVERAGE SKY COVER 1.0


WEATHER CONDITIONS
 THE FOLLOWING WEATHER WAS RECORDED YESTERDAY.
  LIGHT RAIN
  FOG


RELATIVE HUMIDITY (PERCENT)
 HIGHEST    93           700 PM
 LOWEST     52           100 PM
 AVERAGE    73

..........................................................


THE YOUNGSTOWN OH CLIMATE NORMALS FOR TODAY
                         NORMAL    RECORD    YEAR
 MAXIMUM TEMPERATURE (F)   50        79      1989
 MINIMUM TEMPERATURE (F)   31        12      1996
                                             1982


SUNRISE AND SUNSET
MARCH 27 2017.........SUNRISE   714 AM EDT   SUNSET   743 PM EDT
MARCH 28 2017.........SUNRISE   712 AM EDT   SUNSET   744 PM EDT


-  INDICATES NEGATIVE NUMBERS.
R  INDICATES RECORD WAS SET OR TIED.
MM INDICATES DATA IS MISSING.
T  INDICATES TRACE AMOUNT.




$$
