000
CDUS41 KCLE 052215
CLIYNG


CLIMATE REPORT
NATIONAL WEATHER SERVICE CLEVELAND OH
514 PM EST FRI JAN 5 2018


...................................

...THE YOUNGSTOWN OH CLIMATE SUMMARY FOR JANUARY 5 2018...
VALID TODAY AS OF 0500 PM LOCAL TIME.

CLIMATE NORMAL PERIOD 1981 TO 2010
CLIMATE RECORD PERIOD 1897 TO 2018


WEATHER ITEM   OBSERVED TIME   RECORD YEAR NORMAL DEPARTURE LAST
                VALUE   (LST)  VALUE       VALUE  FROM      YEAR
                                                  NORMAL
..................................................................
TEMPERATURE (F)
 TODAY
  MAXIMUM          7   1234 AM  64    1997  33    -26       20
  MINIMUM          0    842 AM  -5    1968  19    -19       10
  AVERAGE          4                        26    -22       15

PRECIPITATION (IN)
  TODAY            0.02                      0.09  -0.07     0.12
  MONTH TO DATE    0.15                      0.45  -0.30     1.14
  SINCE DEC 1      2.26                      3.44  -1.18     4.71
  SINCE JAN 1      0.15                      0.45  -0.30     1.14

SNOWFALL (IN)
  TODAY            1.0                       0.5    0.5      2.4
  MONTH TO DATE    5.1                       2.6    2.5      2.4
  SINCE DEC 1     24.1                      17.6    6.5     25.7
  SINCE JUL 1     25.1                      22.0    3.1     30.1
  SNOW DEPTH       4

DEGREE DAYS
 HEATING
  TODAY           61                        39     22       50
  MONTH TO DATE  282                       195     87      168
  SINCE DEC 1   1433                      1272    161     1247
  SINCE JUL 1   2531                      2601    -70     2219

 COOLING
  TODAY            0                         0      0        0
  MONTH TO DATE    0                         0      0        0
  SINCE DEC 1      0                         0      0        0
  SINCE JAN 1      0                         0      0        0
..................................................................


WIND (MPH)
  HIGHEST WIND SPEED    22   HIGHEST WIND DIRECTION     W (280)
  HIGHEST GUST SPEED    30   HIGHEST GUST DIRECTION     W (280)


SKY COVER
  POSSIBLE SUNSHINE  MM
  AVERAGE SKY COVER 0.9


WEATHER CONDITIONS
 THE FOLLOWING WEATHER WAS RECORDED TODAY.
  LIGHT SNOW
  BLOWING SNOW


RELATIVE HUMIDITY (PERCENT)
 HIGHEST    87           500 AM
 LOWEST     60           200 PM
 AVERAGE    74

..........................................................


THE YOUNGSTOWN OH CLIMATE NORMALS FOR TOMORROW
                         NORMAL    RECORD    YEAR
 MAXIMUM TEMPERATURE (F)   32        63      1946
 MINIMUM TEMPERATURE (F)   19       -11      2014


SUNRISE AND SUNSET
JANUARY  5 2018.......SUNRISE   748 AM EST   SUNSET   508 PM EST
JANUARY  6 2018.......SUNRISE   748 AM EST   SUNSET   509 PM EST


-  INDICATES NEGATIVE NUMBERS.
R  INDICATES RECORD WAS SET OR TIED.
MM INDICATES DATA IS MISSING.
T  INDICATES TRACE AMOUNT.




$$
