000
CDUS41 KCLE 222114
CLIYNG


CLIMATE REPORT
NATIONAL WEATHER SERVICE CLEVELAND OH
512 PM EDT SAT AUG 22 2015


...................................

...THE YOUNGSTOWN OH CLIMATE SUMMARY FOR AUGUST 22 2015...
VALID TODAY AS OF 0500 PM LOCAL TIME.

CLIMATE NORMAL PERIOD 1981 TO 2010
CLIMATE RECORD PERIOD 1897 TO 2015


WEATHER ITEM   OBSERVED TIME   RECORD YEAR NORMAL DEPARTURE LAST
                VALUE   (LST)  VALUE       VALUE  FROM      YEAR
                                                  NORMAL
..................................................................
TEMPERATURE (F)
 TODAY
  MAXIMUM         76    359 PM  96    1936  80     -4       85
  MINIMUM         48    533 AM  39    1988  58    -10       66
  AVERAGE         62                        69     -7       76

PRECIPITATION (IN)
  TODAY            0.00                      0.09  -0.09      T
  MONTH TO DATE    2.49                      2.27   0.22     5.82
  SINCE JUN 1     15.58                     10.46   5.12    14.03
  SINCE JAN 1     30.56                     25.25   5.31    29.12

SNOWFALL (IN)
  TODAY            0.0                       0.0    0.0      0.0
  MONTH TO DATE    0.0                       0.0    0.0      0.0
  SINCE JUN 1      0.0                       0.0    0.0      0.0
  SINCE JUL 1      0.0                       0.0    0.0      0.0
  SNOW DEPTH       0

DEGREE DAYS
 HEATING
  TODAY            3                         1      2        0
  MONTH TO DATE    7                        17    -10       17
  SINCE JUN 1     56                        99    -43       73
  SINCE JUL 1     14                        30    -16       45

 COOLING
  TODAY            0                         5     -5       11
  MONTH TO DATE  126                       118      8       87
  SINCE JUN 1    421                       413      8      370
  SINCE JAN 1    533                       452     81      425
..................................................................


WIND (MPH)
  HIGHEST WIND SPEED    13   HIGHEST WIND DIRECTION     N (20)
  HIGHEST GUST SPEED    16   HIGHEST GUST DIRECTION     N (10)


SKY COVER
  POSSIBLE SUNSHINE  MM
  AVERAGE SKY COVER 0.3


WEATHER CONDITIONS
 THE FOLLOWING WEATHER WAS RECORDED TODAY.
  FOG


RELATIVE HUMIDITY (PERCENT)
 HIGHEST   100           300 AM
 LOWEST     43           100 PM
 AVERAGE    72

..........................................................


THE YOUNGSTOWN OH CLIMATE NORMALS FOR TOMORROW
                         NORMAL    RECORD    YEAR
 MAXIMUM TEMPERATURE (F)   79        95      1898
 MINIMUM TEMPERATURE (F)   58        43      1973


SUNRISE AND SUNSET
AUGUST 22 2015........SUNRISE   639 AM EDT   SUNSET   812 PM EDT
AUGUST 23 2015........SUNRISE   640 AM EDT   SUNSET   810 PM EDT


-  INDICATES NEGATIVE NUMBERS.
R  INDICATES RECORD WAS SET OR TIED.
MM INDICATES DATA IS MISSING.
T  INDICATES TRACE AMOUNT.




$$
