000
CDUS41 KCLE 130529
CLIYNG


CLIMATE REPORT
NATIONAL WEATHER SERVICE CLEVELAND OH
128 AM EDT SAT SEP 13 2014


...................................

...THE YOUNGSTOWN OH CLIMATE SUMMARY FOR SEPTEMBER 12 2014...

CLIMATE NORMAL PERIOD 1981 TO 2010
CLIMATE RECORD PERIOD 1897 TO 2014


WEATHER ITEM   OBSERVED TIME   RECORD YEAR NORMAL DEPARTURE LAST
                VALUE   (LST)  VALUE       VALUE  FROM      YEAR
                                                  NORMAL
..................................................................
TEMPERATURE (F)
 YESTERDAY
  MAXIMUM         62    137 PM  95    1952  74    -12       75
                                      1931
  MINIMUM         52    638 AM  38    1992  53     -1       58
                                      1967
                                      1943
  AVERAGE         57                        63     -6       67

PRECIPITATION (IN)
  YESTERDAY        0.01                      0.13  -0.12     0.96
  MONTH TO DATE    1.41                      1.51  -0.10     0.97
  SINCE SEP 1      1.41                      1.51  -0.10     0.97
  SINCE JAN 1     30.97                     27.73   3.24    28.19

SNOWFALL (IN)
  YESTERDAY        0.0                       0.0    0.0      0.0
  MONTH TO DATE    0.0                       0.0    0.0      0.0
  SINCE SEP 1      0.0                       0.0    0.0      0.0
  SINCE JUL 1      0.0                       0.0    0.0      0.0
  SNOW DEPTH       0

DEGREE DAYS
 HEATING
  YESTERDAY        8                         4      4        0
  MONTH TO DATE   19                        30    -11       19
  SINCE SEP 1     19                        30    -11       19
  SINCE JUL 1     71                        68      3       57

 COOLING
  YESTERDAY        0                         2     -2        2
  MONTH TO DATE   49                        31     18       52
  SINCE SEP 1     49                        31     18       52
  SINCE JAN 1    526                       517      9      604
..................................................................


WIND (MPH)
  HIGHEST WIND SPEED    13   HIGHEST WIND DIRECTION    NE (30)
  HIGHEST GUST SPEED    15   HIGHEST GUST DIRECTION     N (20)
  AVERAGE WIND SPEED     6.2


SKY COVER
  POSSIBLE SUNSHINE  MM
  AVERAGE SKY COVER 0.9


WEATHER CONDITIONS
 THE FOLLOWING WEATHER WAS RECORDED YESTERDAY.
  LIGHT RAIN
  FOG


RELATIVE HUMIDITY (PERCENT)
 HIGHEST    96           400 AM
 LOWEST     64          1200 PM
 AVERAGE    80

..........................................................


THE YOUNGSTOWN OH CLIMATE NORMALS FOR TODAY
                         NORMAL    RECORD    YEAR
 MAXIMUM TEMPERATURE (F)   74        93      1952
                                             1931
 MINIMUM TEMPERATURE (F)   52        35      1964


SUNRISE AND SUNSET
SEPTEMBER 13 2014.....SUNRISE   701 AM EDT   SUNSET   735 PM EDT
SEPTEMBER 14 2014.....SUNRISE   702 AM EDT   SUNSET   734 PM EDT


-  INDICATES NEGATIVE NUMBERS.
R  INDICATES RECORD WAS SET OR TIED.
MM INDICATES DATA IS MISSING.
T  INDICATES TRACE AMOUNT.




$$
