000
CDUS41 KCLE 120531
CLIYNG


CLIMATE REPORT
NATIONAL WEATHER SERVICE CLEVELAND OH
130 AM EDT THU MAY 12 2016


...................................

...THE YOUNGSTOWN OH CLIMATE SUMMARY FOR MAY 11 2016...

CLIMATE NORMAL PERIOD 1981 TO 2010
CLIMATE RECORD PERIOD 1897 TO 2016


WEATHER ITEM   OBSERVED TIME   RECORD YEAR NORMAL DEPARTURE LAST
                VALUE   (LST)  VALUE       VALUE  FROM      YEAR
                                                  NORMAL
..................................................................
TEMPERATURE (F)
 YESTERDAY
  MAXIMUM         74    209 PM  92    1936  68      6       86
  MINIMUM         54    348 AM  28    1966  45      9       63
  AVERAGE         64                        56      8       75

PRECIPITATION (IN)
  YESTERDAY        0.35                      0.12   0.23     0.44
  MONTH TO DATE    1.09                      1.26  -0.17     1.01
  SINCE MAR 1      8.71                      7.56   1.15     6.22
  SINCE JAN 1     13.90                     12.26   1.64    11.45

SNOWFALL (IN)
  YESTERDAY        0.0                       0.0    0.0      0.0
  MONTH TO DATE    0.0                       0.0    0.0      0.0
  SINCE MAR 1     13.1                      13.9   -0.8      9.5
  SINCE JUL 1     44.7                      62.7  -18.0     79.0
  SNOW DEPTH       0

DEGREE DAYS
 HEATING
  YESTERDAY        1                         9     -8        0
  MONTH TO DATE  118                       114      4       26
  SINCE MAR 1   1277                      1493   -216     1457
  SINCE JUL 1   5125                      6141  -1016     6575

 COOLING
  YESTERDAY        0                         1     -1       10
  MONTH TO DATE    0                         4     -4       47
  SINCE MAR 1      0                        13    -13       47
  SINCE JAN 1      0                        13    -13       47
..................................................................


WIND (MPH)
  HIGHEST WIND SPEED    12   HIGHEST WIND DIRECTION    NE (60)
  HIGHEST GUST SPEED    15   HIGHEST GUST DIRECTION    SE (140)
  AVERAGE WIND SPEED     5.6


SKY COVER
  POSSIBLE SUNSHINE  MM
  AVERAGE SKY COVER 0.9


WEATHER CONDITIONS
 THE FOLLOWING WEATHER WAS RECORDED YESTERDAY.
  THUNDERSTORM
  RAIN
  LIGHT RAIN
  FOG
  HAZE


RELATIVE HUMIDITY (PERCENT)
 HIGHEST   100           900 PM
 LOWEST     53           100 PM
 AVERAGE    77

..........................................................


THE YOUNGSTOWN OH CLIMATE NORMALS FOR TODAY
                         NORMAL    RECORD    YEAR
 MAXIMUM TEMPERATURE (F)   68        89      1936
 MINIMUM TEMPERATURE (F)   46        31      1990


SUNRISE AND SUNSET
MAY 12 2016...........SUNRISE   607 AM EDT   SUNSET   832 PM EDT
MAY 13 2016...........SUNRISE   606 AM EDT   SUNSET   833 PM EDT


-  INDICATES NEGATIVE NUMBERS.
R  INDICATES RECORD WAS SET OR TIED.
MM INDICATES DATA IS MISSING.
T  INDICATES TRACE AMOUNT.




$$
