000
CDUS41 KCLE 190532
CLIYNG


CLIMATE REPORT
NATIONAL WEATHER SERVICE CLEVELAND OH
1230 AM EST WED NOV 19 2014


...................................

...THE YOUNGSTOWN OH CLIMATE SUMMARY FOR NOVEMBER 18 2014...

CLIMATE NORMAL PERIOD 1981 TO 2010
CLIMATE RECORD PERIOD 1897 TO 2014


WEATHER ITEM   OBSERVED TIME   RECORD YEAR NORMAL DEPARTURE LAST
                VALUE   (LST)  VALUE       VALUE  FROM      YEAR
                                                  NORMAL
..................................................................
TEMPERATURE (F)
 YESTERDAY
  MAXIMUM         18    407 PM  72    1958  48    -30       52
  MINIMUM         11   1159 PM   8    1959  33    -22       35
  AVERAGE         15                        41    -26       44

PRECIPITATION (IN)
  YESTERDAY        0.01                      0.12  -0.11      T
  MONTH TO DATE    1.59                      1.88  -0.29     2.04
  SINCE SEP 1      6.58                      8.40  -1.82     7.35
  SINCE JAN 1     36.14                     34.62   1.52    34.57

SNOWFALL (IN)
  YESTERDAY        0.3                       0.1    0.2       T
  MONTH TO DATE    7.1                       1.3    5.8      4.6
  SINCE SEP 1      7.1                       2.1    5.0      5.8
  SINCE JUL 1      7.1                       2.1    5.0      5.8
  SNOW DEPTH       4

DEGREE DAYS
 HEATING
  YESTERDAY       50                        24     26       21
  MONTH TO DATE  469                       384     85      392
  SINCE SEP 1    998                       967     31      912
  SINCE JUL 1   1050                      1005     45      950

 COOLING
  YESTERDAY        0                         0      0        0
  MONTH TO DATE    0                         0      0        0
  SINCE SEP 1     56                        58     -2       78
  SINCE JAN 1    533                       544    -11      630
..................................................................


WIND (MPH)
  HIGHEST WIND SPEED    29   HIGHEST WIND DIRECTION     W (250)
  HIGHEST GUST SPEED    37   HIGHEST GUST DIRECTION    SW (240)
  AVERAGE WIND SPEED    19.6


SKY COVER
  POSSIBLE SUNSHINE  MM
  AVERAGE SKY COVER 0.8


WEATHER CONDITIONS
 THE FOLLOWING WEATHER WAS RECORDED YESTERDAY.
  LIGHT SNOW


RELATIVE HUMIDITY (PERCENT)
 HIGHEST    76           300 AM
 LOWEST     54           400 PM
 AVERAGE    65

..........................................................


THE YOUNGSTOWN OH CLIMATE NORMALS FOR TODAY
                         NORMAL    RECORD    YEAR
 MAXIMUM TEMPERATURE (F)   47        73      1985
 MINIMUM TEMPERATURE (F)   33        17      1989


SUNRISE AND SUNSET
NOVEMBER 19 2014......SUNRISE   715 AM EST   SUNSET   500 PM EST
NOVEMBER 20 2014......SUNRISE   717 AM EST   SUNSET   500 PM EST


-  INDICATES NEGATIVE NUMBERS.
R  INDICATES RECORD WAS SET OR TIED.
MM INDICATES DATA IS MISSING.
T  INDICATES TRACE AMOUNT.




$$
