000
CDUS41 KCLE 040545
CLIYNG


CLIMATE REPORT
NATIONAL WEATHER SERVICE CLEVELAND OH
145 AM EDT MON SEP 4 2017


...................................

...THE YOUNGSTOWN OH CLIMATE SUMMARY FOR SEPTEMBER 3 2017...

CLIMATE NORMAL PERIOD 1981 TO 2010
CLIMATE RECORD PERIOD 1897 TO 2017


WEATHER ITEM   OBSERVED TIME   RECORD YEAR NORMAL DEPARTURE LAST
                VALUE   (LST)  VALUE       VALUE  FROM      YEAR
                                                  NORMAL
..................................................................
TEMPERATURE (F)
 YESTERDAY
  MAXIMUM         72    447 PM  95    1953  77     -5       78
  MINIMUM         54    938 PM  40    1987  55     -1       53
  AVERAGE         63                        66     -3       66

PRECIPITATION (IN)
  YESTERDAY        0.05                      0.13  -0.08     0.00
  MONTH TO DATE    0.14                      0.37  -0.23     0.00
  SINCE SEP 1      0.14                      0.37  -0.23     0.00
  SINCE JAN 1     32.86                     26.59   6.27    28.50

SNOWFALL (IN)
  YESTERDAY        0.0                       0.0    0.0      0.0
  MONTH TO DATE    0.0                       0.0    0.0      0.0
  SINCE SEP 1      0.0                       0.0    0.0      0.0
  SINCE JUL 1      0.0                       0.0    0.0      0.0
  SNOW DEPTH       0

DEGREE DAYS
 HEATING
  YESTERDAY        2                         2      0        0
  MONTH TO DATE   16                         6     10        0
  SINCE SEP 1     16                         6     10        0
  SINCE JUL 1     32                        44    -12        6

 COOLING
  YESTERDAY        0                         3     -3        1
  MONTH TO DATE    0                         9     -9        1
  SINCE SEP 1      0                         9     -9        1
  SINCE JAN 1    533                       495     38      744
..................................................................


WIND (MPH)
  HIGHEST WIND SPEED    17   HIGHEST WIND DIRECTION     W (270)
  HIGHEST GUST SPEED    24   HIGHEST GUST DIRECTION     W (250)
  AVERAGE WIND SPEED     8.3


SKY COVER
  POSSIBLE SUNSHINE  MM
  AVERAGE SKY COVER 0.7


WEATHER CONDITIONS
 THE FOLLOWING WEATHER WAS RECORDED YESTERDAY.
  LIGHT RAIN
  FOG


RELATIVE HUMIDITY (PERCENT)
 HIGHEST   100           100 AM
 LOWEST     61           300 PM
 AVERAGE    81

..........................................................


THE YOUNGSTOWN OH CLIMATE NORMALS FOR TODAY
                         NORMAL    RECORD    YEAR
 MAXIMUM TEMPERATURE (F)   77        94      1953
 MINIMUM TEMPERATURE (F)   55        39      1997


SUNRISE AND SUNSET
SEPTEMBER  4 2017.....SUNRISE   652 AM EDT   SUNSET   750 PM EDT
SEPTEMBER  5 2017.....SUNRISE   653 AM EDT   SUNSET   748 PM EDT


-  INDICATES NEGATIVE NUMBERS.
R  INDICATES RECORD WAS SET OR TIED.
MM INDICATES DATA IS MISSING.
T  INDICATES TRACE AMOUNT.




$$
