000
CDUS41 KCLE 130526
CLIYNG


CLIMATE REPORT
NATIONAL WEATHER SERVICE CLEVELAND OH
1226 AM EST SAT DEC 13 2014


...................................

...THE YOUNGSTOWN OH CLIMATE SUMMARY FOR DECEMBER 12 2014...

CLIMATE NORMAL PERIOD 1981 TO 2010
CLIMATE RECORD PERIOD 1897 TO 2014


WEATHER ITEM   OBSERVED TIME   RECORD YEAR NORMAL DEPARTURE LAST
                VALUE   (LST)  VALUE       VALUE  FROM      YEAR
                                                  NORMAL
..................................................................
TEMPERATURE (F)
 YESTERDAY
  MAXIMUM         33   1254 PM  60    1949  37     -4       18
  MINIMUM         29   1159 PM  -5    1962  25      4        5
  AVERAGE         31                        31      0       12

PRECIPITATION (IN)
  YESTERDAY        0.00                      0.10  -0.10     0.05
  MONTH TO DATE    1.20                      1.22  -0.02     0.67
  SINCE DEC 1      1.20                      1.22  -0.02     0.67
  SINCE JAN 1     38.15                     37.14   1.01    36.28

SNOWFALL (IN)
  YESTERDAY        0.0                       0.5   -0.5      1.2
  MONTH TO DATE    0.2                       5.3   -5.1      7.0
  SINCE DEC 1      0.2                       5.3   -5.1      7.0
  SINCE JUL 1     11.8                       9.7    2.1     21.1
  SNOW DEPTH       0

DEGREE DAYS
 HEATING
  YESTERDAY       34                        34      0       53
  MONTH TO DATE  369                       381    -12      415
  SINCE DEC 1    369                       381    -12      415
  SINCE JUL 1   1779                      1710     69     1797

 COOLING
  YESTERDAY        0                         0      0        0
  MONTH TO DATE    0                         0      0        0
  SINCE DEC 1      0                         0      0        0
  SINCE JAN 1    533                       544    -11      630
..................................................................


WIND (MPH)
  HIGHEST WIND SPEED    18   HIGHEST WIND DIRECTION     W (270)
  HIGHEST GUST SPEED    24   HIGHEST GUST DIRECTION     W (260)
  AVERAGE WIND SPEED     9.4


SKY COVER
  POSSIBLE SUNSHINE  MM
  AVERAGE SKY COVER 1.0


WEATHER CONDITIONS
 THE FOLLOWING WEATHER WAS RECORDED YESTERDAY.
  FOG
  HAZE


RELATIVE HUMIDITY (PERCENT)
 HIGHEST    92           700 PM
 LOWEST     72           300 AM
 AVERAGE    82

..........................................................


THE YOUNGSTOWN OH CLIMATE NORMALS FOR TODAY
                         NORMAL    RECORD    YEAR
 MAXIMUM TEMPERATURE (F)   37        60      1991
                                             1931
 MINIMUM TEMPERATURE (F)   25        -5      1962


SUNRISE AND SUNSET
DECEMBER 13 2014......SUNRISE   740 AM EST   SUNSET   454 PM EST
DECEMBER 14 2014......SUNRISE   741 AM EST   SUNSET   454 PM EST


-  INDICATES NEGATIVE NUMBERS.
R  INDICATES RECORD WAS SET OR TIED.
MM INDICATES DATA IS MISSING.
T  INDICATES TRACE AMOUNT.




$$
