000
CDUS41 KCLE 200545
CLIYNG


CLIMATE REPORT
NATIONAL WEATHER SERVICE CLEVELAND OH
145 AM EDT MON JUL 20 2015


...................................

...THE YOUNGSTOWN OH CLIMATE SUMMARY FOR JULY 19 2015...

CLIMATE NORMAL PERIOD 1981 TO 2010
CLIMATE RECORD PERIOD 1897 TO 2015


WEATHER ITEM   OBSERVED TIME   RECORD YEAR NORMAL DEPARTURE LAST
                VALUE   (LST)  VALUE       VALUE  FROM      YEAR
                                                  NORMAL
..................................................................
TEMPERATURE (F)
 YESTERDAY
  MAXIMUM         88    119 PM  98    1942  82      6       68
  MINIMUM         70    447 AM  48    2003  60     10       62
  AVERAGE         79                        71      8       65

PRECIPITATION (IN)
  YESTERDAY        0.12                      0.14  -0.02     0.60
  MONTH TO DATE    3.75                      2.68   1.07     2.22
  SINCE JUN 1     12.77                      6.56   6.21     7.02
  SINCE JAN 1     27.75                     21.35   6.40    22.11

SNOWFALL (IN)
  YESTERDAY        0.0                       0.0    0.0      0.0
  MONTH TO DATE    0.0                       0.0    0.0      0.0
  SINCE JUN 1      0.0                       0.0    0.0      0.0
  SINCE JUL 1      0.0                       0.0    0.0      0.0
  SNOW DEPTH       0

DEGREE DAYS
 HEATING
  YESTERDAY        0                         0      0        0
  MONTH TO DATE    7                         8     -1       16
  SINCE JUN 1     49                        77    -28       44
  SINCE JUL 1      7                         8     -1       16

 COOLING
  YESTERDAY       14                         6      8        0
  MONTH TO DATE   91                       114    -23       85
  SINCE JUN 1    201                       224    -23      238
  SINCE JAN 1    313                       263     50      293
..................................................................


WIND (MPH)
  HIGHEST WIND SPEED    25   HIGHEST WIND DIRECTION    SW (230)
  HIGHEST GUST SPEED    32   HIGHEST GUST DIRECTION    SW (230)
  AVERAGE WIND SPEED     8.4


SKY COVER
  POSSIBLE SUNSHINE  MM
  AVERAGE SKY COVER 0.9


WEATHER CONDITIONS
 THE FOLLOWING WEATHER WAS RECORDED YESTERDAY.
  THUNDERSTORM
  LIGHT RAIN
  FOG


RELATIVE HUMIDITY (PERCENT)
 HIGHEST    94           100 AM
 LOWEST     61           400 PM
 AVERAGE    78

..........................................................


THE YOUNGSTOWN OH CLIMATE NORMALS FOR TODAY
                         NORMAL    RECORD    YEAR
 MAXIMUM TEMPERATURE (F)   82        95      1991
                                             1934
 MINIMUM TEMPERATURE (F)   60        46      1997
                                             1965


SUNRISE AND SUNSET
JULY 20 2015..........SUNRISE   607 AM EDT   SUNSET   851 PM EDT
JULY 21 2015..........SUNRISE   607 AM EDT   SUNSET   850 PM EDT


-  INDICATES NEGATIVE NUMBERS.
R  INDICATES RECORD WAS SET OR TIED.
MM INDICATES DATA IS MISSING.
T  INDICATES TRACE AMOUNT.




$$
