000
CDUS41 KCLE 280533
CLIYNG


CLIMATE REPORT
NATIONAL WEATHER SERVICE CLEVELAND OH
132 AM EDT SUN JUN 28 2015


...................................

...THE YOUNGSTOWN OH CLIMATE SUMMARY FOR JUNE 27 2015...

CLIMATE NORMAL PERIOD 1981 TO 2010
CLIMATE RECORD PERIOD 1897 TO 2015


WEATHER ITEM   OBSERVED TIME   RECORD YEAR NORMAL DEPARTURE LAST
                VALUE   (LST)  VALUE       VALUE  FROM      YEAR
                                                  NORMAL
..................................................................
TEMPERATURE (F)
 YESTERDAY
  MAXIMUM         70    608 PM  96    1944  80    -10       84
  MINIMUM         60   1159 PM  42    1897  58      2       57
  AVERAGE         65                        69     -4       71

PRECIPITATION (IN)
  YESTERDAY        1.97                      0.13   1.84     0.00
  MONTH TO DATE    8.07                      3.49   4.58     4.37
  SINCE JUN 1      8.07                      3.49   4.58     4.37
  SINCE JAN 1     23.05                     18.28   4.77    19.46

SNOWFALL (IN)
  YESTERDAY        0.0                       0.0    0.0      0.0
  MONTH TO DATE    0.0                       0.0    0.0      0.0
  SINCE JUN 1      0.0                       0.0    0.0      0.0
  SINCE JUL 1     79.0                      62.7   16.3     90.1
  SNOW DEPTH       0

DEGREE DAYS
 HEATING
  YESTERDAY        0                         1     -1        0
  MONTH TO DATE   34                        66    -32       28
  SINCE JUN 1     34                        66    -32       28
  SINCE JUL 1   6720                      6346    374     6855

 COOLING
  YESTERDAY        0                         5     -5        6
  MONTH TO DATE  106                        93     13      119
  SINCE JUN 1    106                        93     13      119
  SINCE JAN 1    218                       132     86      174
..................................................................


WIND (MPH)
  HIGHEST WIND SPEED    21   HIGHEST WIND DIRECTION    SE (120)
  HIGHEST GUST SPEED    27   HIGHEST GUST DIRECTION    SE (120)
  AVERAGE WIND SPEED    10.4


SKY COVER
  POSSIBLE SUNSHINE  MM
  AVERAGE SKY COVER 0.9


WEATHER CONDITIONS
 THE FOLLOWING WEATHER WAS RECORDED YESTERDAY.
  HEAVY RAIN
  RAIN
  LIGHT RAIN
  FOG


RELATIVE HUMIDITY (PERCENT)
 HIGHEST   100           600 AM
 LOWEST     73           900 PM
 AVERAGE    87

..........................................................


THE YOUNGSTOWN OH CLIMATE NORMALS FOR TODAY
                         NORMAL    RECORD    YEAR
 MAXIMUM TEMPERATURE (F)   81        97      1934
                                             1933
 MINIMUM TEMPERATURE (F)   58        44      1988
                                             1897


SUNRISE AND SUNSET
JUNE 28 2015..........SUNRISE   552 AM EDT   SUNSET   900 PM EDT
JUNE 29 2015..........SUNRISE   552 AM EDT   SUNSET   900 PM EDT


-  INDICATES NEGATIVE NUMBERS.
R  INDICATES RECORD WAS SET OR TIED.
MM INDICATES DATA IS MISSING.
T  INDICATES TRACE AMOUNT.




$$
