397
CDUS41 KCLE 270529
CLIYNG


CLIMATE REPORT
NATIONAL WEATHER SERVICE CLEVELAND OH
1226 AM EST SUN NOV 27 2016


...................................

...THE YOUNGSTOWN OH CLIMATE SUMMARY FOR NOVEMBER 26 2016...

CLIMATE NORMAL PERIOD 1981 TO 2010
CLIMATE RECORD PERIOD 1897 TO 2016


WEATHER ITEM   OBSERVED TIME   RECORD YEAR NORMAL DEPARTURE LAST
                VALUE   (LST)  VALUE       VALUE  FROM      YEAR
                                                  NORMAL
..................................................................
TEMPERATURE (F)
 YESTERDAY
  MAXIMUM         42    234 PM  65    2006  44     -2       63
  MINIMUM         35   1210 AM   6    1950  31      4       44
  AVERAGE         39                        37      2       54

PRECIPITATION (IN)
  YESTERDAY        0.08                      0.11  -0.03     0.00
  MONTH TO DATE    1.43                      2.75  -1.32     1.38
  SINCE SEP 1     11.74                      9.27   2.47     8.81
  SINCE JAN 1     40.24                     35.49   4.75    39.71

SNOWFALL (IN)
  YESTERDAY        T                         0.2   -0.2      0.0
  MONTH TO DATE    4.4                       2.7    1.7       T
  SINCE SEP 1      4.4                       3.5    0.9      0.4
  SINCE JUL 1      4.4                       3.5    0.9      0.4
  SNOW DEPTH       0

DEGREE DAYS
 HEATING
  YESTERDAY       26                        28     -2       11
  MONTH TO DATE  522                       594    -72      433
  SINCE SEP 1    887                      1177   -290      876
  SINCE JUL 1    893                      1215   -322      905

 COOLING
  YESTERDAY        0                         0      0        0
  MONTH TO DATE    3                         0      3        2
  SINCE SEP 1    136                        58     78      121
  SINCE JAN 1    879                       544    335      681
..................................................................


WIND (MPH)
  HIGHEST WIND SPEED    18   HIGHEST WIND DIRECTION     W (280)
  HIGHEST GUST SPEED    25   HIGHEST GUST DIRECTION     W (270)
  AVERAGE WIND SPEED     9.8


SKY COVER
  POSSIBLE SUNSHINE  MM
  AVERAGE SKY COVER 0.9


WEATHER CONDITIONS
 THE FOLLOWING WEATHER WAS RECORDED YESTERDAY.
  LIGHT RAIN
  LIGHT SNOW
  FOG


RELATIVE HUMIDITY (PERCENT)
 HIGHEST    92           100 AM
 LOWEST     70           400 PM
 AVERAGE    81

..........................................................


THE YOUNGSTOWN OH CLIMATE NORMALS FOR TODAY
                         NORMAL    RECORD    YEAR
 MAXIMUM TEMPERATURE (F)   44        72      1990
 MINIMUM TEMPERATURE (F)   30         8      1950


SUNRISE AND SUNSET
NOVEMBER 27 2016......SUNRISE   725 AM EST   SUNSET   456 PM EST
NOVEMBER 28 2016......SUNRISE   726 AM EST   SUNSET   455 PM EST


-  INDICATES NEGATIVE NUMBERS.
R  INDICATES RECORD WAS SET OR TIED.
MM INDICATES DATA IS MISSING.
T  INDICATES TRACE AMOUNT.




$$
