676
CDUS41 KCLE 190528
CLIYNG


CLIMATE REPORT
NATIONAL WEATHER SERVICE CLEVELAND OH
128 AM EDT MON SEP 19 2016


...................................

...THE YOUNGSTOWN OH CLIMATE SUMMARY FOR SEPTEMBER 18 2016...

CLIMATE NORMAL PERIOD 1981 TO 2010
CLIMATE RECORD PERIOD 1897 TO 2016


WEATHER ITEM   OBSERVED TIME   RECORD YEAR NORMAL DEPARTURE LAST
                VALUE   (LST)  VALUE       VALUE  FROM      YEAR
                                                  NORMAL
..................................................................
TEMPERATURE (F)
 YESTERDAY
  MAXIMUM         79    311 PM  90    1955  72      7       81
  MINIMUM         65   1156 PM  34    1990  51     14       52
  AVERAGE         72                        61     11       67

PRECIPITATION (IN)
  YESTERDAY        0.01                      0.12  -0.11     0.00
  MONTH TO DATE    2.39                      2.28   0.11     1.87
  SINCE SEP 1      2.39                      2.28   0.11     1.87
  SINCE JAN 1     30.89                     28.50   2.39    32.77

SNOWFALL (IN)
  YESTERDAY        0.0                       0.0    0.0      0.0
  MONTH TO DATE    0.0                       0.0    0.0      0.0
  SINCE SEP 1      0.0                       0.0    0.0      0.0
  SINCE JUL 1      0.0                       0.0    0.0      0.0
  SNOW DEPTH       0

DEGREE DAYS
 HEATING
  YESTERDAY        0                         5     -5        0
  MONTH TO DATE   10                        57    -47       21
  SINCE SEP 1     10                        57    -47       21
  SINCE JUL 1     16                        95    -79       50

 COOLING
  YESTERDAY        7                         1      6        2
  MONTH TO DATE   83                        40     43      116
  SINCE SEP 1     83                        40     43      116
  SINCE JAN 1    826                       526    300      676
..................................................................


WIND (MPH)
  HIGHEST WIND SPEED    13   HIGHEST WIND DIRECTION    NW (330)
  HIGHEST GUST SPEED    16   HIGHEST GUST DIRECTION    SE (150)
  AVERAGE WIND SPEED     4.2


SKY COVER
  POSSIBLE SUNSHINE  MM
  AVERAGE SKY COVER 0.9


WEATHER CONDITIONS
 THE FOLLOWING WEATHER WAS RECORDED YESTERDAY.
  LIGHT RAIN
  FOG


RELATIVE HUMIDITY (PERCENT)
 HIGHEST   100           300 AM
 LOWEST     67           400 PM
 AVERAGE    84

..........................................................


THE YOUNGSTOWN OH CLIMATE NORMALS FOR TODAY
                         NORMAL    RECORD    YEAR
 MAXIMUM TEMPERATURE (F)   71        90      1935
                                             1932
 MINIMUM TEMPERATURE (F)   50        35      1959


SUNRISE AND SUNSET
SEPTEMBER 19 2016.....SUNRISE   708 AM EDT   SUNSET   724 PM EDT
SEPTEMBER 20 2016.....SUNRISE   709 AM EDT   SUNSET   722 PM EDT


-  INDICATES NEGATIVE NUMBERS.
R  INDICATES RECORD WAS SET OR TIED.
MM INDICATES DATA IS MISSING.
T  INDICATES TRACE AMOUNT.




$$
