000
CDUS41 KCLE 140543
CLIYNG


CLIMATE REPORT
NATIONAL WEATHER SERVICE CLEVELAND OH
142 AM EDT TUE OCT 14 2014


...................................

...THE YOUNGSTOWN OH CLIMATE SUMMARY FOR OCTOBER 13 2014...

CLIMATE NORMAL PERIOD 1981 TO 2010
CLIMATE RECORD PERIOD 1897 TO 2014


WEATHER ITEM   OBSERVED TIME   RECORD YEAR NORMAL DEPARTURE LAST
                VALUE   (LST)  VALUE       VALUE  FROM      YEAR
                                                  NORMAL
..................................................................
TEMPERATURE (F)
 YESTERDAY
  MAXIMUM         73    344 PM  83    1969  62     11       68
                                      1938
  MINIMUM         55    549 AM  29    2012  42     13       59
                                      1963
                                      1957
  AVERAGE         64                        52     12       64

PRECIPITATION (IN)
  YESTERDAY        0.05                      0.09  -0.04     0.48
  MONTH TO DATE    1.26                      1.24   0.02     1.25
  SINCE SEP 1      3.16                      4.99  -1.83     3.46
  SINCE JAN 1     32.72                     31.21   1.51    30.68

SNOWFALL (IN)
  YESTERDAY        0.0                       0.0    0.0      0.0
  MONTH TO DATE    T                         0.1   -0.1      0.0
  SINCE SEP 1      T                         0.1   -0.1      0.0
  SINCE JUL 1      T                         0.1   -0.1      0.0
  SNOW DEPTH       0

DEGREE DAYS
 HEATING
  YESTERDAY        1                        13    -12        1
  MONTH TO DATE  158                       151      7       55
  SINCE SEP 1    299                       296      3      206
  SINCE JUL 1    351                       334     17      244

 COOLING
  YESTERDAY        0                         0      0        0
  MONTH TO DATE    0                         3     -3       21
  SINCE SEP 1     53                        55     -2       78
  SINCE JAN 1    530                       541    -11      630
..................................................................


WIND (MPH)
  HIGHEST WIND SPEED    16   HIGHEST WIND DIRECTION    SE (140)
  HIGHEST GUST SPEED    22   HIGHEST GUST DIRECTION     S (170)
  AVERAGE WIND SPEED     9.8


SKY COVER
  POSSIBLE SUNSHINE  MM
  AVERAGE SKY COVER 0.9


WEATHER CONDITIONS
 THE FOLLOWING WEATHER WAS RECORDED YESTERDAY.
  FOG


RELATIVE HUMIDITY (PERCENT)
 HIGHEST    93           900 PM
 LOWEST     68           300 PM
 AVERAGE    81

..........................................................


THE YOUNGSTOWN OH CLIMATE NORMALS FOR TODAY
                         NORMAL    RECORD    YEAR
 MAXIMUM TEMPERATURE (F)   61        84      1897
 MINIMUM TEMPERATURE (F)   42        26      1993


SUNRISE AND SUNSET
OCTOBER 14 2014.......SUNRISE   733 AM EDT   SUNSET   643 PM EDT
OCTOBER 15 2014.......SUNRISE   734 AM EDT   SUNSET   642 PM EDT


-  INDICATES NEGATIVE NUMBERS.
R  INDICATES RECORD WAS SET OR TIED.
MM INDICATES DATA IS MISSING.
T  INDICATES TRACE AMOUNT.




$$
