000
CDUS41 KCLE 170527
CLIYNG


CLIMATE REPORT
NATIONAL WEATHER SERVICE CLEVELAND OH
127 AM EDT MON APR 17 2017


...................................

...THE YOUNGSTOWN OH CLIMATE SUMMARY FOR APRIL 16 2017...

CLIMATE NORMAL PERIOD 1981 TO 2010
CLIMATE RECORD PERIOD 1897 TO 2017


WEATHER ITEM   OBSERVED TIME   RECORD YEAR NORMAL DEPARTURE LAST
                VALUE   (LST)  VALUE       VALUE  FROM      YEAR
                                                  NORMAL
..................................................................
TEMPERATURE (F)
 YESTERDAY
  MAXIMUM         77    358 PM  85    2002  59     18       74
  MINIMUM         61   1159 PM  18    2014  38     23       40
  AVERAGE         69                        49     20       57

PRECIPITATION (IN)
  YESTERDAY        0.12                      0.12   0.00     0.00
  MONTH TO DATE    1.47                      1.85  -0.38     2.59
  SINCE MAR 1      6.51                      4.79   1.72     6.40
  SINCE JAN 1     14.39                      9.49   4.90    11.59

SNOWFALL (IN)
  YESTERDAY        0.0                       0.1   -0.1      0.0
  MONTH TO DATE    2.0                       2.5   -0.5      8.8
  SINCE MAR 1     22.1                      13.4    8.7     13.1
  SINCE JUL 1     69.5                      62.2    7.3     44.7
  SNOW DEPTH       0

DEGREE DAYS
 HEATING
  YESTERDAY        0                        16    -16        8
  MONTH TO DATE  212                       307    -95      390
  SINCE MAR 1   1082                      1183   -101     1004
  SINCE JUL 1   4866                      5831   -965     4852

 COOLING
  YESTERDAY        4                         0      4        0
  MONTH TO DATE    8                         0      8        0
  SINCE MAR 1      8                         1      7        0
  SINCE JAN 1      8                         1      7        0
..................................................................


WIND (MPH)
  HIGHEST WIND SPEED    31   HIGHEST WIND DIRECTION    SW (230)
  HIGHEST GUST SPEED    42   HIGHEST GUST DIRECTION    SW (220)
  AVERAGE WIND SPEED    13.5


SKY COVER
  POSSIBLE SUNSHINE  MM
  AVERAGE SKY COVER 0.7


WEATHER CONDITIONS
 THE FOLLOWING WEATHER WAS RECORDED YESTERDAY.
  THUNDERSTORM
  RAIN
  LIGHT RAIN
  FOG


RELATIVE HUMIDITY (PERCENT)
 HIGHEST    76           300 PM
 LOWEST     46           500 PM
 AVERAGE    61

..........................................................


THE YOUNGSTOWN OH CLIMATE NORMALS FOR TODAY
                         NORMAL    RECORD    YEAR
 MAXIMUM TEMPERATURE (F)   60        84      2002
                                             1976
 MINIMUM TEMPERATURE (F)   39        18      1980


SUNRISE AND SUNSET
APRIL 17 2017.........SUNRISE   640 AM EDT   SUNSET   805 PM EDT
APRIL 18 2017.........SUNRISE   638 AM EDT   SUNSET   806 PM EDT


-  INDICATES NEGATIVE NUMBERS.
R  INDICATES RECORD WAS SET OR TIED.
MM INDICATES DATA IS MISSING.
T  INDICATES TRACE AMOUNT.




$$
