000
CDUS41 KCLE 100530
CLIYNG


CLIMATE REPORT
NATIONAL WEATHER SERVICE CLEVELAND OH
128 AM EDT WED AUG 10 2016


...................................

...THE YOUNGSTOWN OH CLIMATE SUMMARY FOR AUGUST 9 2016...

CLIMATE NORMAL PERIOD 1981 TO 2010
CLIMATE RECORD PERIOD 1897 TO 2016


WEATHER ITEM   OBSERVED TIME   RECORD YEAR NORMAL DEPARTURE LAST
                VALUE   (LST)  VALUE       VALUE  FROM      YEAR
                                                  NORMAL
..................................................................
TEMPERATURE (F)
 YESTERDAY
  MAXIMUM         86    249 PM  95    1930  81      5       86
  MINIMUM         61    523 AM  41    1989  59      2       61
  AVERAGE         74                        70      4       74

PRECIPITATION (IN)
  YESTERDAY        0.01                      0.11  -0.10     0.00
  MONTH TO DATE    0.13                      1.00  -0.87     0.00
  SINCE JUN 1      8.30                      9.19  -0.89    13.09
  SINCE JAN 1     23.40                     23.98  -0.58    28.07

SNOWFALL (IN)
  YESTERDAY        0.0                       0.0    0.0      0.0
  MONTH TO DATE    0.0                       0.0    0.0      0.0
  SINCE JUN 1      0.0                       0.0    0.0      0.0
  SINCE JUL 1      0.0                       0.0    0.0      0.0
  SNOW DEPTH       0

DEGREE DAYS
 HEATING
  YESTERDAY        0                         1     -1        0
  MONTH TO DATE    0                         4     -4        2
  SINCE JUN 1     40                        86    -46       51
  SINCE JUL 1      6                        17    -11        9

 COOLING
  YESTERDAY        9                         5      4        9
  MONTH TO DATE   78                        53     25       48
  SINCE JUN 1    479                       348    131      343
  SINCE JAN 1    534                       387    147      455
..................................................................


WIND (MPH)
  HIGHEST WIND SPEED    15   HIGHEST WIND DIRECTION     S (190)
  HIGHEST GUST SPEED    22   HIGHEST GUST DIRECTION     S (180)
  AVERAGE WIND SPEED     7.4


SKY COVER
  POSSIBLE SUNSHINE  MM
  AVERAGE SKY COVER 0.7


WEATHER CONDITIONS
 THE FOLLOWING WEATHER WAS RECORDED YESTERDAY.
  THUNDERSTORM
  LIGHT RAIN


RELATIVE HUMIDITY (PERCENT)
 HIGHEST    93           600 AM
 LOWEST     55           100 PM
 AVERAGE    74

..........................................................


THE YOUNGSTOWN OH CLIMATE NORMALS FOR TODAY
                         NORMAL    RECORD    YEAR
 MAXIMUM TEMPERATURE (F)   81        96      1930
 MINIMUM TEMPERATURE (F)   59        45      1972


SUNRISE AND SUNSET
AUGUST 10 2016........SUNRISE   627 AM EDT   SUNSET   828 PM EDT
AUGUST 11 2016........SUNRISE   628 AM EDT   SUNSET   826 PM EDT


-  INDICATES NEGATIVE NUMBERS.
R  INDICATES RECORD WAS SET OR TIED.
MM INDICATES DATA IS MISSING.
T  INDICATES TRACE AMOUNT.




$$
