000
CDUS41 KCLE 022116
CLIYNG


CLIMATE REPORT
NATIONAL WEATHER SERVICE CLEVELAND OH
515 PM EDT WED JUL 2 2014


...................................

...THE YOUNGSTOWN OH CLIMATE SUMMARY FOR JULY 2 2014...
VALID TODAY AS OF 0500 PM LOCAL TIME.

CLIMATE NORMAL PERIOD 1981 TO 2010
CLIMATE RECORD PERIOD 1897 TO 2014


WEATHER ITEM   OBSERVED TIME   RECORD YEAR NORMAL DEPARTURE LAST
                VALUE   (LST)  VALUE       VALUE  FROM      YEAR
                                                  NORMAL
..................................................................
TEMPERATURE (F)
 TODAY
  MAXIMUM         85    255 PM  98    1931  81      4       82
  MINIMUM         69    532 AM  40    2001  59     10       63
  AVERAGE         77                        70      7       73

PRECIPITATION (IN)
  TODAY            0.22                      0.13   0.09      T
  MONTH TO DATE    0.24                      0.27  -0.03     0.06
  SINCE JUN 1      5.04                      4.15   0.89     5.43
  SINCE JAN 1     20.13                     18.94   1.19    17.20

SNOWFALL (IN)
  TODAY            0.0                       0.0    0.0      0.0
  MONTH TO DATE    0.0                       0.0    0.0      0.0
  SINCE JUN 1      0.0                       0.0    0.0       T
  SINCE JUL 1      0.0                       0.0    0.0      0.0
  SNOW DEPTH       0

DEGREE DAYS
 HEATING
  TODAY            0                         1     -1        0
  MONTH TO DATE    0                         2     -2        0
  SINCE JUN 1     28                        71    -43       56
  SINCE JUL 1      0                         2     -2        0

 COOLING
  TODAY           12                         6      6        8
  MONTH TO DATE   28                        12     16       12
  SINCE JUN 1    181                       122     59      130
  SINCE JAN 1    236                       161     75      218
..................................................................


WIND (MPH)
  HIGHEST WIND SPEED    18   HIGHEST WIND DIRECTION    SW (230)
  HIGHEST GUST SPEED    24   HIGHEST GUST DIRECTION    SW (240)


SKY COVER
  POSSIBLE SUNSHINE  MM
  AVERAGE SKY COVER 0.8


WEATHER CONDITIONS
 THE FOLLOWING WEATHER WAS RECORDED TODAY.
  THUNDERSTORM
  RAIN
  LIGHT RAIN
  FOG


RELATIVE HUMIDITY (PERCENT)
 HIGHEST    97           600 AM
 LOWEST     44           300 PM
 AVERAGE    71

..........................................................


THE YOUNGSTOWN OH CLIMATE NORMALS FOR TOMORROW
                         NORMAL    RECORD    YEAR
 MAXIMUM TEMPERATURE (F)   81        98      1898
 MINIMUM TEMPERATURE (F)   59        43      1995


SUNRISE AND SUNSET
JULY  2 2014..........SUNRISE   554 AM EDT   SUNSET   859 PM EDT
JULY  3 2014..........SUNRISE   554 AM EDT   SUNSET   859 PM EDT


-  INDICATES NEGATIVE NUMBERS.
R  INDICATES RECORD WAS SET OR TIED.
MM INDICATES DATA IS MISSING.
T  INDICATES TRACE AMOUNT.




$$
