054
CDUS41 KCLE 210531
CLIYNG


CLIMATE REPORT
NATIONAL WEATHER SERVICE CLEVELAND OH
130 AM EDT SUN AUG 21 2016


...................................

...THE YOUNGSTOWN OH CLIMATE SUMMARY FOR AUGUST 20 2016...

CLIMATE NORMAL PERIOD 1981 TO 2010
CLIMATE RECORD PERIOD 1897 TO 2016


WEATHER ITEM   OBSERVED TIME   RECORD YEAR NORMAL DEPARTURE LAST
                VALUE   (LST)  VALUE       VALUE  FROM      YEAR
                                                  NORMAL
..................................................................
TEMPERATURE (F)
 YESTERDAY
  MAXIMUM         86    213 PM  93    1955  80      6       79
  MINIMUM         66    353 AM  45    1998  58      8       59
                                      1992
                                      1949
  AVERAGE         76                        69      7       69

PRECIPITATION (IN)
  YESTERDAY        0.01                      0.10  -0.09     0.89
  MONTH TO DATE    2.74                      2.07   0.67     2.49
  SINCE JUN 1     10.91                     10.26   0.65    15.58
  SINCE JAN 1     26.01                     25.05   0.96    30.56

SNOWFALL (IN)
  YESTERDAY        0.0                       0.0    0.0      0.0
  MONTH TO DATE    0.0                       0.0    0.0      0.0
  SINCE JUN 1      0.0                       0.0    0.0      0.0
  SINCE JUL 1      0.0                       0.0    0.0      0.0
  SNOW DEPTH       0

DEGREE DAYS
 HEATING
  YESTERDAY        0                         1     -1        0
  MONTH TO DATE    0                        15    -15        3
  SINCE JUN 1     40                        97    -57       52
  SINCE JUL 1      6                        28    -22       10

 COOLING
  YESTERDAY       11                         5      6        4
  MONTH TO DATE  209                       108    101      126
  SINCE JUN 1    610                       403    207      421
  SINCE JAN 1    665                       442    223      533
..................................................................


WIND (MPH)
  HIGHEST WIND SPEED    18   HIGHEST WIND DIRECTION     S (200)
  HIGHEST GUST SPEED    24   HIGHEST GUST DIRECTION     S (190)
  AVERAGE WIND SPEED     6.8


SKY COVER
  POSSIBLE SUNSHINE  MM
  AVERAGE SKY COVER 0.6


WEATHER CONDITIONS
 THE FOLLOWING WEATHER WAS RECORDED YESTERDAY.
  FOG


RELATIVE HUMIDITY (PERCENT)
 HIGHEST    97           700 AM
 LOWEST     51           200 PM
 AVERAGE    74

..........................................................


THE YOUNGSTOWN OH CLIMATE NORMALS FOR TODAY
                         NORMAL    RECORD    YEAR
 MAXIMUM TEMPERATURE (F)   80        93      1955
                                             1937
 MINIMUM TEMPERATURE (F)   58        42      1992


SUNRISE AND SUNSET
AUGUST 21 2016........SUNRISE   638 AM EDT   SUNSET   812 PM EDT
AUGUST 22 2016........SUNRISE   639 AM EDT   SUNSET   811 PM EDT


-  INDICATES NEGATIVE NUMBERS.
R  INDICATES RECORD WAS SET OR TIED.
MM INDICATES DATA IS MISSING.
T  INDICATES TRACE AMOUNT.




$$
