000
CDUS41 KCLE 050537
CLIYNG


CLIMATE REPORT
NATIONAL WEATHER SERVICE CLEVELAND OH
137 AM EDT SAT APR 5 2014


...................................

...THE YOUNGSTOWN OH CLIMATE SUMMARY FOR APRIL 4 2014...

CLIMATE NORMAL PERIOD 1981 TO 2010
CLIMATE RECORD PERIOD 1897 TO 2014


WEATHER ITEM   OBSERVED TIME   RECORD YEAR NORMAL DEPARTURE LAST
                VALUE   (LST)  VALUE       VALUE  FROM      YEAR
                                                  NORMAL
..................................................................
TEMPERATURE (F)
 YESTERDAY
  MAXIMUM         66        MM  76    1981  54     12       54
  MINIMUM         38        MM  16    1954  34      4       17
  AVERAGE         52                        44      8       36

PRECIPITATION (IN)
  YESTERDAY        0.38                      0.11   0.27     0.00
  MONTH TO DATE    0.98                      0.46   0.52     0.06
  SINCE MAR 1      2.92                      3.40  -0.48     2.77
  SINCE JAN 1      7.61                      8.10  -0.49     7.07

SNOWFALL (IN)
  YESTERDAY        0.0                       0.2   -0.2      0.0
  MONTH TO DATE    0.0                       0.8   -0.8      0.6
  SINCE MAR 1      7.9                      11.7   -3.8     20.5
  SINCE JUL 1     88.9                      60.5   28.4     80.9
  SNOW DEPTH       0

DEGREE DAYS
 HEATING
  YESTERDAY       13                        21     -8       29
  MONTH TO DATE   58                        86    -28      128
  SINCE MAR 1   1136                       962    174     1102
  SINCE JUL 1   6204                      5610    594     5544

 COOLING
  YESTERDAY        0                         0      0        0
  MONTH TO DATE    0                         0      0        0
  SINCE MAR 1      0                         1     -1        0
  SINCE JAN 1      0                         1     -1        0
..................................................................


WIND (MPH)
  HIGHEST WIND SPEED    30   HIGHEST WIND DIRECTION     W (260)
  HIGHEST GUST SPEED    45   HIGHEST GUST DIRECTION     W (260)
  AVERAGE WIND SPEED    13.3


SKY COVER
  POSSIBLE SUNSHINE  MM
  AVERAGE SKY COVER 1.0


WEATHER CONDITIONS
 THE FOLLOWING WEATHER WAS RECORDED YESTERDAY.
  RAIN
  LIGHT RAIN
  FOG
  FOG W/VISIBILITY <= 1/4 MILE


RELATIVE HUMIDITY (PERCENT)
 HIGHEST   100           800 AM
 LOWEST     65           800 PM
 AVERAGE    83

..........................................................


THE YOUNGSTOWN OH CLIMATE NORMALS FOR TODAY
                         NORMAL    RECORD    YEAR
 MAXIMUM TEMPERATURE (F)   55        79      2010
 MINIMUM TEMPERATURE (F)   35        16      1995


SUNRISE AND SUNSET
APRIL  5 2014.........SUNRISE   659 AM EDT   SUNSET   752 PM EDT
APRIL  6 2014.........SUNRISE   658 AM EDT   SUNSET   753 PM EDT


-  INDICATES NEGATIVE NUMBERS.
R  INDICATES RECORD WAS SET OR TIED.
MM INDICATES DATA IS MISSING.
T  INDICATES TRACE AMOUNT.




$$
