217
CDUS41 KCLE 050532
CLIYNG


CLIMATE REPORT
NATIONAL WEATHER SERVICE CLEVELAND OH
131 AM EDT TUE MAY 5 2015


...................................

...THE YOUNGSTOWN OH CLIMATE SUMMARY FOR MAY 4 2015...

CLIMATE NORMAL PERIOD 1981 TO 2010
CLIMATE RECORD PERIOD 1897 TO 2015


WEATHER ITEM   OBSERVED TIME   RECORD YEAR NORMAL DEPARTURE LAST
                VALUE   (LST)  VALUE       VALUE  FROM      YEAR
                                                  NORMAL
..................................................................
TEMPERATURE (F)
 YESTERDAY
  MAXIMUM         82    213 PM  88    1949  66     16       60
                                      1942
  MINIMUM         58   1150 PM  27    2002  43     15       36
  AVERAGE         70                        55     15       48

PRECIPITATION (IN)
  YESTERDAY        0.02                      0.12  -0.10      T
  MONTH TO DATE    0.02                      0.44  -0.42     0.08
  SINCE MAR 1      5.23                      6.74  -1.51     6.93
  SINCE JAN 1     10.46                     11.44  -0.98    11.62

SNOWFALL (IN)
  YESTERDAY        0.0                       0.0    0.0      0.0
  MONTH TO DATE    0.0                       0.0    0.0      0.0
  SINCE MAR 1      9.5                      13.9   -4.4      9.1
  SINCE JUL 1     79.0                      62.7   16.3     90.1
  SNOW DEPTH       0

DEGREE DAYS
 HEATING
  YESTERDAY        0                        11    -11       17
  MONTH TO DATE   23                        45    -22       54
  SINCE MAR 1   1454                      1424     30     1608
  SINCE JUL 1   6572                      6072    500     6676

 COOLING
  YESTERDAY        5                         0      5        0
  MONTH TO DATE    5                         0      5        0
  SINCE MAR 1      5                         9     -4        0
  SINCE JAN 1      5                         9     -4        0
..................................................................


WIND (MPH)
  HIGHEST WIND SPEED    28   HIGHEST WIND DIRECTION    SW (230)
  HIGHEST GUST SPEED    36   HIGHEST GUST DIRECTION    SW (220)
  AVERAGE WIND SPEED    10.4


SKY COVER
  POSSIBLE SUNSHINE  MM
  AVERAGE SKY COVER 0.7


WEATHER CONDITIONS
 THE FOLLOWING WEATHER WAS RECORDED YESTERDAY.
  LIGHT RAIN
  FOG


RELATIVE HUMIDITY (PERCENT)
 HIGHEST    90           700 PM
 LOWEST     32           300 PM
 AVERAGE    61

..........................................................


THE YOUNGSTOWN OH CLIMATE NORMALS FOR TODAY
                         NORMAL    RECORD    YEAR
 MAXIMUM TEMPERATURE (F)   66        90      1949
 MINIMUM TEMPERATURE (F)   44        30      2005


SUNRISE AND SUNSET
MAY  5 2015...........SUNRISE   615 AM EDT   SUNSET   824 PM EDT
MAY  6 2015...........SUNRISE   614 AM EDT   SUNSET   825 PM EDT


-  INDICATES NEGATIVE NUMBERS.
R  INDICATES RECORD WAS SET OR TIED.
MM INDICATES DATA IS MISSING.
T  INDICATES TRACE AMOUNT.




$$
