759
CDUS41 KCLE 200525
CLIYNG


CLIMATE REPORT
NATIONAL WEATHER SERVICE CLEVELAND OH
1225 AM EST MON FEB 20 2017


...................................

...THE YOUNGSTOWN OH CLIMATE SUMMARY FOR FEBRUARY 19 2017...

CLIMATE NORMAL PERIOD 1981 TO 2010
CLIMATE RECORD PERIOD 1897 TO 2017


WEATHER ITEM   OBSERVED TIME   RECORD YEAR NORMAL DEPARTURE LAST
                VALUE   (LST)  VALUE       VALUE  FROM      YEAR
                                                  NORMAL
..................................................................
TEMPERATURE (F)
 YESTERDAY
  MAXIMUM         63    306 PM  64    1994  37     26       54
  MINIMUM         40   1159 PM  -8    2015  21     19       23
  AVERAGE         52                        29     23       39

PRECIPITATION (IN)
  YESTERDAY        0.00                      0.08  -0.08      T
  MONTH TO DATE    1.65                      1.42   0.23     2.28
  SINCE DEC 1     10.57                      6.96   3.61     7.88
  SINCE JAN 1      7.00                      3.97   3.03     3.69

SNOWFALL (IN)
  YESTERDAY        0.0                       0.5   -0.5       T
  MONTH TO DATE    6.0                       8.6   -2.6     17.3
  SINCE DEC 1     42.9                      40.2    2.7     29.9
  SINCE JUL 1     47.3                      44.6    2.7     30.3
  SNOW DEPTH       0

DEGREE DAYS
 HEATING
  YESTERDAY       13                        36    -23       26
  MONTH TO DATE  591                       713   -122      712
  SINCE DEC 1   2672                      3007   -335     2601
  SINCE JUL 1   3644                      4336   -692     3603

 COOLING
  YESTERDAY        0                         0      0        0
  MONTH TO DATE    0                         0      0        0
  SINCE DEC 1      0                         0      0        0
  SINCE JAN 1      0                         0      0        0
..................................................................


WIND (MPH)
  HIGHEST WIND SPEED    18   HIGHEST WIND DIRECTION    NW (320)
  HIGHEST GUST SPEED    22   HIGHEST GUST DIRECTION    NW (310)
  AVERAGE WIND SPEED     8.7


SKY COVER
  POSSIBLE SUNSHINE  MM
  AVERAGE SKY COVER 0.2


WEATHER CONDITIONS
 THE FOLLOWING WEATHER WAS RECORDED YESTERDAY.
  FOG


RELATIVE HUMIDITY (PERCENT)
 HIGHEST    93           800 AM
 LOWEST     32           300 PM
 AVERAGE    63

..........................................................


THE YOUNGSTOWN OH CLIMATE NORMALS FOR TODAY
                         NORMAL    RECORD    YEAR
 MAXIMUM TEMPERATURE (F)   37        65      2016
                                             1939
 MINIMUM TEMPERATURE (F)   21       -16      2015


SUNRISE AND SUNSET
FEBRUARY 20 2017......SUNRISE   710 AM EST   SUNSET   603 PM EST
FEBRUARY 21 2017......SUNRISE   709 AM EST   SUNSET   604 PM EST


-  INDICATES NEGATIVE NUMBERS.
R  INDICATES RECORD WAS SET OR TIED.
MM INDICATES DATA IS MISSING.
T  INDICATES TRACE AMOUNT.




$$
