000
CDUS41 KCLE 160609
CLIYNG


CLIMATE REPORT
NATIONAL WEATHER SERVICE CLEVELAND OH
208 AM EDT WED JUL 16 2014


...................................

...THE YOUNGSTOWN OH CLIMATE SUMMARY FOR JULY 15 2014...
VALID TODAY AS OF 0200 AM LOCAL TIME.

CLIMATE NORMAL PERIOD 1981 TO 2010
CLIMATE RECORD PERIOD 1897 TO 2014


WEATHER ITEM   OBSERVED TIME   RECORD YEAR NORMAL DEPARTURE LAST
                VALUE   (LST)  VALUE       VALUE  FROM      YEAR
                                                  NORMAL
..................................................................
TEMPERATURE (F)
 TODAY
  MAXIMUM         77    253 PM 102    1936  82     -5       90
  MINIMUM         57   1050 PM  46    1960  60     -3       67
  AVERAGE         67                        71     -4       79

PRECIPITATION (IN)
  TODAY            0.14                      0.14   0.00      T
  MONTH TO DATE    1.62                      2.09  -0.47     4.90
  SINCE JUN 1      6.42                      5.97   0.45    10.27
  SINCE JAN 1     21.51                     20.76   0.75    22.04

SNOWFALL (IN)
  TODAY            0.0                       0.0    0.0      0.0
  MONTH TO DATE    0.0                       0.0    0.0      0.0
  SINCE JUN 1      0.0                       0.0    0.0       T
  SINCE JUL 1      0.0                       0.0    0.0      0.0
  SNOW DEPTH       0

DEGREE DAYS
 HEATING
  TODAY            0                         0      0        0
  MONTH TO DATE    5                         8     -3        0
  SINCE JUN 1     33                        77    -44       56
  SINCE JUL 1      5                         8     -3        0

 COOLING
  TODAY            2                         6     -4       14
  MONTH TO DATE   85                        90     -5      128
  SINCE JUN 1    238                       200     38      246
  SINCE JAN 1    293                       239     54      334
..................................................................


WIND (MPH)
  HIGHEST WIND SPEED    20   HIGHEST WIND DIRECTION    SW (240)
  HIGHEST GUST SPEED    25   HIGHEST GUST DIRECTION     W (250)


SKY COVER
  POSSIBLE SUNSHINE  MM
  AVERAGE SKY COVER 0.8


WEATHER CONDITIONS
 THE FOLLOWING WEATHER WAS RECORDED TODAY.
  THUNDERSTORM
  LIGHT RAIN
  FOG


RELATIVE HUMIDITY (PERCENT)
 HIGHEST    93          1200 AM
 LOWEST     41           400 PM
 AVERAGE    67

..........................................................


THE YOUNGSTOWN OH CLIMATE NORMALS FOR TOMORROW
                         NORMAL    RECORD    YEAR
 MAXIMUM TEMPERATURE (F)   82       100      1988
 MINIMUM TEMPERATURE (F)   60        48      2007
                                             1966
                                             1957


SUNRISE AND SUNSET
JULY 15 2014..........SUNRISE   603 AM EDT   SUNSET   854 PM EDT
JULY 16 2014..........SUNRISE   603 AM EDT   SUNSET   854 PM EDT


-  INDICATES NEGATIVE NUMBERS.
R  INDICATES RECORD WAS SET OR TIED.
MM INDICATES DATA IS MISSING.
T  INDICATES TRACE AMOUNT.




$$
