000
CDUS41 KCLE 030531
CLIYNG


CLIMATE REPORT
NATIONAL WEATHER SERVICE CLEVELAND OH
1230 AM EST WED FEB 3 2016


...................................

...THE YOUNGSTOWN OH CLIMATE SUMMARY FOR FEBRUARY 2 2016...

CLIMATE NORMAL PERIOD 1981 TO 2010
CLIMATE RECORD PERIOD 1897 TO 2016


WEATHER ITEM   OBSERVED TIME   RECORD YEAR NORMAL DEPARTURE LAST
                VALUE   (LST)  VALUE       VALUE  FROM      YEAR
                                                  NORMAL
..................................................................
TEMPERATURE (F)
 YESTERDAY
  MAXIMUM         49    140 PM  57    1973  34     15       37
  MINIMUM         21    617 AM -11    1961  19      2        5
  AVERAGE         35                        26      9       21

PRECIPITATION (IN)
  YESTERDAY        0.15                      0.08   0.07     0.13
  MONTH TO DATE    0.29                      0.15   0.14     0.91
  SINCE DEC 1      5.89                      5.69   0.20     6.39
  SINCE JAN 1      1.70                      2.70  -1.00     4.07

SNOWFALL (IN)
  YESTERDAY        0.0                       0.4   -0.4      0.7
  MONTH TO DATE    0.0                       0.9   -0.9      7.9
  SINCE DEC 1     12.6                      32.5  -19.9     37.9
  SINCE JUL 1     13.0                      36.9  -23.9     49.5
  SNOW DEPTH       0

DEGREE DAYS
 HEATING
  YESTERDAY       30                        39     -9       44
  MONTH TO DATE   53                        78    -25       79
  SINCE DEC 1   1942                      2372   -430     2355
  SINCE JUL 1   2944                      3701   -757     3765

 COOLING
  YESTERDAY        0                         0      0        0
  MONTH TO DATE    0                         0      0        0
  SINCE DEC 1      0                         0      0        0
  SINCE JAN 1      0                         0      0        0
..................................................................


WIND (MPH)
  HIGHEST WIND SPEED    24   HIGHEST WIND DIRECTION    SE (120)
  HIGHEST GUST SPEED    33   HIGHEST GUST DIRECTION    SE (130)
  AVERAGE WIND SPEED    12.1


SKY COVER
  POSSIBLE SUNSHINE  MM
  AVERAGE SKY COVER 0.6


WEATHER CONDITIONS
 THE FOLLOWING WEATHER WAS RECORDED YESTERDAY.
  LIGHT RAIN
  FOG


RELATIVE HUMIDITY (PERCENT)
 HIGHEST    96           300 AM
 LOWEST     37           200 PM
 AVERAGE    67

..........................................................


THE YOUNGSTOWN OH CLIMATE NORMALS FOR TODAY
                         NORMAL    RECORD    YEAR
 MAXIMUM TEMPERATURE (F)   34        55      1991
 MINIMUM TEMPERATURE (F)   19       -11      1951


SUNRISE AND SUNSET
FEBRUARY  3 2016......SUNRISE   732 AM EST   SUNSET   541 PM EST
FEBRUARY  4 2016......SUNRISE   731 AM EST   SUNSET   542 PM EST


-  INDICATES NEGATIVE NUMBERS.
R  INDICATES RECORD WAS SET OR TIED.
MM INDICATES DATA IS MISSING.
T  INDICATES TRACE AMOUNT.




$$
