000
CDUS41 KCLE 100530
CLIYNG


CLIMATE REPORT
NATIONAL WEATHER SERVICE CLEVELAND OH
1229 AM EST WED JAN 10 2018


...................................

...THE YOUNGSTOWN OH CLIMATE SUMMARY FOR JANUARY 9 2018...

CLIMATE NORMAL PERIOD 1981 TO 2010
CLIMATE RECORD PERIOD 1897 TO 2018


WEATHER ITEM   OBSERVED TIME   RECORD YEAR NORMAL DEPARTURE LAST
                VALUE   (LST)  VALUE       VALUE  FROM      YEAR
                                                  NORMAL
..................................................................
TEMPERATURE (F)
 YESTERDAY
  MAXIMUM         33    417 PM  66    1937  32      1       26
  MINIMUM         21   1038 PM  -7    1981  19      2        7
                                      1970
  AVERAGE         27                        26      1       17

PRECIPITATION (IN)
  YESTERDAY        T                         0.08  -0.08     0.01
  MONTH TO DATE    0.40                      0.79  -0.39     1.18
  SINCE DEC 1      2.51                      3.78  -1.27     4.75
  SINCE JAN 1      0.40                      0.79  -0.39     1.18

SNOWFALL (IN)
  YESTERDAY        0.0                       0.5   -0.5      0.3
  MONTH TO DATE    6.8                       4.7    2.1      3.8
  SINCE DEC 1     25.8                      19.7    6.1     27.1
  SINCE JUL 1     26.8                      24.1    2.7     31.5
  SNOW DEPTH       3

DEGREE DAYS
 HEATING
  YESTERDAY       38                        39     -1       48
  MONTH TO DATE  475                       351    124      382
  SINCE DEC 1   1626                      1428    198     1461
  SINCE JUL 1   2724                      2757    -33     2433

 COOLING
  YESTERDAY        0                         0      0        0
  MONTH TO DATE    0                         0      0        0
  SINCE DEC 1      0                         0      0        0
  SINCE JAN 1      0                         0      0        0
..................................................................


WIND (MPH)
  HIGHEST WIND SPEED    14   HIGHEST WIND DIRECTION    SW (240)
  HIGHEST GUST SPEED    17   HIGHEST GUST DIRECTION     W (260)
  AVERAGE WIND SPEED     6.1


SKY COVER
  POSSIBLE SUNSHINE  MM
  AVERAGE SKY COVER 0.8


WEATHER CONDITIONS
 THE FOLLOWING WEATHER WAS RECORDED YESTERDAY.
  LT FREEZING RAIN
  FOG
  HAZE


RELATIVE HUMIDITY (PERCENT)
 HIGHEST    92          1200 AM
 LOWEST     69           300 PM
 AVERAGE    81

..........................................................


THE YOUNGSTOWN OH CLIMATE NORMALS FOR TODAY
                         NORMAL    RECORD    YEAR
 MAXIMUM TEMPERATURE (F)   32        60      1939
                                             1935
 MINIMUM TEMPERATURE (F)   19        -9      1962


SUNRISE AND SUNSET
JANUARY 10 2018.......SUNRISE   748 AM EST   SUNSET   513 PM EST
JANUARY 11 2018.......SUNRISE   747 AM EST   SUNSET   514 PM EST


-  INDICATES NEGATIVE NUMBERS.
R  INDICATES RECORD WAS SET OR TIED.
MM INDICATES DATA IS MISSING.
T  INDICATES TRACE AMOUNT.




$$
