000
CDUS41 KCLE 020529
CLIYNG


CLIMATE REPORT
NATIONAL WEATHER SERVICE CLEVELAND OH
1228 AM EST SAT DEC 2 2017


...................................

...THE YOUNGSTOWN OH CLIMATE SUMMARY FOR DECEMBER 1 2017...

CLIMATE NORMAL PERIOD 1981 TO 2010
CLIMATE RECORD PERIOD 1897 TO 2017


WEATHER ITEM   OBSERVED TIME   RECORD YEAR NORMAL DEPARTURE LAST
                VALUE   (LST)  VALUE       VALUE  FROM      YEAR
                                                  NORMAL
..................................................................
TEMPERATURE (F)
 YESTERDAY
  MAXIMUM         48    243 PM  71    1934  42      6       41
  MINIMUM         29   1159 PM   9    1964  29      0       35
                                      1936
  AVERAGE         39                        35      4       38

PRECIPITATION (IN)
  YESTERDAY        0.00                      0.10  -0.10      T
  MONTH TO DATE    0.00                      0.10  -0.10      T
  SINCE DEC 1      0.00                      0.10  -0.10      T
  SINCE JAN 1     41.86                     36.02   5.84    40.77

SNOWFALL (IN)
  YESTERDAY        0.0                       0.4   -0.4       T
  MONTH TO DATE    0.0                       0.4   -0.4       T
  SINCE DEC 1      0.0                       0.4   -0.4       T
  SINCE JUL 1      1.0                       4.8   -3.8      4.4
  SNOW DEPTH       0

DEGREE DAYS
 HEATING
  YESTERDAY       26                        30     -4       27
  MONTH TO DATE   26                        30     -4       27
  SINCE DEC 1     26                        30     -4       27
  SINCE JUL 1   1123                      1359   -236      999

 COOLING
  YESTERDAY        0                         0      0        0
  MONTH TO DATE    0                         0      0        0
  SINCE DEC 1      0                         0      0        0
  SINCE JAN 1    658                       544    114      879
..................................................................


WIND (MPH)
  HIGHEST WIND SPEED     9   HIGHEST WIND DIRECTION     W (270)
  HIGHEST GUST SPEED    12   HIGHEST GUST DIRECTION     S (200)
  AVERAGE WIND SPEED     3.6


SKY COVER
  POSSIBLE SUNSHINE  MM
  AVERAGE SKY COVER 0.6


WEATHER CONDITIONS
 THE FOLLOWING WEATHER WAS RECORDED YESTERDAY.
  FOG


RELATIVE HUMIDITY (PERCENT)
 HIGHEST   100           400 AM
 LOWEST     53           300 PM
 AVERAGE    77

..........................................................


THE YOUNGSTOWN OH CLIMATE NORMALS FOR TODAY
                         NORMAL    RECORD    YEAR
 MAXIMUM TEMPERATURE (F)   41        68      1982
 MINIMUM TEMPERATURE (F)   29        -4      1976


SUNRISE AND SUNSET
DECEMBER  2 2017......SUNRISE   730 AM EST   SUNSET   454 PM EST
DECEMBER  3 2017......SUNRISE   731 AM EST   SUNSET   454 PM EST


-  INDICATES NEGATIVE NUMBERS.
R  INDICATES RECORD WAS SET OR TIED.
MM INDICATES DATA IS MISSING.
T  INDICATES TRACE AMOUNT.




$$
