000
CDUS41 KCLE 110526
CLIYNG


CLIMATE REPORT
NATIONAL WEATHER SERVICE CLEVELAND OH
126 AM EDT WED MAY 11 2016


...................................

...THE YOUNGSTOWN OH CLIMATE SUMMARY FOR MAY 10 2016...

CLIMATE NORMAL PERIOD 1981 TO 2010
CLIMATE RECORD PERIOD 1897 TO 2016


WEATHER ITEM   OBSERVED TIME   RECORD YEAR NORMAL DEPARTURE LAST
                VALUE   (LST)  VALUE       VALUE  FROM      YEAR
                                                  NORMAL
..................................................................
TEMPERATURE (F)
 YESTERDAY
  MAXIMUM         66    528 PM  87    1936  67     -1       85
  MINIMUM         46    641 AM  24    1966  45      1       60
  AVERAGE         56                        56      0       73

PRECIPITATION (IN)
  YESTERDAY        0.06                      0.12  -0.06     0.18
  MONTH TO DATE    0.74                      1.14  -0.40     0.57
  SINCE MAR 1      8.36                      7.44   0.92     5.78
  SINCE JAN 1     13.55                     12.14   1.41    11.01

SNOWFALL (IN)
  YESTERDAY        0.0                       0.0    0.0      0.0
  MONTH TO DATE    0.0                       0.0    0.0      0.0
  SINCE MAR 1     13.1                      13.9   -0.8      9.5
  SINCE JUL 1     44.7                      62.7  -18.0     79.0
  SNOW DEPTH       0

DEGREE DAYS
 HEATING
  YESTERDAY        9                         9      0        0
  MONTH TO DATE  117                       105     12       26
  SINCE MAR 1   1276                      1484   -208     1457
  SINCE JUL 1   5124                      6132  -1008     6575

 COOLING
  YESTERDAY        0                         1     -1        8
  MONTH TO DATE    0                         3     -3       37
  SINCE MAR 1      0                        12    -12       37
  SINCE JAN 1      0                        12    -12       37
..................................................................


WIND (MPH)
  HIGHEST WIND SPEED    15   HIGHEST WIND DIRECTION     E (110)
  HIGHEST GUST SPEED    18   HIGHEST GUST DIRECTION     E (110)
  AVERAGE WIND SPEED     8.4


SKY COVER
  POSSIBLE SUNSHINE  MM
  AVERAGE SKY COVER 1.0


WEATHER CONDITIONS
 THE FOLLOWING WEATHER WAS RECORDED YESTERDAY.
  LIGHT RAIN


RELATIVE HUMIDITY (PERCENT)
 HIGHEST    83          1100 AM
 LOWEST     41           100 AM
 AVERAGE    62

..........................................................


THE YOUNGSTOWN OH CLIMATE NORMALS FOR TODAY
                         NORMAL    RECORD    YEAR
 MAXIMUM TEMPERATURE (F)   68        92      1936
 MINIMUM TEMPERATURE (F)   45        28      1966


SUNRISE AND SUNSET
MAY 11 2016...........SUNRISE   608 AM EDT   SUNSET   831 PM EDT
MAY 12 2016...........SUNRISE   607 AM EDT   SUNSET   832 PM EDT


-  INDICATES NEGATIVE NUMBERS.
R  INDICATES RECORD WAS SET OR TIED.
MM INDICATES DATA IS MISSING.
T  INDICATES TRACE AMOUNT.




$$
