000
CDUS41 KCLE 042212
CLIYNG


CLIMATE REPORT
NATIONAL WEATHER SERVICE CLEVELAND OH
512 PM EST SUN FEB 4 2018


...................................

...THE YOUNGSTOWN OH CLIMATE SUMMARY FOR FEBRUARY 4 2018...
VALID TODAY AS OF 0500 PM LOCAL TIME.

CLIMATE NORMAL PERIOD 1981 TO 2010
CLIMATE RECORD PERIOD 1897 TO 2018


WEATHER ITEM   OBSERVED TIME   RECORD YEAR NORMAL DEPARTURE LAST
                VALUE   (LST)  VALUE       VALUE  FROM      YEAR
                                                  NORMAL
..................................................................
TEMPERATURE (F)
 TODAY
  MAXIMUM         37    231 AM  62    1991  34      3       30
  MINIMUM         30    154 AM  -9    1978  19     11       13
  AVERAGE         34                        27      7       22

PRECIPITATION (IN)
  TODAY            0.14                      0.08   0.06      T
  MONTH TO DATE    0.27                      0.30  -0.03     0.06
  SINCE DEC 1      5.52                      5.84  -0.32     8.98
  SINCE JAN 1      3.41                      2.85   0.56     5.41

SNOWFALL (IN)
  TODAY            1.3                       0.5    0.8       T
  MONTH TO DATE    4.6                       1.9    2.7      0.7
  SINCE DEC 1     46.7                      33.5   13.2     37.6
  SINCE JUL 1     47.7                      37.9    9.8     42.0
  SNOW DEPTH       1

DEGREE DAYS
 HEATING
  TODAY           31                        38     -7       43
  MONTH TO DATE  156                       155      1      160
  SINCE DEC 1   2556                      2449    107     2241
  SINCE JUL 1   3654                      3778   -124     3213

 COOLING
  TODAY            0                         0      0        0
  MONTH TO DATE    0                         0      0        0
  SINCE DEC 1      0                         0      0        0
  SINCE JAN 1      0                         0      0        0
..................................................................


WIND (MPH)
  HIGHEST WIND SPEED    24   HIGHEST WIND DIRECTION    SW (220)
  HIGHEST GUST SPEED    32   HIGHEST GUST DIRECTION    SW (210)


SKY COVER
  POSSIBLE SUNSHINE  MM
  AVERAGE SKY COVER 1.0


WEATHER CONDITIONS
 THE FOLLOWING WEATHER WAS RECORDED TODAY.
  LIGHT RAIN
  LIGHT SNOW
  FOG


RELATIVE HUMIDITY (PERCENT)
 HIGHEST    92           600 AM
 LOWEST     47          1200 AM
 AVERAGE    70

..........................................................


THE YOUNGSTOWN OH CLIMATE NORMALS FOR TOMORROW
                         NORMAL    RECORD    YEAR
 MAXIMUM TEMPERATURE (F)   34        58      2008
 MINIMUM TEMPERATURE (F)   20        -5      2007


SUNRISE AND SUNSET
FEBRUARY  4 2018......SUNRISE   731 AM EST   SUNSET   543 PM EST
FEBRUARY  5 2018......SUNRISE   730 AM EST   SUNSET   544 PM EST


-  INDICATES NEGATIVE NUMBERS.
R  INDICATES RECORD WAS SET OR TIED.
MM INDICATES DATA IS MISSING.
T  INDICATES TRACE AMOUNT.




$$
