185
CDUS41 KCLE 202110
CLIYNG


CLIMATE REPORT
NATIONAL WEATHER SERVICE CLEVELAND OH
510 PM EDT SAT MAY 20 2017


...................................

...THE YOUNGSTOWN OH CLIMATE SUMMARY FOR MAY 20 2017...
VALID TODAY AS OF 0500 PM LOCAL TIME.

CLIMATE NORMAL PERIOD 1981 TO 2010
CLIMATE RECORD PERIOD 1897 TO 2017


WEATHER ITEM   OBSERVED TIME   RECORD YEAR NORMAL DEPARTURE LAST
                VALUE   (LST)  VALUE       VALUE  FROM      YEAR
                                                  NORMAL
..................................................................
TEMPERATURE (F)
 TODAY
  MAXIMUM         71    326 PM  91    1934  70      1       73
  MINIMUM         51    539 AM  29    2002  48      3       38
  AVERAGE         61                        59      2       56

PRECIPITATION (IN)
  TODAY            0.02                      0.13  -0.11      T
  MONTH TO DATE    2.21                      2.36  -0.15     1.86
  SINCE MAR 1     11.09                      8.66   2.43     9.48
  SINCE JAN 1     18.97                     13.36   5.61    14.67

SNOWFALL (IN)
  TODAY            0.0                       0.0    0.0      0.0
  MONTH TO DATE    0.0                       0.0    0.0      0.2
  SINCE MAR 1     22.1                      13.9    8.2     13.3
  SINCE JUL 1     69.5                      62.7    6.8     44.9
  SNOW DEPTH       0

DEGREE DAYS
 HEATING
  TODAY            4                         7     -3        9
  MONTH TO DATE  219                       187     32      220
  SINCE MAR 1   1400                      1566   -166     1379
  SINCE JUL 1   5184                      6214  -1030     5227

 COOLING
  TODAY            0                         1     -1        0
  MONTH TO DATE   24                        13     11        0
  SINCE MAR 1     40                        22     18        0
  SINCE JAN 1     40                        22     18        0
..................................................................


WIND (MPH)
  HIGHEST WIND SPEED    16   HIGHEST WIND DIRECTION     E (100)
  HIGHEST GUST SPEED    20   HIGHEST GUST DIRECTION     E (100)


SKY COVER
  POSSIBLE SUNSHINE  MM
  AVERAGE SKY COVER 0.9


WEATHER CONDITIONS
 THE FOLLOWING WEATHER WAS RECORDED TODAY.
  LIGHT RAIN
  FOG


RELATIVE HUMIDITY (PERCENT)
 HIGHEST    93           700 AM
 LOWEST     63           200 PM
 AVERAGE    78

..........................................................


THE YOUNGSTOWN OH CLIMATE NORMALS FOR TOMORROW
                         NORMAL    RECORD    YEAR
 MAXIMUM TEMPERATURE (F)   70        89      1934
 MINIMUM TEMPERATURE (F)   48        32      2002


SUNRISE AND SUNSET
MAY 20 2017...........SUNRISE   559 AM EDT   SUNSET   839 PM EDT
MAY 21 2017...........SUNRISE   559 AM EDT   SUNSET   840 PM EDT


-  INDICATES NEGATIVE NUMBERS.
R  INDICATES RECORD WAS SET OR TIED.
MM INDICATES DATA IS MISSING.
T  INDICATES TRACE AMOUNT.




$$
