000
CDUS41 KCLE 080750
CLIYNG


CLIMATE REPORT
NATIONAL WEATHER SERVICE CLEVELAND OH
349 AM EDT SUN MAY 8 2016


...................................

...THE YOUNGSTOWN OH CLIMATE SUMMARY FOR MAY 7 2016...

CLIMATE NORMAL PERIOD 1981 TO 2010
CLIMATE RECORD PERIOD 1897 TO 2016


WEATHER ITEM   OBSERVED TIME   RECORD YEAR NORMAL DEPARTURE LAST
                VALUE   (LST)  VALUE       VALUE  FROM      YEAR
                                                  NORMAL
..................................................................
TEMPERATURE (F)
 YESTERDAY
  MAXIMUM         73    143 PM  85    2015  67      6       85
                                      2000
                                      1939
  MINIMUM         41    455 AM  24    1970  44     -3       50
  AVERAGE         57                        55      2       68

PRECIPITATION (IN)
  YESTERDAY        0.02                      0.11  -0.09     0.00
  MONTH TO DATE    0.68                      0.78  -0.10     0.05
  SINCE MAR 1      8.30                      7.08   1.22     5.26
  SINCE JAN 1     13.49                     11.78   1.71    10.49

SNOWFALL (IN)
  YESTERDAY        0.0                       0.0    0.0      0.0
  MONTH TO DATE    0.0                       0.0    0.0      0.0
  SINCE MAR 1     13.1                      13.9   -0.8      9.5
  SINCE JUL 1     44.7                      62.7  -18.0     79.0
  SNOW DEPTH       0

DEGREE DAYS
 HEATING
  YESTERDAY        8                        10     -2        0
  MONTH TO DATE   82                        76      6       26
  SINCE MAR 1   1241                      1455   -214     1457
  SINCE JUL 1   5089                      6103  -1014     6575

 COOLING
  YESTERDAY        0                         0      0        3
  MONTH TO DATE    0                         0      0       11
  SINCE MAR 1      0                         9     -9       11
  SINCE JAN 1      0                         9     -9       11
..................................................................


WIND (MPH)
  HIGHEST WIND SPEED    21   HIGHEST WIND DIRECTION    NW (320)
  HIGHEST GUST SPEED    24   HIGHEST GUST DIRECTION    NW (320)
  AVERAGE WIND SPEED     6.8


SKY COVER
  POSSIBLE SUNSHINE  MM
  AVERAGE SKY COVER 0.8


WEATHER CONDITIONS
 THE FOLLOWING WEATHER WAS RECORDED YESTERDAY.
  LIGHT RAIN


RELATIVE HUMIDITY (PERCENT)
 HIGHEST    86          1100 PM
 LOWEST     29          1200 PM
 AVERAGE    58

..........................................................


THE YOUNGSTOWN OH CLIMATE NORMALS FOR TODAY
                         NORMAL    RECORD    YEAR
 MAXIMUM TEMPERATURE (F)   67        89      2015
 MINIMUM TEMPERATURE (F)   45        28      1950


SUNRISE AND SUNSET
MAY  8 2016...........SUNRISE   611 AM EDT   SUNSET   828 PM EDT
MAY  9 2016...........SUNRISE   610 AM EDT   SUNSET   829 PM EDT


-  INDICATES NEGATIVE NUMBERS.
R  INDICATES RECORD WAS SET OR TIED.
MM INDICATES DATA IS MISSING.
T  INDICATES TRACE AMOUNT.




$$
