000
CDUS41 KCLE 052114
CLIYNG


CLIMATE REPORT
NATIONAL WEATHER SERVICE CLEVELAND OH
514 PM EDT WED JUL 5 2017


...................................

...THE YOUNGSTOWN OH CLIMATE SUMMARY FOR JULY 5 2017...
VALID TODAY AS OF 0500 PM LOCAL TIME.

CLIMATE NORMAL PERIOD 1981 TO 2010
CLIMATE RECORD PERIOD 1897 TO 2017


WEATHER ITEM   OBSERVED TIME   RECORD YEAR NORMAL DEPARTURE LAST
                VALUE   (LST)  VALUE       VALUE  FROM      YEAR
                                                  NORMAL
..................................................................
TEMPERATURE (F)
 TODAY
  MAXIMUM         86    311 PM  97    1897  81      5       85
  MINIMUM         56    453 AM  44    1979  59     -3       66
  AVERAGE         71                        70      1       76

PRECIPITATION (IN)
  TODAY            0.00                      0.14  -0.14     0.01
  MONTH TO DATE    0.11                      0.68  -0.57     0.26
  SINCE JUN 1      6.95                      4.56   2.39     3.20
  SINCE JAN 1     28.25                     19.35   8.90    18.30

SNOWFALL (IN)
  TODAY            0.0                       0.0    0.0      0.0
  MONTH TO DATE    0.0                       0.0    0.0      0.0
  SINCE JUN 1      0.0                       0.0    0.0      0.0
  SINCE JUL 1      0.0                       0.0    0.0      0.0
  SNOW DEPTH       0

DEGREE DAYS
 HEATING
  TODAY            0                         1     -1        0
  MONTH TO DATE    0                         5     -5        6
  SINCE JUN 1     44                        74    -30       40
  SINCE JUL 1      0                         5     -5        6

 COOLING
  TODAY            6                         6      0       11
  MONTH TO DATE   38                        30      8       14
  SINCE JUN 1    192                       140     52      156
  SINCE JAN 1    241                       179     62      211
..................................................................


WIND (MPH)
  HIGHEST WIND SPEED    10   HIGHEST WIND DIRECTION     W (250)
  HIGHEST GUST SPEED    12   HIGHEST GUST DIRECTION     W (250)


SKY COVER
  POSSIBLE SUNSHINE  MM
  AVERAGE SKY COVER 0.4


WEATHER CONDITIONS
 THE FOLLOWING WEATHER WAS RECORDED TODAY.
  NO SIGNIFICANT WEATHER WAS OBSERVED.


RELATIVE HUMIDITY (PERCENT)
 HIGHEST    93           500 AM
 LOWEST     34           300 PM
 AVERAGE    64

..........................................................


THE YOUNGSTOWN OH CLIMATE NORMALS FOR TOMORROW
                         NORMAL    RECORD    YEAR
 MAXIMUM TEMPERATURE (F)   81        98      1988
 MINIMUM TEMPERATURE (F)   59        43      1979


SUNRISE AND SUNSET
JULY  5 2017..........SUNRISE   556 AM EDT   SUNSET   859 PM EDT
JULY  6 2017..........SUNRISE   556 AM EDT   SUNSET   858 PM EDT


-  INDICATES NEGATIVE NUMBERS.
R  INDICATES RECORD WAS SET OR TIED.
MM INDICATES DATA IS MISSING.
T  INDICATES TRACE AMOUNT.




$$
