000
CDUS41 KCLE 062115
CLIYNG


CLIMATE REPORT
NATIONAL WEATHER SERVICE CLEVELAND OH
515 PM EDT TUE SEP 6 2016


...................................

...THE YOUNGSTOWN OH CLIMATE SUMMARY FOR SEPTEMBER 6 2016...
VALID TODAY AS OF 0500 PM LOCAL TIME.

CLIMATE NORMAL PERIOD 1981 TO 2010
CLIMATE RECORD PERIOD 1897 TO 2016


WEATHER ITEM   OBSERVED TIME   RECORD YEAR NORMAL DEPARTURE LAST
                VALUE   (LST)  VALUE       VALUE  FROM      YEAR
                                                  NORMAL
..................................................................
TEMPERATURE (F)
 TODAY
  MAXIMUM         88    329 PM  93    1954  76     12       89
  MINIMUM         61    230 AM  38    1962  55      6       67
  AVERAGE         75                        65     10       78

PRECIPITATION (IN)
  TODAY            0.00                      0.12  -0.12      T
  MONTH TO DATE    0.00                      0.74  -0.74     0.30
  SINCE SEP 1      0.00                      0.74  -0.74     0.30
  SINCE JAN 1     28.50                     26.96   1.54    31.20

SNOWFALL (IN)
  TODAY            0.0                       0.0    0.0      0.0
  MONTH TO DATE    0.0                       0.0    0.0      0.0
  SINCE SEP 1      0.0                       0.0    0.0      0.0
  SINCE JUL 1      0.0                       0.0    0.0      0.0
  SNOW DEPTH       0

DEGREE DAYS
 HEATING
  TODAY            0                         2     -2        0
  MONTH TO DATE    0                        12    -12        0
  SINCE SEP 1      0                        12    -12        0
  SINCE JUL 1      6                        50    -44       29

 COOLING
  TODAY           10                         3      7       13
  MONTH TO DATE   16                        18     -2       68
  SINCE SEP 1     16                        18     -2       68
  SINCE JAN 1    759                       504    255      628
..................................................................


WIND (MPH)
  HIGHEST WIND SPEED    14   HIGHEST WIND DIRECTION     W (270)
  HIGHEST GUST SPEED    16   HIGHEST GUST DIRECTION     W (250)


SKY COVER
  POSSIBLE SUNSHINE  MM
  AVERAGE SKY COVER 0.5


WEATHER CONDITIONS
 THE FOLLOWING WEATHER WAS RECORDED TODAY.
  NO SIGNIFICANT WEATHER WAS OBSERVED.


RELATIVE HUMIDITY (PERCENT)
 HIGHEST    93           100 AM
 LOWEST     55           200 PM
 AVERAGE    74

..........................................................


THE YOUNGSTOWN OH CLIMATE NORMALS FOR TOMORROW
                         NORMAL    RECORD    YEAR
 MAXIMUM TEMPERATURE (F)   76        91      1985
 MINIMUM TEMPERATURE (F)   54        39      1986


SUNRISE AND SUNSET
SEPTEMBER  6 2016.....SUNRISE   655 AM EDT   SUNSET   746 PM EDT
SEPTEMBER  7 2016.....SUNRISE   656 AM EDT   SUNSET   745 PM EDT


-  INDICATES NEGATIVE NUMBERS.
R  INDICATES RECORD WAS SET OR TIED.
MM INDICATES DATA IS MISSING.
T  INDICATES TRACE AMOUNT.




$$
