000
CDUS41 KCLE 102114
CLIYNG


CLIMATE REPORT
NATIONAL WEATHER SERVICE CLEVELAND OH
513 PM EDT WED AUG 10 2016


...................................

...THE YOUNGSTOWN OH CLIMATE SUMMARY FOR AUGUST 10 2016...
VALID TODAY AS OF 0500 PM LOCAL TIME.

CLIMATE NORMAL PERIOD 1981 TO 2010
CLIMATE RECORD PERIOD 1897 TO 2016


WEATHER ITEM   OBSERVED TIME   RECORD YEAR NORMAL DEPARTURE LAST
                VALUE   (LST)  VALUE       VALUE  FROM      YEAR
                                                  NORMAL
..................................................................
TEMPERATURE (F)
 TODAY
  MAXIMUM         88    141 PM  96    1930  81      7       83
  MINIMUM         73    355 AM  45    1972  59     14       62
  AVERAGE         81                        70     11       73

PRECIPITATION (IN)
  TODAY            T                         0.10  -0.10     1.41
  MONTH TO DATE    0.13                      1.10  -0.97     1.41
  SINCE JUN 1      8.30                      9.29  -0.99    14.50
  SINCE JAN 1     23.40                     24.08  -0.68    29.48

SNOWFALL (IN)
  TODAY            0.0                       0.0    0.0      0.0
  MONTH TO DATE    0.0                       0.0    0.0      0.0
  SINCE JUN 1      0.0                       0.0    0.0      0.0
  SINCE JUL 1      0.0                       0.0    0.0      0.0
  SNOW DEPTH       0

DEGREE DAYS
 HEATING
  TODAY            0                         1     -1        0
  MONTH TO DATE    0                         5     -5        2
  SINCE JUN 1     40                        87    -47       51
  SINCE JUL 1      6                        18    -12        9

 COOLING
  TODAY           16                         5     11        8
  MONTH TO DATE   94                        58     36       56
  SINCE JUN 1    495                       353    142      351
  SINCE JAN 1    550                       392    158      463
..................................................................


WIND (MPH)
  HIGHEST WIND SPEED    17   HIGHEST WIND DIRECTION    NW (330)
  HIGHEST GUST SPEED    27   HIGHEST GUST DIRECTION     N (340)


SKY COVER
  POSSIBLE SUNSHINE  MM
  AVERAGE SKY COVER 0.9


WEATHER CONDITIONS
 THE FOLLOWING WEATHER WAS RECORDED TODAY.
  THUNDERSTORM
  LIGHT RAIN
  FOG


RELATIVE HUMIDITY (PERCENT)
 HIGHEST    93           100 AM
 LOWEST     61           200 PM
 AVERAGE    77

..........................................................


THE YOUNGSTOWN OH CLIMATE NORMALS FOR TOMORROW
                         NORMAL    RECORD    YEAR
 MAXIMUM TEMPERATURE (F)   81        93      1944
 MINIMUM TEMPERATURE (F)   59        44      1972


SUNRISE AND SUNSET
AUGUST 10 2016........SUNRISE   627 AM EDT   SUNSET   828 PM EDT
AUGUST 11 2016........SUNRISE   628 AM EDT   SUNSET   826 PM EDT


-  INDICATES NEGATIVE NUMBERS.
R  INDICATES RECORD WAS SET OR TIED.
MM INDICATES DATA IS MISSING.
T  INDICATES TRACE AMOUNT.




$$
