000
CDUS41 KCLE 190544
CLIYNG


CLIMATE REPORT
NATIONAL WEATHER SERVICE CLEVELAND OH
144 AM EDT TUE AUG 19 2014


...................................

...THE YOUNGSTOWN OH CLIMATE SUMMARY FOR AUGUST 18 2014...

CLIMATE NORMAL PERIOD 1981 TO 2010
CLIMATE RECORD PERIOD 1897 TO 2014


WEATHER ITEM   OBSERVED TIME   RECORD YEAR NORMAL DEPARTURE LAST
                VALUE   (LST)  VALUE       VALUE  FROM      YEAR
                                                  NORMAL
..................................................................
TEMPERATURE (F)
 YESTERDAY
  MAXIMUM         80    240 PM  94    1937  80      0       75
  MINIMUM         58    401 AM  41    1981  58      0       55
  AVERAGE         69                        69      0       65

PRECIPITATION (IN)
  YESTERDAY        0.00                      0.10  -0.10     0.01
  MONTH TO DATE    3.30                      1.87   1.43     1.19
  SINCE JUN 1     11.51                     10.06   1.45    14.01
  SINCE JAN 1     26.60                     24.85   1.75    25.78

SNOWFALL (IN)
  YESTERDAY        0.0                       0.0    0.0      0.0
  MONTH TO DATE    0.0                       0.0    0.0      0.0
  SINCE JUN 1      0.0                       0.0    0.0       T
  SINCE JUL 1      0.0                       0.0    0.0      0.0
  SNOW DEPTH       0

DEGREE DAYS
 HEATING
  YESTERDAY        0                         1     -1        0
  MONTH TO DATE   17                        13      4       25
  SINCE JUN 1     73                        95    -22       94
  SINCE JUL 1     45                        26     19       38

 COOLING
  YESTERDAY        4                         5     -1        0
  MONTH TO DATE   55                        98    -43       34
  SINCE JUN 1    338                       393    -55      372
  SINCE JAN 1    393                       432    -39      460
..................................................................


WIND (MPH)
  HIGHEST WIND SPEED    13   HIGHEST WIND DIRECTION     N (360)
  HIGHEST GUST SPEED    16   HIGHEST GUST DIRECTION     N (350)
  AVERAGE WIND SPEED     5.8


SKY COVER
  POSSIBLE SUNSHINE  MM
  AVERAGE SKY COVER 0.7


WEATHER CONDITIONS
 THE FOLLOWING WEATHER WAS RECORDED YESTERDAY.
  NO SIGNIFICANT WEATHER WAS OBSERVED.


RELATIVE HUMIDITY (PERCENT)
 HIGHEST    93           300 AM
 LOWEST     45           200 PM
 AVERAGE    69

..........................................................


THE YOUNGSTOWN OH CLIMATE NORMALS FOR TODAY
                         NORMAL    RECORD    YEAR
 MAXIMUM TEMPERATURE (F)   80        92      1947
 MINIMUM TEMPERATURE (F)   58        46      1953


SUNRISE AND SUNSET
AUGUST 19 2014........SUNRISE   636 AM EDT   SUNSET   816 PM EDT
AUGUST 20 2014........SUNRISE   637 AM EDT   SUNSET   814 PM EDT


-  INDICATES NEGATIVE NUMBERS.
R  INDICATES RECORD WAS SET OR TIED.
MM INDICATES DATA IS MISSING.
T  INDICATES TRACE AMOUNT.




$$
