543
CDUS41 KCLE 210527
CLIYNG


CLIMATE REPORT
NATIONAL WEATHER SERVICE CLEVELAND OH
1226 AM EST TUE NOV 21 2017


...................................

...THE YOUNGSTOWN OH CLIMATE SUMMARY FOR NOVEMBER 20 2017...

CLIMATE NORMAL PERIOD 1981 TO 2010
CLIMATE RECORD PERIOD 1897 TO 2017


WEATHER ITEM   OBSERVED TIME   RECORD YEAR NORMAL DEPARTURE LAST
                VALUE   (LST)  VALUE       VALUE  FROM      YEAR
                                                  NORMAL
..................................................................
TEMPERATURE (F)
 YESTERDAY
  MAXIMUM         42    421 PM  74    1931  47     -5       33
  MINIMUM         28    751 AM  14    1951  33     -5       29
  AVERAGE         35                        40     -5       31

PRECIPITATION (IN)
  YESTERDAY        T                         0.10  -0.10     0.27
  MONTH TO DATE    5.19                      2.09   3.10     1.14
  SINCE SEP 1      8.90                      8.61   0.29    11.45
  SINCE JAN 1     41.62                     34.83   6.79    39.95

SNOWFALL (IN)
  YESTERDAY        T                         0.1   -0.1      2.7
  MONTH TO DATE    1.0                       1.6   -0.6      4.4
  SINCE SEP 1      1.0                       2.4   -1.4      4.4
  SINCE JUL 1      1.0                       2.4   -1.4      4.4
  SNOW DEPTH       T

DEGREE DAYS
 HEATING
  YESTERDAY       30                        25      5       34
  MONTH TO DATE  488                       434     54      347
  SINCE SEP 1    853                      1017   -164      712
  SINCE JUL 1    869                      1055   -186      718

 COOLING
  YESTERDAY        0                         0      0        0
  MONTH TO DATE    0                         0      0        3
  SINCE SEP 1    125                        58     67      136
  SINCE JAN 1    658                       544    114      879
..................................................................


WIND (MPH)
  HIGHEST WIND SPEED    21   HIGHEST WIND DIRECTION     W (260)
  HIGHEST GUST SPEED    27   HIGHEST GUST DIRECTION    SW (210)
  AVERAGE WIND SPEED    11.2


SKY COVER
  POSSIBLE SUNSHINE  MM
  AVERAGE SKY COVER 0.7


WEATHER CONDITIONS
 THE FOLLOWING WEATHER WAS RECORDED YESTERDAY.
  LIGHT SNOW


RELATIVE HUMIDITY (PERCENT)
 HIGHEST    78           900 AM
 LOWEST     49           300 PM
 AVERAGE    64

..........................................................


THE YOUNGSTOWN OH CLIMATE NORMALS FOR TODAY
                         NORMAL    RECORD    YEAR
 MAXIMUM TEMPERATURE (F)   47        71      1930
 MINIMUM TEMPERATURE (F)   33         9      1951


SUNRISE AND SUNSET
NOVEMBER 21 2017......SUNRISE   718 AM EST   SUNSET   459 PM EST
NOVEMBER 22 2017......SUNRISE   719 AM EST   SUNSET   458 PM EST


-  INDICATES NEGATIVE NUMBERS.
R  INDICATES RECORD WAS SET OR TIED.
MM INDICATES DATA IS MISSING.
T  INDICATES TRACE AMOUNT.




$$
