055
CDUS41 KCLE 080529
CLIYNG


CLIMATE REPORT
NATIONAL WEATHER SERVICE CLEVELAND OH
1228 AM EST THU FEB 8 2018


...................................

...THE YOUNGSTOWN OH CLIMATE SUMMARY FOR FEBRUARY 7 2018...

CLIMATE NORMAL PERIOD 1981 TO 2010
CLIMATE RECORD PERIOD 1897 TO 2018


WEATHER ITEM   OBSERVED TIME   RECORD YEAR NORMAL DEPARTURE LAST
                VALUE   (LST)  VALUE       VALUE  FROM      YEAR
                                                  NORMAL
..................................................................
TEMPERATURE (F)
 YESTERDAY
  MAXIMUM         25    134 PM  59    2017  34     -9       59
  MINIMUM         16    856 PM  -3    1988  20     -4       42
  AVERAGE         21                        27     -6       51

PRECIPITATION (IN)
  YESTERDAY        0.41                      0.08   0.33     0.86
  MONTH TO DATE    0.80                      0.53   0.27     0.96
  SINCE DEC 1      6.05                      6.07  -0.02     9.88
  SINCE JAN 1      3.94                      3.08   0.86     6.31

SNOWFALL (IN)
  YESTERDAY        6.4                       0.4    6.0      0.0
  MONTH TO DATE   13.3                       3.2   10.1      0.7
  SINCE DEC 1     55.4                      34.8   20.6     37.6
  SINCE JUL 1     56.4                      39.2   17.2     42.0
  SNOW DEPTH       6

DEGREE DAYS
 HEATING
  YESTERDAY       44                        38      6       14
  MONTH TO DATE  298                       269     29      233
  SINCE DEC 1   2698                      2563    135     2314
  SINCE JUL 1   3796                      3892    -96     3286

 COOLING
  YESTERDAY        0                         0      0        0
  MONTH TO DATE    0                         0      0        0
  SINCE DEC 1      0                         0      0        0
  SINCE JAN 1      0                         0      0        0
..................................................................


WIND (MPH)
  HIGHEST WIND SPEED    21   HIGHEST WIND DIRECTION    NW (330)
  HIGHEST GUST SPEED    25   HIGHEST GUST DIRECTION    NW (330)
  AVERAGE WIND SPEED     9.2


SKY COVER
  POSSIBLE SUNSHINE  MM
  AVERAGE SKY COVER 1.0


WEATHER CONDITIONS
 THE FOLLOWING WEATHER WAS RECORDED YESTERDAY.
  SNOW
  LIGHT SNOW
  FOG
  FOG W/VISIBILITY <= 1/4 MILE


RELATIVE HUMIDITY (PERCENT)
 HIGHEST    92           600 AM
 LOWEST     73           700 PM
 AVERAGE    83

..........................................................


THE YOUNGSTOWN OH CLIMATE NORMALS FOR TODAY
                         NORMAL    RECORD    YEAR
 MAXIMUM TEMPERATURE (F)   35        57      2001
 MINIMUM TEMPERATURE (F)   20        -9      1977


SUNRISE AND SUNSET
FEBRUARY  8 2018......SUNRISE   726 AM EST   SUNSET   548 PM EST
FEBRUARY  9 2018......SUNRISE   725 AM EST   SUNSET   549 PM EST


-  INDICATES NEGATIVE NUMBERS.
R  INDICATES RECORD WAS SET OR TIED.
MM INDICATES DATA IS MISSING.
T  INDICATES TRACE AMOUNT.




$$
