000
CDUS41 KCLE 100545
CLIYNG


CLIMATE REPORT
NATIONAL WEATHER SERVICE CLEVELAND OH
145 AM EDT WED MAY 10 2017


...................................

...THE YOUNGSTOWN OH CLIMATE SUMMARY FOR MAY 9 2017...

CLIMATE NORMAL PERIOD 1981 TO 2010
CLIMATE RECORD PERIOD 1897 TO 2017


WEATHER ITEM   OBSERVED TIME   RECORD YEAR NORMAL DEPARTURE LAST
                VALUE   (LST)  VALUE       VALUE  FROM      YEAR
                                                  NORMAL
..................................................................
TEMPERATURE (F)
 YESTERDAY
  MAXIMUM         64    440 PM  89    1936  67     -3       61
  MINIMUM         29    528 AM  28    1983  45    -16       42
  AVERAGE         47                        56     -9       52

PRECIPITATION (IN)
  YESTERDAY        0.00                      0.12  -0.12     0.00
  MONTH TO DATE    1.86                      1.02   0.84     0.68
  SINCE MAR 1     10.74                      7.32   3.42     8.30
  SINCE JAN 1     18.62                     12.02   6.60    13.49

SNOWFALL (IN)
  YESTERDAY        0.0                       0.0    0.0      0.0
  MONTH TO DATE    0.0                       0.0    0.0      0.0
  SINCE MAR 1     22.1                      13.9    8.2     13.1
  SINCE JUL 1     69.5                      62.7    6.8     44.7
  SNOW DEPTH       0

DEGREE DAYS
 HEATING
  YESTERDAY       18                        10      8       13
  MONTH TO DATE  144                        96     48      108
  SINCE MAR 1   1325                      1475   -150     1267
  SINCE JUL 1   5109                      6123  -1014     5115

 COOLING
  YESTERDAY        0                         1     -1        0
  MONTH TO DATE    0                         2     -2        0
  SINCE MAR 1     16                        11      5        0
  SINCE JAN 1     16                        11      5        0
..................................................................


WIND (MPH)
  HIGHEST WIND SPEED    17   HIGHEST WIND DIRECTION     N (350)
  HIGHEST GUST SPEED    19   HIGHEST GUST DIRECTION     N (360)
  AVERAGE WIND SPEED     4.2


SKY COVER
  POSSIBLE SUNSHINE  MM
  AVERAGE SKY COVER 0.4


WEATHER CONDITIONS
 THE FOLLOWING WEATHER WAS RECORDED YESTERDAY.
  NO SIGNIFICANT WEATHER WAS OBSERVED.


RELATIVE HUMIDITY (PERCENT)
 HIGHEST    85           600 AM
 LOWEST     26           400 PM
 AVERAGE    56

..........................................................


THE YOUNGSTOWN OH CLIMATE NORMALS FOR TODAY
                         NORMAL    RECORD    YEAR
 MAXIMUM TEMPERATURE (F)   67        87      1936
 MINIMUM TEMPERATURE (F)   45        24      1966


SUNRISE AND SUNSET
MAY 10 2017...........SUNRISE   609 AM EDT   SUNSET   830 PM EDT
MAY 11 2017...........SUNRISE   608 AM EDT   SUNSET   831 PM EDT


-  INDICATES NEGATIVE NUMBERS.
R  INDICATES RECORD WAS SET OR TIED.
MM INDICATES DATA IS MISSING.
T  INDICATES TRACE AMOUNT.




$$
