000
CDUS41 KCLE 100545
CLIYNG


CLIMATE REPORT
NATIONAL WEATHER SERVICE CLEVELAND OH
145 AM EDT TUE MAY 10 2016


...................................

...THE YOUNGSTOWN OH CLIMATE SUMMARY FOR MAY 9 2016...

CLIMATE NORMAL PERIOD 1981 TO 2010
CLIMATE RECORD PERIOD 1897 TO 2016


WEATHER ITEM   OBSERVED TIME   RECORD YEAR NORMAL DEPARTURE LAST
                VALUE   (LST)  VALUE       VALUE  FROM      YEAR
                                                  NORMAL
..................................................................
TEMPERATURE (F)
 YESTERDAY
  MAXIMUM         61    150 PM  89    1936  67     -6       88
  MINIMUM         42    621 AM  28    1983  45     -3       62
  AVERAGE         52                        56     -4       75

PRECIPITATION (IN)
  YESTERDAY        0.00                      0.12  -0.12     0.34
  MONTH TO DATE    0.68                      1.02  -0.34     0.39
  SINCE MAR 1      8.30                      7.32   0.98     5.60
  SINCE JAN 1     13.49                     12.02   1.47    10.83

SNOWFALL (IN)
  YESTERDAY        0.0                       0.0    0.0      0.0
  MONTH TO DATE    0.0                       0.0    0.0      0.0
  SINCE MAR 1     13.1                      13.9   -0.8      9.5
  SINCE JUL 1     44.7                      62.7  -18.0     79.0
  SNOW DEPTH       0

DEGREE DAYS
 HEATING
  YESTERDAY       13                        10      3        0
  MONTH TO DATE  108                        96     12       26
  SINCE MAR 1   1267                      1475   -208     1457
  SINCE JUL 1   5115                      6123  -1008     6575

 COOLING
  YESTERDAY        0                         1     -1       10
  MONTH TO DATE    0                         2     -2       29
  SINCE MAR 1      0                        11    -11       29
  SINCE JAN 1      0                        11    -11       29
..................................................................


WIND (MPH)
  HIGHEST WIND SPEED    13   HIGHEST WIND DIRECTION    SW (230)
  HIGHEST GUST SPEED    15   HIGHEST GUST DIRECTION    SW (240)
  AVERAGE WIND SPEED     4.4


SKY COVER
  POSSIBLE SUNSHINE  MM
  AVERAGE SKY COVER 0.9


WEATHER CONDITIONS
 THE FOLLOWING WEATHER WAS RECORDED YESTERDAY.
  NO SIGNIFICANT WEATHER WAS OBSERVED.


RELATIVE HUMIDITY (PERCENT)
 HIGHEST    83           600 AM
 LOWEST     28           700 PM
 AVERAGE    56

..........................................................


THE YOUNGSTOWN OH CLIMATE NORMALS FOR TODAY
                         NORMAL    RECORD    YEAR
 MAXIMUM TEMPERATURE (F)   67        87      1936
 MINIMUM TEMPERATURE (F)   45        24      1966


SUNRISE AND SUNSET
MAY 10 2016...........SUNRISE   609 AM EDT   SUNSET   830 PM EDT
MAY 11 2016...........SUNRISE   608 AM EDT   SUNSET   831 PM EDT


-  INDICATES NEGATIVE NUMBERS.
R  INDICATES RECORD WAS SET OR TIED.
MM INDICATES DATA IS MISSING.
T  INDICATES TRACE AMOUNT.




$$
