000
CDUS41 KCLE 080545
CLIYNG


CLIMATE REPORT
NATIONAL WEATHER SERVICE CLEVELAND OH
145 AM EDT THU JUN 8 2017


...................................

...THE YOUNGSTOWN OH CLIMATE SUMMARY FOR JUNE 7 2017...

CLIMATE NORMAL PERIOD 1981 TO 2010
CLIMATE RECORD PERIOD 1897 TO 2017


WEATHER ITEM   OBSERVED TIME   RECORD YEAR NORMAL DEPARTURE LAST
                VALUE   (LST)  VALUE       VALUE  FROM      YEAR
                                                  NORMAL
..................................................................
TEMPERATURE (F)
 YESTERDAY
  MAXIMUM         63    619 PM  92    1942  75    -12       68
                                      1933
  MINIMUM         48   1158 PM  35    1958  53     -5       54
  AVERAGE         56                        64     -8       61

PRECIPITATION (IN)
  YESTERDAY        0.00                      0.13  -0.13     0.05
  MONTH TO DATE    0.19                      0.90  -0.71     1.02
  SINCE JUN 1      0.19                      0.90  -0.71     1.02
  SINCE JAN 1     21.49                     15.69   5.80    16.12

SNOWFALL (IN)
  YESTERDAY        0.0                       0.0    0.0      0.0
  MONTH TO DATE    0.0                       0.0    0.0      0.0
  SINCE JUN 1      0.0                       0.0    0.0      0.0
  SINCE JUL 1     69.5                      62.7    6.8     44.9
  SNOW DEPTH       0

DEGREE DAYS
 HEATING
  YESTERDAY        9                         3      6        4
  MONTH TO DATE   25                        28     -3        4
  SINCE JUN 1     25                        28     -3        4
  SINCE JUL 1   5241                      6308  -1067     5257

 COOLING
  YESTERDAY        0                         2     -2        0
  MONTH TO DATE    5                        14     -9       30
  SINCE JUN 1      5                        14     -9       30
  SINCE JAN 1     54                        53      1       85
..................................................................


WIND (MPH)
  HIGHEST WIND SPEED    16   HIGHEST WIND DIRECTION    NE (30)
  HIGHEST GUST SPEED    20   HIGHEST GUST DIRECTION     N (20)
  AVERAGE WIND SPEED     7.7


SKY COVER
  POSSIBLE SUNSHINE  MM
  AVERAGE SKY COVER 0.9


WEATHER CONDITIONS
 THE FOLLOWING WEATHER WAS RECORDED YESTERDAY.
  NO SIGNIFICANT WEATHER WAS OBSERVED.


RELATIVE HUMIDITY (PERCENT)
 HIGHEST    93          1100 PM
 LOWEST     60           300 PM
 AVERAGE    77

..........................................................


THE YOUNGSTOWN OH CLIMATE NORMALS FOR TODAY
                         NORMAL    RECORD    YEAR
 MAXIMUM TEMPERATURE (F)   75        99      1933
 MINIMUM TEMPERATURE (F)   54        35      1949


SUNRISE AND SUNSET
JUNE  8 2017..........SUNRISE   550 AM EDT   SUNSET   854 PM EDT
JUNE  9 2017..........SUNRISE   549 AM EDT   SUNSET   855 PM EDT


-  INDICATES NEGATIVE NUMBERS.
R  INDICATES RECORD WAS SET OR TIED.
MM INDICATES DATA IS MISSING.
T  INDICATES TRACE AMOUNT.




$$
