000
CDUS41 KCLE 212123
CLIYNG


CLIMATE REPORT
NATIONAL WEATHER SERVICE CLEVELAND OH
522 PM EDT THU APR 21 2016


...................................

...THE YOUNGSTOWN OH CLIMATE SUMMARY FOR APRIL 21 2016...
VALID TODAY AS OF 0500 PM LOCAL TIME.

CLIMATE NORMAL PERIOD 1981 TO 2010
CLIMATE RECORD PERIOD 1897 TO 2016


WEATHER ITEM   OBSERVED TIME   RECORD YEAR NORMAL DEPARTURE LAST
                VALUE   (LST)  VALUE       VALUE  FROM      YEAR
                                                  NORMAL
..................................................................
TEMPERATURE (F)
 TODAY
  MAXIMUM         70    120 PM  85    1985  61      9       56
  MINIMUM         55    547 AM  23    2013  40     15       42
  AVERAGE         63                        51     12       49

PRECIPITATION (IN)
  TODAY            T                         0.11  -0.11      T
  MONTH TO DATE    2.59                      2.40   0.19     2.60
  SINCE MAR 1      6.40                      5.34   1.06     4.93
  SINCE JAN 1     11.59                     10.04   1.55    10.16

SNOWFALL (IN)
  TODAY            0.0                       0.0    0.0      0.0
  MONTH TO DATE    6.4                       2.8    3.6      0.2
  SINCE MAR 1     10.7                      13.7   -3.0      8.8
  SINCE JUL 1     42.3                      62.5  -20.2     78.3
  SNOW DEPTH       0

DEGREE DAYS
 HEATING
  TODAY            2                        15    -13       16
  MONTH TO DATE  420                       384     36      245
  SINCE MAR 1   1034                      1260   -226     1233
  SINCE JUL 1   4882                      5908  -1026     6351

 COOLING
  TODAY            0                         0      0        0
  MONTH TO DATE    0                         0      0        0
  SINCE MAR 1      0                         1     -1        0
  SINCE JAN 1      0                         1     -1        0
..................................................................


WIND (MPH)
  HIGHEST WIND SPEED    15   HIGHEST WIND DIRECTION    SW (240)
  HIGHEST GUST SPEED    19   HIGHEST GUST DIRECTION     S (180)


SKY COVER
  POSSIBLE SUNSHINE  MM
  AVERAGE SKY COVER 1.0


WEATHER CONDITIONS
 THE FOLLOWING WEATHER WAS RECORDED TODAY.
  LIGHT RAIN


RELATIVE HUMIDITY (PERCENT)
 HIGHEST    40          1200 PM
 LOWEST     26          1200 AM
 AVERAGE    33

..........................................................


THE YOUNGSTOWN OH CLIMATE NORMALS FOR TOMORROW
                         NORMAL    RECORD    YEAR
 MAXIMUM TEMPERATURE (F)   62        83      1985
 MINIMUM TEMPERATURE (F)   40        20      1975


SUNRISE AND SUNSET
APRIL 21 2016.........SUNRISE   633 AM EDT   SUNSET   810 PM EDT
APRIL 22 2016.........SUNRISE   632 AM EDT   SUNSET   811 PM EDT


-  INDICATES NEGATIVE NUMBERS.
R  INDICATES RECORD WAS SET OR TIED.
MM INDICATES DATA IS MISSING.
T  INDICATES TRACE AMOUNT.




$$
