000
CDUS41 KCLE 150528
CLIYNG


CLIMATE REPORT
NATIONAL WEATHER SERVICE CLEVELAND OH
1228 AM EST TUE NOV 15 2016


...................................

...THE YOUNGSTOWN OH CLIMATE SUMMARY FOR NOVEMBER 14 2016...

CLIMATE NORMAL PERIOD 1981 TO 2010
CLIMATE RECORD PERIOD 1897 TO 2016


WEATHER ITEM   OBSERVED TIME   RECORD YEAR NORMAL DEPARTURE LAST
                VALUE   (LST)  VALUE       VALUE  FROM      YEAR
                                                  NORMAL
..................................................................
TEMPERATURE (F)
 YESTERDAY
  MAXIMUM         57    113 PM  69    1994  50      7       46
  MINIMUM         25    717 AM  12    1986  35    -10       35
  AVERAGE         41                        42     -1       41

PRECIPITATION (IN)
  YESTERDAY        0.00                      0.10  -0.10     0.01
  MONTH TO DATE    0.51                      1.43  -0.92     1.17
  SINCE SEP 1     10.82                      7.95   2.87     8.60
  SINCE JAN 1     39.32                     34.17   5.15    39.50

SNOWFALL (IN)
  YESTERDAY        0.0                       0.1   -0.1       T
  MONTH TO DATE    0.0                       1.0   -1.0       T
  SINCE SEP 1      0.0                       1.8   -1.8      0.4
  SINCE JUL 1      0.0                       1.8   -1.8      0.4
  SNOW DEPTH       0

DEGREE DAYS
 HEATING
  YESTERDAY       24                        23      1       24
  MONTH TO DATE  222                       289    -67      193
  SINCE SEP 1    587                       872   -285      636
  SINCE JUL 1    593                       910   -317      665

 COOLING
  YESTERDAY        0                         0      0        0
  MONTH TO DATE    3                         0      3        2
  SINCE SEP 1    136                        58     78      121
  SINCE JAN 1    879                       544    335      681
..................................................................


WIND (MPH)
  HIGHEST WIND SPEED    13   HIGHEST WIND DIRECTION    SW (210)
  HIGHEST GUST SPEED    18   HIGHEST GUST DIRECTION     S (200)
  AVERAGE WIND SPEED     6.1


SKY COVER
  POSSIBLE SUNSHINE  MM
  AVERAGE SKY COVER 0.5


WEATHER CONDITIONS
 THE FOLLOWING WEATHER WAS RECORDED YESTERDAY.
  FOG


RELATIVE HUMIDITY (PERCENT)
 HIGHEST    75           700 AM
 LOWEST     26           100 PM
 AVERAGE    51

..........................................................


THE YOUNGSTOWN OH CLIMATE NORMALS FOR TODAY
                         NORMAL    RECORD    YEAR
 MAXIMUM TEMPERATURE (F)   49        70      1971
                                             1956
 MINIMUM TEMPERATURE (F)   34        13      1996
                                             1933


SUNRISE AND SUNSET
NOVEMBER 15 2016......SUNRISE   711 AM EST   SUNSET   503 PM EST
NOVEMBER 16 2016......SUNRISE   713 AM EST   SUNSET   502 PM EST


-  INDICATES NEGATIVE NUMBERS.
R  INDICATES RECORD WAS SET OR TIED.
MM INDICATES DATA IS MISSING.
T  INDICATES TRACE AMOUNT.




$$
