000
CDUS41 KCLE 060537
CLIYNG


CLIMATE REPORT
NATIONAL WEATHER SERVICE CLEVELAND OH
135 AM EDT WED JUL 6 2016


...................................

...THE YOUNGSTOWN OH CLIMATE SUMMARY FOR JULY 5 2016...

CLIMATE NORMAL PERIOD 1981 TO 2010
CLIMATE RECORD PERIOD 1897 TO 2016


WEATHER ITEM   OBSERVED TIME   RECORD YEAR NORMAL DEPARTURE LAST
                VALUE   (LST)  VALUE       VALUE  FROM      YEAR
                                                  NORMAL
..................................................................
TEMPERATURE (F)
 YESTERDAY
  MAXIMUM         85    457 PM  97    1897  81      4       80
  MINIMUM         66   1131 PM  44    1979  59      7       52
  AVERAGE         76                        70      6       66

PRECIPITATION (IN)
  YESTERDAY        0.01                      0.14  -0.13     0.00
  MONTH TO DATE    0.26                      0.68  -0.42     0.20
  SINCE JUN 1      3.20                      4.56  -1.36     9.22
  SINCE JAN 1     18.30                     19.35  -1.05    24.20

SNOWFALL (IN)
  YESTERDAY        0.0                       0.0    0.0      0.0
  MONTH TO DATE    0.0                       0.0    0.0      0.0
  SINCE JUN 1      0.0                       0.0    0.0      0.0
  SINCE JUL 1      0.0                       0.0    0.0      0.0
  SNOW DEPTH       0

DEGREE DAYS
 HEATING
  YESTERDAY        0                         1     -1        0
  MONTH TO DATE    6                         5      1        2
  SINCE JUN 1     40                        74    -34       44
  SINCE JUL 1      6                         5      1        2

 COOLING
  YESTERDAY       11                         6      5        1
  MONTH TO DATE   14                        30    -16        5
  SINCE JUN 1    156                       140     16      115
  SINCE JAN 1    211                       179     32      227
..................................................................


WIND (MPH)
  HIGHEST WIND SPEED    13   HIGHEST WIND DIRECTION    NW (330)
  HIGHEST GUST SPEED    16   HIGHEST GUST DIRECTION     N (10)
  AVERAGE WIND SPEED     5.6


SKY COVER
  POSSIBLE SUNSHINE  MM
  AVERAGE SKY COVER 0.7


WEATHER CONDITIONS
 THE FOLLOWING WEATHER WAS RECORDED YESTERDAY.
  FOG
  HAZE


RELATIVE HUMIDITY (PERCENT)
 HIGHEST    84          1000 PM
 LOWEST     55           400 PM
 AVERAGE    70

..........................................................


THE YOUNGSTOWN OH CLIMATE NORMALS FOR TODAY
                         NORMAL    RECORD    YEAR
 MAXIMUM TEMPERATURE (F)   81        98      1988
 MINIMUM TEMPERATURE (F)   59        43      1979


SUNRISE AND SUNSET
JULY  6 2016..........SUNRISE   557 AM EDT   SUNSET   858 PM EDT
JULY  7 2016..........SUNRISE   557 AM EDT   SUNSET   858 PM EDT


-  INDICATES NEGATIVE NUMBERS.
R  INDICATES RECORD WAS SET OR TIED.
MM INDICATES DATA IS MISSING.
T  INDICATES TRACE AMOUNT.




$$
