000
CDUS41 KCLE 290538
CLIYNG


CLIMATE REPORT
NATIONAL WEATHER SERVICE CLEVELAND OH
1237 AM EST FRI DEC 29 2017


...................................

...THE YOUNGSTOWN OH CLIMATE SUMMARY FOR DECEMBER 28 2017...

CLIMATE NORMAL PERIOD 1981 TO 2010
CLIMATE RECORD PERIOD 1897 TO 2017


WEATHER ITEM   OBSERVED TIME   RECORD YEAR NORMAL DEPARTURE LAST
                VALUE   (LST)  VALUE       VALUE  FROM      YEAR
                                                  NORMAL
..................................................................
TEMPERATURE (F)
 YESTERDAY
  MAXIMUM         16    429 PM  69    1982  33    -17       38
  MINIMUM          1    457 AM  -7    1950  21    -20       28
  AVERAGE          9                        27    -18       33

PRECIPITATION (IN)
  YESTERDAY        T                         0.09  -0.09      T
  MONTH TO DATE    1.92                      2.72  -0.80     3.08
  SINCE DEC 1      1.92                      2.72  -0.80     3.08
  SINCE JAN 1     43.78                     38.64   5.14    43.85

SNOWFALL (IN)
  YESTERDAY        T                         0.6   -0.6       T
  MONTH TO DATE   14.0                      13.5    0.5     18.5
  SINCE DEC 1     14.0                      13.5    0.5     18.5
  SINCE JUL 1     15.0                      17.9   -2.9     22.9
  SNOW DEPTH       1

DEGREE DAYS
 HEATING
  YESTERDAY       56                        38     18       32
  MONTH TO DATE  992                       962     30      978
  SINCE DEC 1    992                       962     30      978
  SINCE JUL 1   2090                      2291   -201     1950

 COOLING
  YESTERDAY        0                         0      0        0
  MONTH TO DATE    0                         0      0        0
  SINCE DEC 1      0                         0      0        0
  SINCE JAN 1    658                       544    114      879
..................................................................


WIND (MPH)
  HIGHEST WIND SPEED     8   HIGHEST WIND DIRECTION     E (100)
  HIGHEST GUST SPEED    10   HIGHEST GUST DIRECTION    NW (310)
  AVERAGE WIND SPEED     3.1


SKY COVER
  POSSIBLE SUNSHINE  MM
  AVERAGE SKY COVER 0.7


WEATHER CONDITIONS
 THE FOLLOWING WEATHER WAS RECORDED YESTERDAY.
  LIGHT SNOW
  HAZE


RELATIVE HUMIDITY (PERCENT)
 HIGHEST    87           400 AM
 LOWEST     53           400 PM
 AVERAGE    70

..........................................................


THE YOUNGSTOWN OH CLIMATE NORMALS FOR TODAY
                         NORMAL    RECORD    YEAR
 MAXIMUM TEMPERATURE (F)   33        62      1984
 MINIMUM TEMPERATURE (F)   20        -5      1961


SUNRISE AND SUNSET
DECEMBER 29 2017......SUNRISE   748 AM EST   SUNSET   502 PM EST
DECEMBER 30 2017......SUNRISE   748 AM EST   SUNSET   503 PM EST


-  INDICATES NEGATIVE NUMBERS.
R  INDICATES RECORD WAS SET OR TIED.
MM INDICATES DATA IS MISSING.
T  INDICATES TRACE AMOUNT.




$$
