000
CDUS41 KCLE 062210
CLIYNG


CLIMATE REPORT
NATIONAL WEATHER SERVICE CLEVELAND OH
510 PM EST MON FEB 6 2017


...................................

...THE YOUNGSTOWN OH CLIMATE SUMMARY FOR FEBRUARY 6 2017...
VALID TODAY AS OF 0500 PM LOCAL TIME.

CLIMATE NORMAL PERIOD 1981 TO 2010
CLIMATE RECORD PERIOD 1897 TO 2017


WEATHER ITEM   OBSERVED TIME   RECORD YEAR NORMAL DEPARTURE LAST
                VALUE   (LST)  VALUE       VALUE  FROM      YEAR
                                                  NORMAL
..................................................................
TEMPERATURE (F)
 TODAY
  MAXIMUM         50    359 PM  62    1938  34     16       40
  MINIMUM         24    606 AM  -7    1979  20      4       27
  AVERAGE         37                        27     10       34

PRECIPITATION (IN)
  TODAY            0.00                      0.08  -0.08     0.00
  MONTH TO DATE    0.06                      0.45  -0.39     1.04
  SINCE DEC 1      8.98                      5.99   2.99     6.64
  SINCE JAN 1      5.41                      3.00   2.41     2.45

SNOWFALL (IN)
  TODAY            0.0                       0.5   -0.5      0.0
  MONTH TO DATE    0.7                       2.8   -2.1      1.3
  SINCE DEC 1     37.6                      34.4    3.2     13.9
  SINCE JUL 1     42.0                      38.8    3.2     14.3
  SNOW DEPTH       0

DEGREE DAYS
 HEATING
  TODAY           28                        38    -10       31
  MONTH TO DATE  219                       231    -12      169
  SINCE DEC 1   2300                      2525   -225     2058
  SINCE JUL 1   3272                      3854   -582     3060

 COOLING
  TODAY            0                         0      0        0
  MONTH TO DATE    0                         0      0        0
  SINCE DEC 1      0                         0      0        0
  SINCE JAN 1      0                         0      0        0
..................................................................


WIND (MPH)
  HIGHEST WIND SPEED    14   HIGHEST WIND DIRECTION    SW (210)
  HIGHEST GUST SPEED    19   HIGHEST GUST DIRECTION     S (200)


SKY COVER
  POSSIBLE SUNSHINE  MM
  AVERAGE SKY COVER 0.5


WEATHER CONDITIONS
 THE FOLLOWING WEATHER WAS RECORDED TODAY.
  FOG
  HAZE


RELATIVE HUMIDITY (PERCENT)
 HIGHEST    92           500 AM
 LOWEST     50           400 PM
 AVERAGE    71

..........................................................


THE YOUNGSTOWN OH CLIMATE NORMALS FOR TOMORROW
                         NORMAL    RECORD    YEAR
 MAXIMUM TEMPERATURE (F)   34        57      1938
 MINIMUM TEMPERATURE (F)   20        -3      1988


SUNRISE AND SUNSET
FEBRUARY  6 2017......SUNRISE   728 AM EST   SUNSET   546 PM EST
FEBRUARY  7 2017......SUNRISE   727 AM EST   SUNSET   547 PM EST


-  INDICATES NEGATIVE NUMBERS.
R  INDICATES RECORD WAS SET OR TIED.
MM INDICATES DATA IS MISSING.
T  INDICATES TRACE AMOUNT.




$$
