000
CDUS41 KCLE 040541
CLIYNG


CLIMATE REPORT
NATIONAL WEATHER SERVICE CLEVELAND OH
140 AM EDT FRI APR 4 2014


...................................

...THE YOUNGSTOWN OH CLIMATE SUMMARY FOR APRIL 3 2014...

CLIMATE NORMAL PERIOD 1981 TO 2010
CLIMATE RECORD PERIOD 1897 TO 2014


WEATHER ITEM   OBSERVED TIME   RECORD YEAR NORMAL DEPARTURE LAST
                VALUE   (LST)  VALUE       VALUE  FROM      YEAR
                                                  NORMAL
..................................................................
TEMPERATURE (F)
 YESTERDAY
  MAXIMUM         52        MM  84    2010  54     -2       37
  MINIMUM         36        MM  17    1965  34      2       21
                                      1954
  AVERAGE         44                        44      0       29

PRECIPITATION (IN)
  YESTERDAY        0.60                      0.12   0.48      T
  MONTH TO DATE    0.60                      0.35   0.25     0.06
  SINCE MAR 1      2.54                      3.29  -0.75     2.77
  SINCE JAN 1      7.23                      7.99  -0.76     7.07

SNOWFALL (IN)
  YESTERDAY        0.0                       0.2   -0.2       T
  MONTH TO DATE    0.0                       0.6   -0.6      0.6
  SINCE MAR 1      7.9                      11.5   -3.6     20.5
  SINCE JUL 1     88.9                      60.3   28.6     80.9
  SNOW DEPTH       0

DEGREE DAYS
 HEATING
  YESTERDAY       21                        21      0       36
  MONTH TO DATE   45                        65    -20       99
  SINCE MAR 1   1123                       941    182     1073
  SINCE JUL 1   6191                      5589    602     5515

 COOLING
  YESTERDAY        0                         0      0        0
  MONTH TO DATE    0                         0      0        0
  SINCE MAR 1      0                         1     -1        0
  SINCE JAN 1      0                         1     -1        0
..................................................................


WIND (MPH)
  HIGHEST WIND SPEED    17   HIGHEST WIND DIRECTION     E (100)
  HIGHEST GUST SPEED    23   HIGHEST GUST DIRECTION     E (100)
  AVERAGE WIND SPEED     9.8


SKY COVER
  POSSIBLE SUNSHINE  MM
  AVERAGE SKY COVER 1.0


WEATHER CONDITIONS
 THE FOLLOWING WEATHER WAS RECORDED YESTERDAY.
  RAIN
  LIGHT RAIN
  FOG


RELATIVE HUMIDITY (PERCENT)
 HIGHEST    93           800 PM
 LOWEST     39          1000 AM
 AVERAGE    66

..........................................................


THE YOUNGSTOWN OH CLIMATE NORMALS FOR TODAY
                         NORMAL    RECORD    YEAR
 MAXIMUM TEMPERATURE (F)   54        76      1981
 MINIMUM TEMPERATURE (F)   34        16      1954


SUNRISE AND SUNSET
APRIL  4 2014.........SUNRISE   701 AM EDT   SUNSET   751 PM EDT
APRIL  5 2014.........SUNRISE   659 AM EDT   SUNSET   752 PM EDT


-  INDICATES NEGATIVE NUMBERS.
R  INDICATES RECORD WAS SET OR TIED.
MM INDICATES DATA IS MISSING.
T  INDICATES TRACE AMOUNT.




$$
