186
CDUS41 KCLE 180526
CLIYNG


CLIMATE REPORT
NATIONAL WEATHER SERVICE CLEVELAND OH
125 AM EDT MON APR 18 2016


...................................

...THE YOUNGSTOWN OH CLIMATE SUMMARY FOR APRIL 17 2016...

CLIMATE NORMAL PERIOD 1981 TO 2010
CLIMATE RECORD PERIOD 1897 TO 2016


WEATHER ITEM   OBSERVED TIME   RECORD YEAR NORMAL DEPARTURE LAST
                VALUE   (LST)  VALUE       VALUE  FROM      YEAR
                                                  NORMAL
..................................................................
TEMPERATURE (F)
 YESTERDAY
  MAXIMUM         80    349 PM  84    2002  60     20       69
                                      1976
  MINIMUM         43    609 AM  18    1980  39      4       49
  AVERAGE         62                        49     13       59

PRECIPITATION (IN)
  YESTERDAY        0.00                      0.11  -0.11     0.01
  MONTH TO DATE    2.59                      1.96   0.63     1.94
  SINCE MAR 1      6.40                      4.90   1.50     4.27
  SINCE JAN 1     11.59                      9.60   1.99     9.50

SNOWFALL (IN)
  YESTERDAY        0.0                       0.1   -0.1      0.0
  MONTH TO DATE    6.4                       2.6    3.8      0.2
  SINCE MAR 1     10.7                      13.5   -2.8      8.8
  SINCE JUL 1     42.3                      62.3  -20.0     78.3
  SNOW DEPTH       0

DEGREE DAYS
 HEATING
  YESTERDAY        3                        16    -13        6
  MONTH TO DATE  393                       323     70      211
  SINCE MAR 1   1007                      1199   -192     1199
  SINCE JUL 1   4855                      5847   -992     6317

 COOLING
  YESTERDAY        0                         0      0        0
  MONTH TO DATE    0                         0      0        0
  SINCE MAR 1      0                         1     -1        0
  SINCE JAN 1      0                         1     -1        0
..................................................................


WIND (MPH)
  HIGHEST WIND SPEED    17   HIGHEST WIND DIRECTION     N (360)
  HIGHEST GUST SPEED    23   HIGHEST GUST DIRECTION     N (340)
  AVERAGE WIND SPEED     4.6


SKY COVER
  POSSIBLE SUNSHINE  MM
  AVERAGE SKY COVER 0.0


WEATHER CONDITIONS
 THE FOLLOWING WEATHER WAS RECORDED YESTERDAY.
  NO SIGNIFICANT WEATHER WAS OBSERVED.


RELATIVE HUMIDITY (PERCENT)
 HIGHEST    76           500 AM
 LOWEST     21           100 PM
 AVERAGE    49

..........................................................


THE YOUNGSTOWN OH CLIMATE NORMALS FOR TODAY
                         NORMAL    RECORD    YEAR
 MAXIMUM TEMPERATURE (F)   60        87      1976
 MINIMUM TEMPERATURE (F)   39        23      1983


SUNRISE AND SUNSET
APRIL 18 2016.........SUNRISE   638 AM EDT   SUNSET   807 PM EDT
APRIL 19 2016.........SUNRISE   636 AM EDT   SUNSET   808 PM EDT


-  INDICATES NEGATIVE NUMBERS.
R  INDICATES RECORD WAS SET OR TIED.
MM INDICATES DATA IS MISSING.
T  INDICATES TRACE AMOUNT.




$$
