000
CDUS41 KCLE 150533
CLIYNG


CLIMATE REPORT
NATIONAL WEATHER SERVICE CLEVELAND OH
1232 AM EST THU JAN 15 2015


...................................

...THE YOUNGSTOWN OH CLIMATE SUMMARY FOR JANUARY 14 2015...

CLIMATE NORMAL PERIOD 1981 TO 2010
CLIMATE RECORD PERIOD 1897 TO 2015


WEATHER ITEM   OBSERVED TIME   RECORD YEAR NORMAL DEPARTURE LAST
                VALUE   (LST)  VALUE       VALUE  FROM      YEAR
                                                  NORMAL
..................................................................
TEMPERATURE (F)
 YESTERDAY
  MAXIMUM         20    514 PM  69    1932  32    -12       46
  MINIMUM         -3    735 AM  -6    1964  19    -22       33
  AVERAGE          9                        26    -17       40

PRECIPITATION (IN)
  YESTERDAY        0.00                      0.09  -0.09     0.06
  MONTH TO DATE    2.08                      1.22   0.86     1.73
  SINCE DEC 1      4.40                      4.21   0.19     5.25
  SINCE JAN 1      2.08                      1.22   0.86     1.73

SNOWFALL (IN)
  YESTERDAY        0.0                       0.6   -0.6      0.0
  MONTH TO DATE   15.2                       7.5    7.7      9.6
  SINCE DEC 1     15.9                      22.5   -6.6     30.1
  SINCE JUL 1     27.5                      26.9    0.6     44.2
  SNOW DEPTH       7

DEGREE DAYS
 HEATING
  YESTERDAY       56                        40     16       25
  MONTH TO DATE  643                       547     96      569
  SINCE DEC 1   1576                      1624    -48     1631
  SINCE JUL 1   2986                      2953     33     3013

 COOLING
  YESTERDAY        0                         0      0        0
  MONTH TO DATE    0                         0      0        0
  SINCE DEC 1      0                         0      0        0
  SINCE JAN 1      0                         0      0        0
..................................................................


WIND (MPH)
  HIGHEST WIND SPEED    12   HIGHEST WIND DIRECTION     E (100)
  HIGHEST GUST SPEED    13   HIGHEST GUST DIRECTION     E (110)
  AVERAGE WIND SPEED     5.1


SKY COVER
  POSSIBLE SUNSHINE  MM
  AVERAGE SKY COVER 0.5


WEATHER CONDITIONS
 THE FOLLOWING WEATHER WAS RECORDED YESTERDAY.
  NO SIGNIFICANT WEATHER WAS OBSERVED.


RELATIVE HUMIDITY (PERCENT)
 HIGHEST    83          1200 AM
 LOWEST     56           300 PM
 AVERAGE    70

..........................................................


THE YOUNGSTOWN OH CLIMATE NORMALS FOR TODAY
                         NORMAL    RECORD    YEAR
 MAXIMUM TEMPERATURE (F)   32        66      1932
 MINIMUM TEMPERATURE (F)   19        -8      1972


SUNRISE AND SUNSET
JANUARY 15 2015.......SUNRISE   746 AM EST   SUNSET   518 PM EST
JANUARY 16 2015.......SUNRISE   746 AM EST   SUNSET   519 PM EST


-  INDICATES NEGATIVE NUMBERS.
R  INDICATES RECORD WAS SET OR TIED.
MM INDICATES DATA IS MISSING.
T  INDICATES TRACE AMOUNT.




$$
