000
CDUS41 KCLE 182123
CLIYNG


CLIMATE REPORT
NATIONAL WEATHER SERVICE CLEVELAND OH
523 PM EDT MON MAY 18 2015


...................................

...THE YOUNGSTOWN OH CLIMATE SUMMARY FOR MAY 18 2015...
VALID TODAY AS OF 0500 PM LOCAL TIME.

CLIMATE NORMAL PERIOD 1981 TO 2010
CLIMATE RECORD PERIOD 1897 TO 2015


WEATHER ITEM   OBSERVED TIME   RECORD YEAR NORMAL DEPARTURE LAST
                VALUE   (LST)  VALUE       VALUE  FROM      YEAR
                                                  NORMAL
..................................................................
TEMPERATURE (F)
 TODAY
  MAXIMUM         82    333 PM  92    1962  69     13       63
  MINIMUM         67    546 AM  30    2009  47     20       37
  AVERAGE         75                        58     17       50

PRECIPITATION (IN)
  TODAY            T                         0.12  -0.12     0.00
  MONTH TO DATE    1.22                      2.11  -0.89     3.45
  SINCE MAR 1      6.43                      8.41  -1.98    10.30
  SINCE JAN 1     11.66                     13.11  -1.45    14.99

SNOWFALL (IN)
  TODAY            0.0                       0.0    0.0      0.0
  MONTH TO DATE    0.0                       0.0    0.0       T
  SINCE MAR 1      9.5                      13.9   -4.4      9.1
  SINCE JUL 1     79.0                      62.7   16.3     90.1
  SNOW DEPTH       0

DEGREE DAYS
 HEATING
  TODAY            0                         8     -8       15
  MONTH TO DATE   68                       173   -105      159
  SINCE MAR 1   1499                      1552    -53     1713
  SINCE JUL 1   6617                      6200    417     6781

 COOLING
  TODAY           10                         1      9        0
  MONTH TO DATE   69                        11     58       32
  SINCE MAR 1     69                        20     49       32
  SINCE JAN 1     69                        20     49       32
..................................................................


WIND (MPH)
  HIGHEST WIND SPEED    15   HIGHEST WIND DIRECTION    SW (210)
  HIGHEST GUST SPEED    21   HIGHEST GUST DIRECTION    SW (240)


SKY COVER
  POSSIBLE SUNSHINE  MM
  AVERAGE SKY COVER 0.8


WEATHER CONDITIONS
 THE FOLLOWING WEATHER WAS RECORDED TODAY.
  THUNDERSTORM


RELATIVE HUMIDITY (PERCENT)
 HIGHEST    93           500 AM
 LOWEST     58           200 PM
 AVERAGE    76

..........................................................


THE YOUNGSTOWN OH CLIMATE NORMALS FOR TOMORROW
                         NORMAL    RECORD    YEAR
 MAXIMUM TEMPERATURE (F)   70        89      1934
 MINIMUM TEMPERATURE (F)   48        31      2002


SUNRISE AND SUNSET
MAY 18 2015...........SUNRISE   602 AM EDT   SUNSET   837 PM EDT
MAY 19 2015...........SUNRISE   601 AM EDT   SUNSET   838 PM EDT


-  INDICATES NEGATIVE NUMBERS.
R  INDICATES RECORD WAS SET OR TIED.
MM INDICATES DATA IS MISSING.
T  INDICATES TRACE AMOUNT.




$$
