122
CDUS41 KCLE 162113
CLIYNG


CLIMATE REPORT
NATIONAL WEATHER SERVICE CLEVELAND OH
512 PM EDT FRI JUN 16 2017


...................................

...THE YOUNGSTOWN OH CLIMATE SUMMARY FOR JUNE 16 2017...
VALID TODAY AS OF 0500 PM LOCAL TIME.

CLIMATE NORMAL PERIOD 1981 TO 2010
CLIMATE RECORD PERIOD 1897 TO 2017


WEATHER ITEM   OBSERVED TIME   RECORD YEAR NORMAL DEPARTURE LAST
                VALUE   (LST)  VALUE       VALUE  FROM      YEAR
                                                  NORMAL
..................................................................
TEMPERATURE (F)
 TODAY
  MAXIMUM         89    320 PM  94    1994  78     11       75
  MINIMUM         67    522 AM  40    1999  56     11       65
                                      1980
  AVERAGE         78                        67     11       70

PRECIPITATION (IN)
  TODAY            0.00                      0.13  -0.13     1.44
  MONTH TO DATE    0.27                      2.05  -1.78     2.69
  SINCE JUN 1      0.27                      2.05  -1.78     2.69
  SINCE JAN 1     21.57                     16.84   4.73    17.79

SNOWFALL (IN)
  TODAY            0.0                       0.0    0.0      0.0
  MONTH TO DATE    0.0                       0.0    0.0      0.0
  SINCE JUN 1      0.0                       0.0    0.0      0.0
  SINCE JUL 1     69.5                      62.7    6.8     44.9
  SNOW DEPTH       0

DEGREE DAYS
 HEATING
  TODAY            0                         2     -2        0
  MONTH TO DATE   33                        51    -18       30
  SINCE JUN 1     33                        51    -18       30
  SINCE JUL 1   5249                      6331  -1082     5283

 COOLING
  TODAY           13                         4      9        5
  MONTH TO DATE   88                        43     45       58
  SINCE JUN 1     88                        43     45       58
  SINCE JAN 1    137                        82     55      113
..................................................................


WIND (MPH)
  HIGHEST WIND SPEED    14   HIGHEST WIND DIRECTION    NW (300)
  HIGHEST GUST SPEED    17   HIGHEST GUST DIRECTION    NW (320)


SKY COVER
  POSSIBLE SUNSHINE  MM
  AVERAGE SKY COVER 0.8


WEATHER CONDITIONS
 THE FOLLOWING WEATHER WAS RECORDED TODAY.
  FOG
  HAZE


RELATIVE HUMIDITY (PERCENT)
 HIGHEST    93           200 AM
 LOWEST     34           300 PM
 AVERAGE    64

..........................................................


THE YOUNGSTOWN OH CLIMATE NORMALS FOR TOMORROW
                         NORMAL    RECORD    YEAR
 MAXIMUM TEMPERATURE (F)   78        95      1994
 MINIMUM TEMPERATURE (F)   56        35      1980


SUNRISE AND SUNSET
JUNE 16 2017..........SUNRISE   549 AM EDT   SUNSET   858 PM EDT
JUNE 17 2017..........SUNRISE   549 AM EDT   SUNSET   858 PM EDT


-  INDICATES NEGATIVE NUMBERS.
R  INDICATES RECORD WAS SET OR TIED.
MM INDICATES DATA IS MISSING.
T  INDICATES TRACE AMOUNT.




$$
