000
CDUS41 KCLE 052211
CLIYNG


CLIMATE REPORT
NATIONAL WEATHER SERVICE CLEVELAND OH
510 PM EST SUN MAR 5 2017


...................................

...THE YOUNGSTOWN OH CLIMATE SUMMARY FOR MARCH 5 2017...
VALID TODAY AS OF 0500 PM LOCAL TIME.

CLIMATE NORMAL PERIOD 1981 TO 2010
CLIMATE RECORD PERIOD 1897 TO 2017


WEATHER ITEM   OBSERVED TIME   RECORD YEAR NORMAL DEPARTURE LAST
                VALUE   (LST)  VALUE       VALUE  FROM      YEAR
                                                  NORMAL
..................................................................
TEMPERATURE (F)
 TODAY
  MAXIMUM         40    359 PM  78    1983  41     -1       36
  MINIMUM         12    458 AM  -1    2015  24    -12       24
  AVERAGE         26                        33     -7       30

PRECIPITATION (IN)
  TODAY            0.00                      0.08  -0.08     0.03
  MONTH TO DATE    0.81                      0.42   0.39     0.56
  SINCE MAR 1      0.81                      0.42   0.39     0.56
  SINCE JAN 1      8.69                      5.12   3.57     5.75

SNOWFALL (IN)
  TODAY            0.0                       0.4   -0.4      0.3
  MONTH TO DATE    6.5                       2.2    4.3      4.3
  SINCE MAR 1      6.5                       2.2    4.3      4.3
  SINCE JUL 1     53.9                      51.0    2.9     35.9
  SNOW DEPTH       2

DEGREE DAYS
 HEATING
  TODAY           39                        32      7       35
  MONTH TO DATE  179                       164     15      176
  SINCE MAR 1    179                       164     15      176
  SINCE JUL 1   3963                      4812   -849     4024

 COOLING
  TODAY            0                         0      0        0
  MONTH TO DATE    0                         0      0        0
  SINCE MAR 1      0                         0      0        0
  SINCE JAN 1      0                         0      0        0
..................................................................


WIND (MPH)
  HIGHEST WIND SPEED    15   HIGHEST WIND DIRECTION    SE (120)
  HIGHEST GUST SPEED    19   HIGHEST GUST DIRECTION    SE (120)


SKY COVER
  POSSIBLE SUNSHINE  MM
  AVERAGE SKY COVER 0.4


WEATHER CONDITIONS
 THE FOLLOWING WEATHER WAS RECORDED TODAY.
  NO SIGNIFICANT WEATHER WAS OBSERVED.


RELATIVE HUMIDITY (PERCENT)
 HIGHEST    73           300 AM
 LOWEST     32           200 PM
 AVERAGE    53

..........................................................


THE YOUNGSTOWN OH CLIMATE NORMALS FOR TOMORROW
                         NORMAL    RECORD    YEAR
 MAXIMUM TEMPERATURE (F)   42        69      1935
 MINIMUM TEMPERATURE (F)   25        -4      2015


SUNRISE AND SUNSET
MARCH  5 2017.........SUNRISE   650 AM EST   SUNSET   618 PM EST
MARCH  6 2017.........SUNRISE   649 AM EST   SUNSET   620 PM EST


-  INDICATES NEGATIVE NUMBERS.
R  INDICATES RECORD WAS SET OR TIED.
MM INDICATES DATA IS MISSING.
T  INDICATES TRACE AMOUNT.




$$
