000
CDUS41 KCLE 172112
CLIYNG


CLIMATE REPORT
NATIONAL WEATHER SERVICE CLEVELAND OH
511 PM EDT TUE MAR 17 2015


...................................

...THE YOUNGSTOWN OH CLIMATE SUMMARY FOR MARCH 17 2015...
VALID TODAY AS OF 0500 PM LOCAL TIME.

CLIMATE NORMAL PERIOD 1981 TO 2010
CLIMATE RECORD PERIOD 1897 TO 2015


WEATHER ITEM   OBSERVED TIME   RECORD YEAR NORMAL DEPARTURE LAST
                VALUE   (LST)  VALUE       VALUE  FROM      YEAR
                                                  NORMAL
..................................................................
TEMPERATURE (F)
 TODAY
  MAXIMUM         57   1256 AM  77    2012  46     11       40
  MINIMUM         34   1109 AM   9    1941  28      6       12
  AVERAGE         46                        37      9       26

PRECIPITATION (IN)
  TODAY            T                         0.10  -0.10     0.00
  MONTH TO DATE    1.49                      1.51  -0.02     0.75
  SINCE MAR 1      1.49                      1.51  -0.02     0.75
  SINCE JAN 1      6.72                      6.21   0.51     5.44

SNOWFALL (IN)
  TODAY            T                         0.4   -0.4      0.0
  MONTH TO DATE    8.0                       6.9    1.1      4.9
  SINCE MAR 1      8.0                       6.9    1.1      4.9
  SINCE JUL 1     77.5                      55.7   21.8     85.9
  SNOW DEPTH       0

DEGREE DAYS
 HEATING
  TODAY           19                        28     -9       39
  MONTH TO DATE  546                       525     21      643
  SINCE MAR 1    546                       525     21      643
  SINCE JUL 1   5664                      5173    491     5711

 COOLING
  TODAY            0                         0      0        0
  MONTH TO DATE    0                         0      0        0
  SINCE MAR 1      0                         0      0        0
  SINCE JAN 1      0                         0      0        0
..................................................................


WIND (MPH)
  HIGHEST WIND SPEED    31   HIGHEST WIND DIRECTION    NW (330)
  HIGHEST GUST SPEED    39   HIGHEST GUST DIRECTION    NW (330)


SKY COVER
  POSSIBLE SUNSHINE  MM
  AVERAGE SKY COVER 0.8


WEATHER CONDITIONS
 THE FOLLOWING WEATHER WAS RECORDED TODAY.
  LIGHT RAIN
  LIGHT SNOW
  FOG
  HAZE


RELATIVE HUMIDITY (PERCENT)
 HIGHEST    86           600 AM
 LOWEST     35           200 PM
 AVERAGE    61

..........................................................


THE YOUNGSTOWN OH CLIMATE NORMALS FOR TOMORROW
                         NORMAL    RECORD    YEAR
 MAXIMUM TEMPERATURE (F)   47        74      2012
 MINIMUM TEMPERATURE (F)   28         2      1967


SUNRISE AND SUNSET
MARCH 17 2015.........SUNRISE   731 AM EDT   SUNSET   731 PM EDT
MARCH 18 2015.........SUNRISE   730 AM EDT   SUNSET   732 PM EDT


-  INDICATES NEGATIVE NUMBERS.
R  INDICATES RECORD WAS SET OR TIED.
MM INDICATES DATA IS MISSING.
T  INDICATES TRACE AMOUNT.




$$
