000
CDUS41 KCLE 032142
CLIYNG


CLIMATE REPORT
NATIONAL WEATHER SERVICE CLEVELAND OH
541 PM EDT SUN JUL 3 2016


...................................

...THE YOUNGSTOWN OH CLIMATE SUMMARY FOR JULY 3 2016...
VALID TODAY AS OF 0500 PM LOCAL TIME.

CLIMATE NORMAL PERIOD 1981 TO 2010
CLIMATE RECORD PERIOD 1897 TO 2016


WEATHER ITEM   OBSERVED TIME   RECORD YEAR NORMAL DEPARTURE LAST
                VALUE   (LST)  VALUE       VALUE  FROM      YEAR
                                                  NORMAL
..................................................................
TEMPERATURE (F)
 TODAY
  MAXIMUM         76    426 PM  98    1898  81     -5       77
  MINIMUM         48    425 AM  43    1995  59    -11       48
  AVERAGE         62                        70     -8       63

PRECIPITATION (IN)
  TODAY            0.00                      0.14  -0.14      T
  MONTH TO DATE    0.13                      0.41  -0.28     0.20
  SINCE JUN 1      3.07                      4.29  -1.22     9.22
  SINCE JAN 1     18.17                     19.08  -0.91    24.20

SNOWFALL (IN)
  TODAY            0.0                       0.0    0.0      0.0
  MONTH TO DATE    0.0                       0.0    0.0      0.0
  SINCE JUN 1      0.0                       0.0    0.0      0.0
  SINCE JUL 1      0.0                       0.0    0.0      0.0
  SNOW DEPTH       0

DEGREE DAYS
 HEATING
  TODAY            3                         1      2        2
  MONTH TO DATE    6                         3      3        2
  SINCE JUN 1     40                        72    -32       44
  SINCE JUL 1      6                         3      3        2

 COOLING
  TODAY            0                         6     -6        0
  MONTH TO DATE    2                        18    -16        3
  SINCE JUN 1    144                       128     16      113
  SINCE JAN 1    199                       167     32      225
..................................................................


WIND (MPH)
  HIGHEST WIND SPEED     9   HIGHEST WIND DIRECTION     E (70)
  HIGHEST GUST SPEED    12   HIGHEST GUST DIRECTION     E (70)


SKY COVER
  POSSIBLE SUNSHINE  MM
  AVERAGE SKY COVER 0.7


WEATHER CONDITIONS
 THE FOLLOWING WEATHER WAS RECORDED TODAY.
  NO SIGNIFICANT WEATHER WAS OBSERVED.


RELATIVE HUMIDITY (PERCENT)
 HIGHEST    89           200 AM
 LOWEST     58           800 AM
 AVERAGE    74

..........................................................


THE YOUNGSTOWN OH CLIMATE NORMALS FOR TOMORROW
                         NORMAL    RECORD    YEAR
 MAXIMUM TEMPERATURE (F)   81        99      1897
 MINIMUM TEMPERATURE (F)   59        42      1968


SUNRISE AND SUNSET
JULY  3 2016..........SUNRISE   555 AM EDT   SUNSET   859 PM EDT
JULY  4 2016..........SUNRISE   555 AM EDT   SUNSET   859 PM EDT


-  INDICATES NEGATIVE NUMBERS.
R  INDICATES RECORD WAS SET OR TIED.
MM INDICATES DATA IS MISSING.
T  INDICATES TRACE AMOUNT.




$$
