000
CDUS41 KCLE 062112
CLIYNG


CLIMATE REPORT
NATIONAL WEATHER SERVICE CLEVELAND OH
511 PM EDT FRI MAY 6 2016


...................................

...THE YOUNGSTOWN OH CLIMATE SUMMARY FOR MAY 6 2016...
VALID TODAY AS OF 0500 PM LOCAL TIME.

CLIMATE NORMAL PERIOD 1981 TO 2010
CLIMATE RECORD PERIOD 1897 TO 2016


WEATHER ITEM   OBSERVED TIME   RECORD YEAR NORMAL DEPARTURE LAST
                VALUE   (LST)  VALUE       VALUE  FROM      YEAR
                                                  NORMAL
..................................................................
TEMPERATURE (F)
 TODAY
  MAXIMUM         68    327 PM  90    1949  66      2       79
  MINIMUM         44    603 AM  28    1970  44      0       56
                                      1968
  AVERAGE         56                        55      1       68

PRECIPITATION (IN)
  TODAY            0.00                      0.12  -0.12     0.00
  MONTH TO DATE    0.66                      0.67  -0.01     0.05
  SINCE MAR 1      8.28                      6.97   1.31     5.26
  SINCE JAN 1     13.47                     11.67   1.80    10.49

SNOWFALL (IN)
  TODAY            0.0                       0.0    0.0      0.0
  MONTH TO DATE    0.0                       0.0    0.0      0.0
  SINCE MAR 1     13.1                      13.9   -0.8      9.5
  SINCE JUL 1     44.7                      62.7  -18.0     79.0
  SNOW DEPTH       0

DEGREE DAYS
 HEATING
  TODAY            9                        10     -1        0
  MONTH TO DATE   74                        66      8       26
  SINCE MAR 1   1233                      1445   -212     1457
  SINCE JUL 1   5081                      6093  -1012     6575

 COOLING
  TODAY            0                         0      0        3
  MONTH TO DATE    0                         0      0        8
  SINCE MAR 1      0                         9     -9        8
  SINCE JAN 1      0                         9     -9        8
..................................................................


WIND (MPH)
  HIGHEST WIND SPEED    30   HIGHEST WIND DIRECTION     N (340)
  HIGHEST GUST SPEED    39   HIGHEST GUST DIRECTION     N (340)


SKY COVER
  POSSIBLE SUNSHINE  MM
  AVERAGE SKY COVER 0.6


WEATHER CONDITIONS
 THE FOLLOWING WEATHER WAS RECORDED TODAY.
  NO SIGNIFICANT WEATHER WAS OBSERVED.


RELATIVE HUMIDITY (PERCENT)
 HIGHEST    92           200 AM
 LOWEST     32          1200 PM
 AVERAGE    62

..........................................................


THE YOUNGSTOWN OH CLIMATE NORMALS FOR TOMORROW
                         NORMAL    RECORD    YEAR
 MAXIMUM TEMPERATURE (F)   67        85      2015
                                             2000
                                             1939
 MINIMUM TEMPERATURE (F)   44        24      1970


SUNRISE AND SUNSET
MAY  6 2016...........SUNRISE   613 AM EDT   SUNSET   826 PM EDT
MAY  7 2016...........SUNRISE   612 AM EDT   SUNSET   827 PM EDT


-  INDICATES NEGATIVE NUMBERS.
R  INDICATES RECORD WAS SET OR TIED.
MM INDICATES DATA IS MISSING.
T  INDICATES TRACE AMOUNT.




$$
