000
CDUS41 KCLE 110528
CLIYNG


CLIMATE REPORT
NATIONAL WEATHER SERVICE CLEVELAND OH
127 AM EDT MON APR 11 2016


...................................

...THE YOUNGSTOWN OH CLIMATE SUMMARY FOR APRIL 10 2016...

CLIMATE NORMAL PERIOD 1981 TO 2010
CLIMATE RECORD PERIOD 1897 TO 2016


WEATHER ITEM   OBSERVED TIME   RECORD YEAR NORMAL DEPARTURE LAST
                VALUE   (LST)  VALUE       VALUE  FROM      YEAR
                                                  NORMAL
..................................................................
TEMPERATURE (F)
 YESTERDAY
  MAXIMUM         44   1011 PM  80    2011  57    -13       66
                                      1945
  MINIMUM         15R   435 AM  16    1997  36    -21       43
  AVERAGE         30                        47    -17       55

PRECIPITATION (IN)
  YESTERDAY        0.03                      0.12  -0.09     0.01
  MONTH TO DATE    1.70                      1.16   0.54     1.49
  SINCE MAR 1      5.51                      4.10   1.41     3.82
  SINCE JAN 1     10.70                      8.80   1.90     9.05

SNOWFALL (IN)
  YESTERDAY        0.1                       0.1    0.0      0.0
  MONTH TO DATE    6.4                       1.7    4.7      0.2
  SINCE MAR 1     10.7                      12.6   -1.9      8.8
  SINCE JUL 1     42.3                      61.4  -19.1     78.3
  SNOW DEPTH       4

DEGREE DAYS
 HEATING
  YESTERDAY       35                        19     16       10
  MONTH TO DATE  283                       204     79      134
  SINCE MAR 1    897                      1080   -183     1122
  SINCE JUL 1   4745                      5728   -983     6240

 COOLING
  YESTERDAY        0                         0      0        0
  MONTH TO DATE    0                         0      0        0
  SINCE MAR 1      0                         1     -1        0
  SINCE JAN 1      0                         1     -1        0
..................................................................


WIND (MPH)
  HIGHEST WIND SPEED    17   HIGHEST WIND DIRECTION    SE (130)
  HIGHEST GUST SPEED    24   HIGHEST GUST DIRECTION    SE (150)
  AVERAGE WIND SPEED     8.9


SKY COVER
  POSSIBLE SUNSHINE  MM
  AVERAGE SKY COVER 0.7


WEATHER CONDITIONS
 THE FOLLOWING WEATHER WAS RECORDED YESTERDAY.
  LIGHT RAIN
  LIGHT SNOW


RELATIVE HUMIDITY (PERCENT)
 HIGHEST    84          1200 AM
 LOWEST     46           900 PM
 AVERAGE    65

..........................................................


THE YOUNGSTOWN OH CLIMATE NORMALS FOR TODAY
                         NORMAL    RECORD    YEAR
 MAXIMUM TEMPERATURE (F)   57        82      1977
 MINIMUM TEMPERATURE (F)   37        22      1975
                                             1970


SUNRISE AND SUNSET
APRIL 11 2016.........SUNRISE   649 AM EDT   SUNSET   759 PM EDT
APRIL 12 2016.........SUNRISE   647 AM EDT   SUNSET   800 PM EDT


-  INDICATES NEGATIVE NUMBERS.
R  INDICATES RECORD WAS SET OR TIED.
MM INDICATES DATA IS MISSING.
T  INDICATES TRACE AMOUNT.




$$
