000
CDUS41 KCLE 162222
CLIYNG


CLIMATE REPORT
NATIONAL WEATHER SERVICE CLEVELAND OH
511 PM EST MON FEB 16 2015


...................................

...THE YOUNGSTOWN OH CLIMATE SUMMARY FOR FEBRUARY 16 2015...
VALID TODAY AS OF 0500 PM LOCAL TIME.

CLIMATE NORMAL PERIOD 1981 TO 2010
CLIMATE RECORD PERIOD 1897 TO 2015


WEATHER ITEM   OBSERVED TIME   RECORD YEAR NORMAL DEPARTURE LAST
                VALUE   (LST)  VALUE       VALUE  FROM      YEAR
                                                  NORMAL
..................................................................
TEMPERATURE (F)
 TODAY
  MAXIMUM          6    359 PM  63    1990  36    -30       23
  MINIMUM        -13R   740 AM  -4    1963  21    -34        4
                                      1958
  AVERAGE         -3                        28    -31       14

PRECIPITATION (IN)
  TODAY            0.00                      0.07  -0.07     0.07
  MONTH TO DATE    1.52                      1.19   0.33     1.07
  SINCE DEC 1      7.00                      6.73   0.27     7.02
  SINCE JAN 1      4.68                      3.74   0.94     3.50

SNOWFALL (IN)
  TODAY            0.0                       0.5   -0.5      1.4
  MONTH TO DATE   18.2                       7.2   11.0     13.1
  SINCE DEC 1     48.2                      38.8    9.4     56.6
  SINCE JUL 1     59.8                      43.2   16.6     70.7
  SNOW DEPTH      10

DEGREE DAYS
 HEATING
  TODAY           68                        37     31       51
  MONTH TO DATE  756                       605    151      756
  SINCE DEC 1   3032                      2899    133     3213
  SINCE JUL 1   4442                      4228    214     4595

 COOLING
  TODAY            0                         0      0        0
  MONTH TO DATE    0                         0      0        0
  SINCE DEC 1      0                         0      0        0
  SINCE JAN 1      0                         0      0        0
..................................................................


WIND (MPH)
  HIGHEST WIND SPEED     8   HIGHEST WIND DIRECTION     E (100)
  HIGHEST GUST SPEED    10   HIGHEST GUST DIRECTION     E (100)


SKY COVER
  POSSIBLE SUNSHINE  MM
  AVERAGE SKY COVER 0.8


WEATHER CONDITIONS
 THE FOLLOWING WEATHER WAS RECORDED TODAY.
  NO SIGNIFICANT WEATHER WAS OBSERVED.


RELATIVE HUMIDITY (PERCENT)
 HIGHEST    92           100 AM
 LOWEST     54           300 PM
 AVERAGE    73

..........................................................


THE YOUNGSTOWN OH CLIMATE NORMALS FOR TOMORROW
                         NORMAL    RECORD    YEAR
 MAXIMUM TEMPERATURE (F)   37        61      2006
 MINIMUM TEMPERATURE (F)   21       -14      1979


SUNRISE AND SUNSET
FEBRUARY 16 2015......SUNRISE   716 AM EST   SUNSET   558 PM EST
FEBRUARY 17 2015......SUNRISE   715 AM EST   SUNSET   559 PM EST


-  INDICATES NEGATIVE NUMBERS.
R  INDICATES RECORD WAS SET OR TIED.
MM INDICATES DATA IS MISSING.
T  INDICATES TRACE AMOUNT.




$$
