000
CDUS41 KCLE 172120
CLIYNG


CLIMATE REPORT
NATIONAL WEATHER SERVICE CLEVELAND OH
519 PM EDT FRI JUL 17 2015


...................................

...THE YOUNGSTOWN OH CLIMATE SUMMARY FOR JULY 17 2015...
VALID TODAY AS OF 0500 PM LOCAL TIME.

CLIMATE NORMAL PERIOD 1981 TO 2010
CLIMATE RECORD PERIOD 1897 TO 2015


WEATHER ITEM   OBSERVED TIME   RECORD YEAR NORMAL DEPARTURE LAST
                VALUE   (LST)  VALUE       VALUE  FROM      YEAR
                                                  NORMAL
..................................................................
TEMPERATURE (F)
 TODAY
  MAXIMUM         81    325 PM  98    1931  82     -1       73
  MINIMUM         57    243 AM  47    1974  60     -3       50
  AVERAGE         69                        71     -2       62

PRECIPITATION (IN)
  TODAY            T                         0.15  -0.15      T
  MONTH TO DATE    3.23                      2.39   0.84     1.62
  SINCE JUN 1     12.25                      6.27   5.98     6.42
  SINCE JAN 1     27.23                     21.06   6.17    21.51

SNOWFALL (IN)
  TODAY            0.0                       0.0    0.0      0.0
  MONTH TO DATE    0.0                       0.0    0.0      0.0
  SINCE JUN 1      0.0                       0.0    0.0      0.0
  SINCE JUL 1      0.0                       0.0    0.0      0.0
  SNOW DEPTH       0

DEGREE DAYS
 HEATING
  TODAY            0                         0      0        3
  MONTH TO DATE    7                         8     -1       12
  SINCE JUN 1     49                        77    -28       40
  SINCE JUL 1      7                         8     -1       12

 COOLING
  TODAY            4                         6     -2        0
  MONTH TO DATE   60                       102    -42       85
  SINCE JUN 1    170                       212    -42      238
  SINCE JAN 1    282                       251     31      293
..................................................................


WIND (MPH)
  HIGHEST WIND SPEED    18   HIGHEST WIND DIRECTION     S (200)
  HIGHEST GUST SPEED    24   HIGHEST GUST DIRECTION     S (190)


SKY COVER
  POSSIBLE SUNSHINE  MM
  AVERAGE SKY COVER 0.9


WEATHER CONDITIONS
 THE FOLLOWING WEATHER WAS RECORDED TODAY.
  NO SIGNIFICANT WEATHER WAS OBSERVED.


RELATIVE HUMIDITY (PERCENT)
 HIGHEST    84          1200 AM
 LOWEST     67           600 AM
 AVERAGE    76

..........................................................


THE YOUNGSTOWN OH CLIMATE NORMALS FOR TOMORROW
                         NORMAL    RECORD    YEAR
 MAXIMUM TEMPERATURE (F)   82        98      1942
 MINIMUM TEMPERATURE (F)   60        44      1971


SUNRISE AND SUNSET
JULY 17 2015..........SUNRISE   604 AM EDT   SUNSET   853 PM EDT
JULY 18 2015..........SUNRISE   605 AM EDT   SUNSET   852 PM EDT


-  INDICATES NEGATIVE NUMBERS.
R  INDICATES RECORD WAS SET OR TIED.
MM INDICATES DATA IS MISSING.
T  INDICATES TRACE AMOUNT.




$$
