000
CDUS41 KCLE 120527
CLIYNG


CLIMATE REPORT
NATIONAL WEATHER SERVICE CLEVELAND OH
126 AM EDT FRI SEP 12 2014


...................................

...THE YOUNGSTOWN OH CLIMATE SUMMARY FOR SEPTEMBER 11 2014...

CLIMATE NORMAL PERIOD 1981 TO 2010
CLIMATE RECORD PERIOD 1897 TO 2014


WEATHER ITEM   OBSERVED TIME   RECORD YEAR NORMAL DEPARTURE LAST
                VALUE   (LST)  VALUE       VALUE  FROM      YEAR
                                                  NORMAL
..................................................................
TEMPERATURE (F)
 YESTERDAY
  MAXIMUM         74    302 AM  93    1931  74      0       90
  MINIMUM         54   1159 PM  34    1995  53      1       73
                                      1967
  AVERAGE         64                        64      0       82

PRECIPITATION (IN)
  YESTERDAY        0.17                      0.13   0.04     0.00
  MONTH TO DATE    1.40                      1.38   0.02     0.01
  SINCE SEP 1      1.40                      1.38   0.02     0.01
  SINCE JAN 1     30.96                     27.60   3.36    27.23

SNOWFALL (IN)
  YESTERDAY        0.0                       0.0    0.0      0.0
  MONTH TO DATE    0.0                       0.0    0.0      0.0
  SINCE SEP 1      0.0                       0.0    0.0      0.0
  SINCE JUL 1      0.0                       0.0    0.0      0.0
  SNOW DEPTH       0

DEGREE DAYS
 HEATING
  YESTERDAY        1                         3     -2        0
  MONTH TO DATE   11                        26    -15       19
  SINCE SEP 1     11                        26    -15       19
  SINCE JUL 1     63                        64     -1       57

 COOLING
  YESTERDAY        0                         2     -2       17
  MONTH TO DATE   49                        29     20       50
  SINCE SEP 1     49                        29     20       50
  SINCE JAN 1    526                       515     11      602
..................................................................


WIND (MPH)
  HIGHEST WIND SPEED    21   HIGHEST WIND DIRECTION    NW (300)
  HIGHEST GUST SPEED    29   HIGHEST GUST DIRECTION     W (290)
  AVERAGE WIND SPEED    10.5


SKY COVER
  POSSIBLE SUNSHINE  MM
  AVERAGE SKY COVER 1.0


WEATHER CONDITIONS
 THE FOLLOWING WEATHER WAS RECORDED YESTERDAY.
  RAIN
  LIGHT RAIN
  FOG


RELATIVE HUMIDITY (PERCENT)
 HIGHEST    93           600 PM
 LOWEST     79           300 AM
 AVERAGE    86

..........................................................


THE YOUNGSTOWN OH CLIMATE NORMALS FOR TODAY
                         NORMAL    RECORD    YEAR
 MAXIMUM TEMPERATURE (F)   74        95      1952
                                             1931
 MINIMUM TEMPERATURE (F)   53        38      1992
                                             1967
                                             1943


SUNRISE AND SUNSET
SEPTEMBER 12 2014.....SUNRISE   700 AM EDT   SUNSET   737 PM EDT
SEPTEMBER 13 2014.....SUNRISE   701 AM EDT   SUNSET   735 PM EDT


-  INDICATES NEGATIVE NUMBERS.
R  INDICATES RECORD WAS SET OR TIED.
MM INDICATES DATA IS MISSING.
T  INDICATES TRACE AMOUNT.




$$
