000
CDUS41 KCLE 122114
CLIYNG


CLIMATE REPORT
NATIONAL WEATHER SERVICE CLEVELAND OH
513 PM EDT MON SEP 12 2016


...................................

...THE YOUNGSTOWN OH CLIMATE SUMMARY FOR SEPTEMBER 12 2016...
VALID TODAY AS OF 0500 PM LOCAL TIME.

CLIMATE NORMAL PERIOD 1981 TO 2010
CLIMATE RECORD PERIOD 1897 TO 2016


WEATHER ITEM   OBSERVED TIME   RECORD YEAR NORMAL DEPARTURE LAST
                VALUE   (LST)  VALUE       VALUE  FROM      YEAR
                                                  NORMAL
..................................................................
TEMPERATURE (F)
 TODAY
  MAXIMUM         76    359 PM  95    1952  74      2       62
                                      1931
  MINIMUM         50    341 AM  38    1992  53     -3       53
                                      1967
                                      1943
  AVERAGE         63                        63      0       58

PRECIPITATION (IN)
  TODAY            0.00                      0.13  -0.13     1.54
  MONTH TO DATE    2.18                      1.51   0.67     1.84
  SINCE SEP 1      2.18                      1.51   0.67     1.84
  SINCE JAN 1     30.68                     27.73   2.95    32.74

SNOWFALL (IN)
  TODAY            0.0                       0.0    0.0      0.0
  MONTH TO DATE    0.0                       0.0    0.0      0.0
  SINCE SEP 1      0.0                       0.0    0.0      0.0
  SINCE JUL 1      0.0                       0.0    0.0      0.0
  SNOW DEPTH       0

DEGREE DAYS
 HEATING
  TODAY            2                         4     -2        7
  MONTH TO DATE    4                        30    -26        7
  SINCE SEP 1      4                        30    -26        7
  SINCE JUL 1     10                        68    -58       36

 COOLING
  TODAY            0                         2     -2        0
  MONTH TO DATE   66                        31     35      109
  SINCE SEP 1     66                        31     35      109
  SINCE JAN 1    809                       517    292      669
..................................................................


WIND (MPH)
  HIGHEST WIND SPEED     9   HIGHEST WIND DIRECTION    SE (140)
  HIGHEST GUST SPEED    13   HIGHEST GUST DIRECTION    SE (120)


SKY COVER
  POSSIBLE SUNSHINE  MM
  AVERAGE SKY COVER 0.2


WEATHER CONDITIONS
 THE FOLLOWING WEATHER WAS RECORDED TODAY.
  NO SIGNIFICANT WEATHER WAS OBSERVED.


RELATIVE HUMIDITY (PERCENT)
 HIGHEST    96           100 AM
 LOWEST     43           200 PM
 AVERAGE    70

..........................................................


THE YOUNGSTOWN OH CLIMATE NORMALS FOR TOMORROW
                         NORMAL    RECORD    YEAR
 MAXIMUM TEMPERATURE (F)   74        93      1952
                                             1931
 MINIMUM TEMPERATURE (F)   52        35      1964


SUNRISE AND SUNSET
SEPTEMBER 12 2016.....SUNRISE   701 AM EDT   SUNSET   736 PM EDT
SEPTEMBER 13 2016.....SUNRISE   702 AM EDT   SUNSET   734 PM EDT


-  INDICATES NEGATIVE NUMBERS.
R  INDICATES RECORD WAS SET OR TIED.
MM INDICATES DATA IS MISSING.
T  INDICATES TRACE AMOUNT.




$$
