000
CDUS41 KCLE 290545
CLIYNG


CLIMATE REPORT
NATIONAL WEATHER SERVICE CLEVELAND OH
145 AM EDT TUE AUG 29 2017


...................................

...THE YOUNGSTOWN OH CLIMATE SUMMARY FOR AUGUST 28 2017...

CLIMATE NORMAL PERIOD 1981 TO 2010
CLIMATE RECORD PERIOD 1897 TO 2017


WEATHER ITEM   OBSERVED TIME   RECORD YEAR NORMAL DEPARTURE LAST
                VALUE   (LST)  VALUE       VALUE  FROM      YEAR
                                                  NORMAL
..................................................................
TEMPERATURE (F)
 YESTERDAY
  MAXIMUM         76    303 PM  96    1948  79     -3       89
  MINIMUM         60    630 AM  41    1982  57      3       68
  AVERAGE         68                        68      0       79

PRECIPITATION (IN)
  YESTERDAY        0.00                      0.10  -0.10      T
  MONTH TO DATE    2.04                      2.91  -0.87     3.71
  SINCE JUN 1     11.42                     11.10   0.32    11.88
  SINCE JAN 1     32.72                     25.89   6.83    26.98

SNOWFALL (IN)
  YESTERDAY        0.0                       0.0    0.0      0.0
  MONTH TO DATE    0.0                       0.0    0.0      0.0
  SINCE JUN 1      0.0                       0.0    0.0      0.0
  SINCE JUL 1      0.0                       0.0    0.0      0.0
  SNOW DEPTH       0

DEGREE DAYS
 HEATING
  YESTERDAY        0                         1     -1        0
  MONTH TO DATE   14                        23     -9        0
  SINCE JUN 1     58                       105    -47       40
  SINCE JUL 1     14                        36    -22        6

 COOLING
  YESTERDAY        3                         4     -1       14
  MONTH TO DATE  113                       142    -29      271
  SINCE JUN 1    480                       437     43      672
  SINCE JAN 1    529                       476     53      727
..................................................................


WIND (MPH)
  HIGHEST WIND SPEED    18   HIGHEST WIND DIRECTION    SE (120)
  HIGHEST GUST SPEED    25   HIGHEST GUST DIRECTION    SE (120)
  AVERAGE WIND SPEED    10.6


SKY COVER
  POSSIBLE SUNSHINE  MM
  AVERAGE SKY COVER 0.9


WEATHER CONDITIONS
 THE FOLLOWING WEATHER WAS RECORDED YESTERDAY.
  NO SIGNIFICANT WEATHER WAS OBSERVED.


RELATIVE HUMIDITY (PERCENT)
 HIGHEST    90           200 AM
 LOWEST     50           200 PM
 AVERAGE    70

..........................................................


THE YOUNGSTOWN OH CLIMATE NORMALS FOR TODAY
                         NORMAL    RECORD    YEAR
 MAXIMUM TEMPERATURE (F)   78        96      1991
 MINIMUM TEMPERATURE (F)   57        32      1982


SUNRISE AND SUNSET
AUGUST 29 2017........SUNRISE   646 AM EDT   SUNSET   800 PM EDT
AUGUST 30 2017........SUNRISE   647 AM EDT   SUNSET   758 PM EDT


-  INDICATES NEGATIVE NUMBERS.
R  INDICATES RECORD WAS SET OR TIED.
MM INDICATES DATA IS MISSING.
T  INDICATES TRACE AMOUNT.




$$
