674
CDUS41 KCLE 280526
CLIYNG


CLIMATE REPORT
NATIONAL WEATHER SERVICE CLEVELAND OH
1225 AM EST MON NOV 28 2016


...................................

...THE YOUNGSTOWN OH CLIMATE SUMMARY FOR NOVEMBER 27 2016...

CLIMATE NORMAL PERIOD 1981 TO 2010
CLIMATE RECORD PERIOD 1897 TO 2016


WEATHER ITEM   OBSERVED TIME   RECORD YEAR NORMAL DEPARTURE LAST
                VALUE   (LST)  VALUE       VALUE  FROM      YEAR
                                                  NORMAL
..................................................................
TEMPERATURE (F)
 YESTERDAY
  MAXIMUM         45    324 PM  72    1990  44      1       60
  MINIMUM         33    917 PM   8    1950  30      3       43
  AVERAGE         39                        37      2       52

PRECIPITATION (IN)
  YESTERDAY        0.00                      0.11  -0.11     0.15
  MONTH TO DATE    1.43                      2.86  -1.43     1.53
  SINCE SEP 1     11.74                      9.38   2.36     8.96
  SINCE JAN 1     40.24                     35.60   4.64    39.86

SNOWFALL (IN)
  YESTERDAY        0.0                       0.2   -0.2      0.0
  MONTH TO DATE    4.4                       2.9    1.5       T
  SINCE SEP 1      4.4                       3.7    0.7      0.4
  SINCE JUL 1      4.4                       3.7    0.7      0.4
  SNOW DEPTH       0

DEGREE DAYS
 HEATING
  YESTERDAY       26                        28     -2       13
  MONTH TO DATE  548                       622    -74      446
  SINCE SEP 1    913                      1205   -292      889
  SINCE JUL 1    919                      1243   -324      918

 COOLING
  YESTERDAY        0                         0      0        0
  MONTH TO DATE    3                         0      3        2
  SINCE SEP 1    136                        58     78      121
  SINCE JAN 1    879                       544    335      681
..................................................................


WIND (MPH)
  HIGHEST WIND SPEED    14   HIGHEST WIND DIRECTION    SW (230)
  HIGHEST GUST SPEED    18   HIGHEST GUST DIRECTION    SW (220)
  AVERAGE WIND SPEED     8.0


SKY COVER
  POSSIBLE SUNSHINE  MM
  AVERAGE SKY COVER 0.8


WEATHER CONDITIONS
 THE FOLLOWING WEATHER WAS RECORDED YESTERDAY.
  NO SIGNIFICANT WEATHER WAS OBSERVED.


RELATIVE HUMIDITY (PERCENT)
 HIGHEST    82           700 AM
 LOWEST     53           400 PM
 AVERAGE    68

..........................................................


THE YOUNGSTOWN OH CLIMATE NORMALS FOR TODAY
                         NORMAL    RECORD    YEAR
 MAXIMUM TEMPERATURE (F)   43        69      1990
 MINIMUM TEMPERATURE (F)   30         7      1955
                                             1950
                                             1930


SUNRISE AND SUNSET
NOVEMBER 28 2016......SUNRISE   726 AM EST   SUNSET   455 PM EST
NOVEMBER 29 2016......SUNRISE   727 AM EST   SUNSET   455 PM EST


-  INDICATES NEGATIVE NUMBERS.
R  INDICATES RECORD WAS SET OR TIED.
MM INDICATES DATA IS MISSING.
T  INDICATES TRACE AMOUNT.




$$
