000
CDUS41 KCLE 010545
CLIYNG


CLIMATE REPORT
NATIONAL WEATHER SERVICE CLEVELAND OH
145 AM EDT TUE JUL 1 2014


...................................

...THE YOUNGSTOWN OH CLIMATE SUMMARY FOR JUNE 30 2014...

CLIMATE NORMAL PERIOD 1981 TO 2010
CLIMATE RECORD PERIOD 1897 TO 2014


WEATHER ITEM   OBSERVED TIME   RECORD YEAR NORMAL DEPARTURE LAST
                VALUE   (LST)  VALUE       VALUE  FROM      YEAR
                                                  NORMAL
..................................................................
TEMPERATURE (F)
 YESTERDAY
  MAXIMUM         86    238 PM  94    1942  81      5       79
                                      1933
                                      1931
  MINIMUM         66    409 AM  44    1999  59      7       60
                                      1988
  AVERAGE         76                        70      6       70

PRECIPITATION (IN)
  YESTERDAY        0.00                      0.13  -0.13     0.01
  MONTH TO DATE    4.80                      3.88   0.92     5.37
  SINCE JUN 1      4.80                      3.88   0.92     5.37
  SINCE JAN 1     19.89                     18.67   1.22    17.14

SNOWFALL (IN)
  YESTERDAY        0.0                       0.0    0.0      0.0
  MONTH TO DATE    0.0                       0.0    0.0       T
  SINCE JUN 1      0.0                       0.0    0.0       T
  SINCE JUL 1     90.1                      62.7   27.4     80.9
  SNOW DEPTH       0

DEGREE DAYS
 HEATING
  YESTERDAY        0                         1     -1        0
  MONTH TO DATE   28                        69    -41       56
  SINCE JUN 1     28                        69    -41       56
  SINCE JUL 1   6855                      6349    506     6156

 COOLING
  YESTERDAY       11                         6      5        5
  MONTH TO DATE  153                       110     43      118
  SINCE JUN 1    153                       110     43      118
  SINCE JAN 1    208                       149     59      206
..................................................................


WIND (MPH)
  HIGHEST WIND SPEED    15   HIGHEST WIND DIRECTION     S (180)
  HIGHEST GUST SPEED    18   HIGHEST GUST DIRECTION     S (190)
  AVERAGE WIND SPEED     7.3


SKY COVER
  POSSIBLE SUNSHINE  MM
  AVERAGE SKY COVER 0.7


WEATHER CONDITIONS
 THE FOLLOWING WEATHER WAS RECORDED YESTERDAY.
  FOG
  FOG W/VISIBILITY <= 1/4 MILE


RELATIVE HUMIDITY (PERCENT)
 HIGHEST   100           400 AM
 LOWEST     55           400 PM
 AVERAGE    78

..........................................................


THE YOUNGSTOWN OH CLIMATE NORMALS FOR TODAY
                         NORMAL    RECORD    YEAR
 MAXIMUM TEMPERATURE (F)   81        96      1931
                                             1898
 MINIMUM TEMPERATURE (F)   59        43      1988


SUNRISE AND SUNSET
JULY  1 2014..........SUNRISE   553 AM EDT   SUNSET   900 PM EDT
JULY  2 2014..........SUNRISE   554 AM EDT   SUNSET   859 PM EDT


-  INDICATES NEGATIVE NUMBERS.
R  INDICATES RECORD WAS SET OR TIED.
MM INDICATES DATA IS MISSING.
T  INDICATES TRACE AMOUNT.




$$
