000
CDUS41 KCLE 280527
CLIYNG


CLIMATE REPORT
NATIONAL WEATHER SERVICE CLEVELAND OH
126 AM EDT WED SEP 28 2016


...................................

...THE YOUNGSTOWN OH CLIMATE SUMMARY FOR SEPTEMBER 27 2016...

CLIMATE NORMAL PERIOD 1981 TO 2010
CLIMATE RECORD PERIOD 1897 TO 2016


WEATHER ITEM   OBSERVED TIME   RECORD YEAR NORMAL DEPARTURE LAST
                VALUE   (LST)  VALUE       VALUE  FROM      YEAR
                                                  NORMAL
..................................................................
TEMPERATURE (F)
 YESTERDAY
  MAXIMUM         70    431 PM  86    1934  68      2       74
  MINIMUM         49    659 AM  29    1957  47      2       54
  AVERAGE         60                        58      2       64

PRECIPITATION (IN)
  YESTERDAY        0.00                      0.12  -0.12     0.09
  MONTH TO DATE    2.50                      3.40  -0.90     2.10
  SINCE SEP 1      2.50                      3.40  -0.90     2.10
  SINCE JAN 1     31.00                     29.62   1.38    33.00

SNOWFALL (IN)
  YESTERDAY        0.0                       0.0    0.0      0.0
  MONTH TO DATE    0.0                       0.0    0.0      0.0
  SINCE SEP 1      0.0                       0.0    0.0      0.0
  SINCE JUL 1      0.0                       0.0    0.0      0.0
  SNOW DEPTH       0

DEGREE DAYS
 HEATING
  YESTERDAY        5                         8     -3        1
  MONTH TO DATE   29                       119    -90       42
  SINCE SEP 1     29                       119    -90       42
  SINCE JUL 1     35                       157   -122       71

 COOLING
  YESTERDAY        0                         1     -1        0
  MONTH TO DATE  116                        49     67      117
  SINCE SEP 1    116                        49     67      117
  SINCE JAN 1    859                       535    324      677
..................................................................


WIND (MPH)
  HIGHEST WIND SPEED    25   HIGHEST WIND DIRECTION    SW (230)
  HIGHEST GUST SPEED    31   HIGHEST GUST DIRECTION    SW (220)
  AVERAGE WIND SPEED    10.2


SKY COVER
  POSSIBLE SUNSHINE  MM
  AVERAGE SKY COVER 0.3


WEATHER CONDITIONS
 THE FOLLOWING WEATHER WAS RECORDED YESTERDAY.
  NO SIGNIFICANT WEATHER WAS OBSERVED.


RELATIVE HUMIDITY (PERCENT)
 HIGHEST    93          1200 AM
 LOWEST     33           200 PM
 AVERAGE    63

..........................................................


THE YOUNGSTOWN OH CLIMATE NORMALS FOR TODAY
                         NORMAL    RECORD    YEAR
 MAXIMUM TEMPERATURE (F)   67        88      1959
 MINIMUM TEMPERATURE (F)   47        29      1991


SUNRISE AND SUNSET
SEPTEMBER 28 2016.....SUNRISE   717 AM EDT   SUNSET   709 PM EDT
SEPTEMBER 29 2016.....SUNRISE   718 AM EDT   SUNSET   707 PM EDT


-  INDICATES NEGATIVE NUMBERS.
R  INDICATES RECORD WAS SET OR TIED.
MM INDICATES DATA IS MISSING.
T  INDICATES TRACE AMOUNT.




$$
