000
CDUS41 KCLE 200527
CLIYNG


CLIMATE REPORT
NATIONAL WEATHER SERVICE CLEVELAND OH
1226 AM EST TUE FEB 20 2018


...................................

...THE YOUNGSTOWN OH CLIMATE SUMMARY FOR FEBRUARY 19 2018...

CLIMATE NORMAL PERIOD 1981 TO 2010
CLIMATE RECORD PERIOD 1897 TO 2018


WEATHER ITEM   OBSERVED TIME   RECORD YEAR NORMAL DEPARTURE LAST
                VALUE   (LST)  VALUE       VALUE  FROM      YEAR
                                                  NORMAL
..................................................................
TEMPERATURE (F)
 YESTERDAY
  MAXIMUM         64R  1159 PM  64    1994  37     27       63
  MINIMUM         33   1220 AM  -8    2015  21     12       40
  AVERAGE         49                        29     20       52

PRECIPITATION (IN)
  YESTERDAY        0.76                      0.08   0.68     0.00
  MONTH TO DATE    3.03                      1.42   1.61     1.65
  SINCE DEC 1      8.28                      6.96   1.32    10.57
  SINCE JAN 1      6.17                      3.97   2.20     7.00

SNOWFALL (IN)
  YESTERDAY        0.0                       0.5   -0.5      0.0
  MONTH TO DATE   14.9                       8.6    6.3      6.0
  SINCE DEC 1     57.0                      40.2   16.8     42.9
  SINCE JUL 1     58.0                      44.6   13.4     47.3
  SNOW DEPTH       0

DEGREE DAYS
 HEATING
  YESTERDAY       16                        36    -20       13
  MONTH TO DATE  669                       713    -44      591
  SINCE DEC 1   3069                      3007     62     2672
  SINCE JUL 1   4167                      4336   -169     3644

 COOLING
  YESTERDAY        0                         0      0        0
  MONTH TO DATE    0                         0      0        0
  SINCE DEC 1      0                         0      0        0
  SINCE JAN 1      0                         0      0        0
..................................................................


WIND (MPH)
  HIGHEST WIND SPEED    17   HIGHEST WIND DIRECTION    SE (150)
  HIGHEST GUST SPEED    26   HIGHEST GUST DIRECTION    SE (150)
  AVERAGE WIND SPEED    10.4


SKY COVER
  POSSIBLE SUNSHINE  MM
  AVERAGE SKY COVER 1.0


WEATHER CONDITIONS
 THE FOLLOWING WEATHER WAS RECORDED YESTERDAY.
  THUNDERSTORM
  RAIN
  LIGHT RAIN
  FOG


RELATIVE HUMIDITY (PERCENT)
 HIGHEST   100           100 PM
 LOWEST     59           500 AM
 AVERAGE    80

..........................................................


THE YOUNGSTOWN OH CLIMATE NORMALS FOR TODAY
                         NORMAL    RECORD    YEAR
 MAXIMUM TEMPERATURE (F)   37        65      2016
                                             1939
 MINIMUM TEMPERATURE (F)   21       -16      2015


SUNRISE AND SUNSET
FEBRUARY 20 2018......SUNRISE   710 AM EST   SUNSET   603 PM EST
FEBRUARY 21 2018......SUNRISE   709 AM EST   SUNSET   604 PM EST


-  INDICATES NEGATIVE NUMBERS.
R  INDICATES RECORD WAS SET OR TIED.
MM INDICATES DATA IS MISSING.
T  INDICATES TRACE AMOUNT.




$$
