000
CDUS41 KCLE 230528
CLIYNG


CLIMATE REPORT
NATIONAL WEATHER SERVICE CLEVELAND OH
1227 AM EST THU NOV 23 2017


...................................

...THE YOUNGSTOWN OH CLIMATE SUMMARY FOR NOVEMBER 22 2017...

CLIMATE NORMAL PERIOD 1981 TO 2010
CLIMATE RECORD PERIOD 1897 TO 2017


WEATHER ITEM   OBSERVED TIME   RECORD YEAR NORMAL DEPARTURE LAST
                VALUE   (LST)  VALUE       VALUE  FROM      YEAR
                                                  NORMAL
..................................................................
TEMPERATURE (F)
 YESTERDAY
  MAXIMUM         42   1207 AM  71    1930  46     -4       39
  MINIMUM         29   1047 PM  11    1964  32     -3       22
  AVERAGE         36                        39     -3       31

PRECIPITATION (IN)
  YESTERDAY        0.09                      0.11  -0.02     0.00
  MONTH TO DATE    5.28                      2.32   2.96     1.14
  SINCE SEP 1      8.99                      8.84   0.15    11.45
  SINCE JAN 1     41.71                     35.06   6.65    39.95

SNOWFALL (IN)
  YESTERDAY        T                         0.2   -0.2      0.0
  MONTH TO DATE    1.0                       1.9   -0.9      4.4
  SINCE SEP 1      1.0                       2.7   -1.7      4.4
  SINCE JUL 1      1.0                       2.7   -1.7      4.4
  SNOW DEPTH       0

DEGREE DAYS
 HEATING
  YESTERDAY       29                        26      3       34
  MONTH TO DATE  536                       486     50      414
  SINCE SEP 1    901                      1069   -168      779
  SINCE JUL 1    917                      1107   -190      785

 COOLING
  YESTERDAY        0                         0      0        0
  MONTH TO DATE    0                         0      0        3
  SINCE SEP 1    125                        58     67      136
  SINCE JAN 1    658                       544    114      879
..................................................................


WIND (MPH)
  HIGHEST WIND SPEED    20   HIGHEST WIND DIRECTION    NW (330)
  HIGHEST GUST SPEED    26   HIGHEST GUST DIRECTION    NW (320)
  AVERAGE WIND SPEED     8.3


SKY COVER
  POSSIBLE SUNSHINE  MM
  AVERAGE SKY COVER 1.0


WEATHER CONDITIONS
 THE FOLLOWING WEATHER WAS RECORDED YESTERDAY.
  LIGHT RAIN
  SNOW
  LIGHT SNOW
  FOG


RELATIVE HUMIDITY (PERCENT)
 HIGHEST   100           400 AM
 LOWEST     59           400 PM
 AVERAGE    80

..........................................................


THE YOUNGSTOWN OH CLIMATE NORMALS FOR TODAY
                         NORMAL    RECORD    YEAR
 MAXIMUM TEMPERATURE (F)   46        74      1931
 MINIMUM TEMPERATURE (F)   32         4      1971


SUNRISE AND SUNSET
NOVEMBER 23 2017......SUNRISE   720 AM EST   SUNSET   458 PM EST
NOVEMBER 24 2017......SUNRISE   722 AM EST   SUNSET   457 PM EST


-  INDICATES NEGATIVE NUMBERS.
R  INDICATES RECORD WAS SET OR TIED.
MM INDICATES DATA IS MISSING.
T  INDICATES TRACE AMOUNT.




$$
