151
CDUS41 KCLE 070533
CLIYNG


CLIMATE REPORT
NATIONAL WEATHER SERVICE CLEVELAND OH
1231 AM EST WED DEC 7 2016


...................................

...THE YOUNGSTOWN OH CLIMATE SUMMARY FOR DECEMBER 6 2016...

CLIMATE NORMAL PERIOD 1981 TO 2010
CLIMATE RECORD PERIOD 1897 TO 2016


WEATHER ITEM   OBSERVED TIME   RECORD YEAR NORMAL DEPARTURE LAST
                VALUE   (LST)  VALUE       VALUE  FROM      YEAR
                                                  NORMAL
..................................................................
TEMPERATURE (F)
 YESTERDAY
  MAXIMUM         40   1051 PM  69    1998  40      0       46
  MINIMUM         26   1212 AM   8    1977  27     -1       27
  AVERAGE         33                        33      0       37

PRECIPITATION (IN)
  YESTERDAY        0.39                      0.10   0.29     0.00
  MONTH TO DATE    0.52                      0.60  -0.08     0.26
  SINCE DEC 1      0.52                      0.60  -0.08     0.26
  SINCE JAN 1     41.29                     36.52   4.77    40.45

SNOWFALL (IN)
  YESTERDAY        0.0                       0.4   -0.4      0.0
  MONTH TO DATE    0.7                       2.4   -1.7      0.7
  SINCE DEC 1      0.7                       2.4   -1.7      0.7
  SINCE JUL 1      5.1                       6.8   -1.7      1.1
  SNOW DEPTH       0

DEGREE DAYS
 HEATING
  YESTERDAY       32                        32      0       28
  MONTH TO DATE  177                       184     -7      166
  SINCE DEC 1    177                       184     -7      166
  SINCE JUL 1   1149                      1513   -364     1168

 COOLING
  YESTERDAY        0                         0      0        0
  MONTH TO DATE    0                         0      0        0
  SINCE DEC 1      0                         0      0        0
  SINCE JAN 1    879                       544    335      681
..................................................................


WIND (MPH)
  HIGHEST WIND SPEED    23   HIGHEST WIND DIRECTION     E (110)
  HIGHEST GUST SPEED    29   HIGHEST GUST DIRECTION     E (110)
  AVERAGE WIND SPEED    12.0


SKY COVER
  POSSIBLE SUNSHINE  MM
  AVERAGE SKY COVER 0.9


WEATHER CONDITIONS
 THE FOLLOWING WEATHER WAS RECORDED YESTERDAY.
  LIGHT RAIN
  FOG


RELATIVE HUMIDITY (PERCENT)
 HIGHEST    92          1200 AM
 LOWEST     64          1000 AM
 AVERAGE    78

..........................................................


THE YOUNGSTOWN OH CLIMATE NORMALS FOR TODAY
                         NORMAL    RECORD    YEAR
 MAXIMUM TEMPERATURE (F)   39        67      1998
 MINIMUM TEMPERATURE (F)   27         7      1977
                                             1958


SUNRISE AND SUNSET
DECEMBER  7 2016......SUNRISE   735 AM EST   SUNSET   453 PM EST
DECEMBER  8 2016......SUNRISE   736 AM EST   SUNSET   453 PM EST


-  INDICATES NEGATIVE NUMBERS.
R  INDICATES RECORD WAS SET OR TIED.
MM INDICATES DATA IS MISSING.
T  INDICATES TRACE AMOUNT.




$$
