000
CDUS41 KCLE 060529
CLIYNG


CLIMATE REPORT
NATIONAL WEATHER SERVICE CLEVELAND OH
1227 AM EST SAT FEB 6 2016


...................................

...THE YOUNGSTOWN OH CLIMATE SUMMARY FOR FEBRUARY 5 2016...

CLIMATE NORMAL PERIOD 1981 TO 2010
CLIMATE RECORD PERIOD 1897 TO 2016


WEATHER ITEM   OBSERVED TIME   RECORD YEAR NORMAL DEPARTURE LAST
                VALUE   (LST)  VALUE       VALUE  FROM      YEAR
                                                  NORMAL
..................................................................
TEMPERATURE (F)
 YESTERDAY
  MAXIMUM         34    509 PM  58    2008  34      0       20
  MINIMUM         21    753 AM  -5    2007  20      1        0
  AVERAGE         28                        27      1       10

PRECIPITATION (IN)
  YESTERDAY        0.02                      0.07  -0.05      T
  MONTH TO DATE    1.04                      0.37   0.67     1.18
  SINCE DEC 1      6.64                      5.91   0.73     6.66
  SINCE JAN 1      2.45                      2.92  -0.47     4.34

SNOWFALL (IN)
  YESTERDAY        0.3                       0.4   -0.1      0.1
  MONTH TO DATE    1.3                       2.3   -1.0     11.9
  SINCE DEC 1     13.9                      33.9  -20.0     41.9
  SINCE JUL 1     14.3                      38.3  -24.0     53.5
  SNOW DEPTH       1

DEGREE DAYS
 HEATING
  YESTERDAY       37                        38     -1       55
  MONTH TO DATE  138                       193    -55      222
  SINCE DEC 1   2027                      2487   -460     2498
  SINCE JUL 1   3029                      3816   -787     3908

 COOLING
  YESTERDAY        0                         0      0        0
  MONTH TO DATE    0                         0      0        0
  SINCE DEC 1      0                         0      0        0
  SINCE JAN 1      0                         0      0        0
..................................................................


WIND (MPH)
  HIGHEST WIND SPEED    15   HIGHEST WIND DIRECTION     W (290)
  HIGHEST GUST SPEED    21   HIGHEST GUST DIRECTION     W (280)
  AVERAGE WIND SPEED     5.9


SKY COVER
  POSSIBLE SUNSHINE  MM
  AVERAGE SKY COVER 0.7


WEATHER CONDITIONS
 THE FOLLOWING WEATHER WAS RECORDED YESTERDAY.
  LIGHT SNOW
  FOG


RELATIVE HUMIDITY (PERCENT)
 HIGHEST    84           400 AM
 LOWEST     49           600 PM
 AVERAGE    67

..........................................................


THE YOUNGSTOWN OH CLIMATE NORMALS FOR TODAY
                         NORMAL    RECORD    YEAR
 MAXIMUM TEMPERATURE (F)   34        62      1938
 MINIMUM TEMPERATURE (F)   20        -7      1979


SUNRISE AND SUNSET
FEBRUARY  6 2016......SUNRISE   729 AM EST   SUNSET   545 PM EST
FEBRUARY  7 2016......SUNRISE   728 AM EST   SUNSET   546 PM EST


-  INDICATES NEGATIVE NUMBERS.
R  INDICATES RECORD WAS SET OR TIED.
MM INDICATES DATA IS MISSING.
T  INDICATES TRACE AMOUNT.




$$
