423
CDUS41 KCLE 090531
CLIYNG


CLIMATE REPORT
NATIONAL WEATHER SERVICE CLEVELAND OH
1230 AM EST TUE FEB 9 2016


...................................

...THE YOUNGSTOWN OH CLIMATE SUMMARY FOR FEBRUARY 8 2016...

CLIMATE NORMAL PERIOD 1981 TO 2010
CLIMATE RECORD PERIOD 1897 TO 2016


WEATHER ITEM   OBSERVED TIME   RECORD YEAR NORMAL DEPARTURE LAST
                VALUE   (LST)  VALUE       VALUE  FROM      YEAR
                                                  NORMAL
..................................................................
TEMPERATURE (F)
 YESTERDAY
  MAXIMUM         42   1209 AM  57    2001  35      7       47
  MINIMUM         30    728 AM  -9    1977  20     10       31
  AVERAGE         36                        27      9       39

PRECIPITATION (IN)
  YESTERDAY        0.05                      0.07  -0.02     0.04
  MONTH TO DATE    1.09                      0.60   0.49     1.22
  SINCE DEC 1      6.69                      6.14   0.55     6.70
  SINCE JAN 1      2.50                      3.15  -0.65     4.38

SNOWFALL (IN)
  YESTERDAY        0.2                       0.5   -0.3      0.0
  MONTH TO DATE    1.5                       3.7   -2.2     11.9
  SINCE DEC 1     14.1                      35.3  -21.2     41.9
  SINCE JUL 1     14.5                      39.7  -25.2     53.5
  SNOW DEPTH       0

DEGREE DAYS
 HEATING
  YESTERDAY       29                        38     -9       26
  MONTH TO DATE  227                       307    -80      331
  SINCE DEC 1   2116                      2601   -485     2607
  SINCE JUL 1   3118                      3930   -812     4017

 COOLING
  YESTERDAY        0                         0      0        0
  MONTH TO DATE    0                         0      0        0
  SINCE DEC 1      0                         0      0        0
  SINCE JAN 1      0                         0      0        0
..................................................................


WIND (MPH)
  HIGHEST WIND SPEED    17   HIGHEST WIND DIRECTION     S (160)
  HIGHEST GUST SPEED    22   HIGHEST GUST DIRECTION     S (160)
  AVERAGE WIND SPEED     8.0


SKY COVER
  POSSIBLE SUNSHINE  MM
  AVERAGE SKY COVER 0.9


WEATHER CONDITIONS
 THE FOLLOWING WEATHER WAS RECORDED YESTERDAY.
  LIGHT RAIN
  SNOW
  LIGHT SNOW
  FOG


RELATIVE HUMIDITY (PERCENT)
 HIGHEST    92           900 PM
 LOWEST     46          1200 AM
 AVERAGE    69

..........................................................


THE YOUNGSTOWN OH CLIMATE NORMALS FOR TODAY
                         NORMAL    RECORD    YEAR
 MAXIMUM TEMPERATURE (F)   35        70      1937
 MINIMUM TEMPERATURE (F)   20       -16      1934


SUNRISE AND SUNSET
FEBRUARY  9 2016......SUNRISE   726 AM EST   SUNSET   549 PM EST
FEBRUARY 10 2016......SUNRISE   724 AM EST   SUNSET   550 PM EST


-  INDICATES NEGATIVE NUMBERS.
R  INDICATES RECORD WAS SET OR TIED.
MM INDICATES DATA IS MISSING.
T  INDICATES TRACE AMOUNT.




$$
