000
CDUS41 KCLE 300535
CLIYNG


CLIMATE REPORT
NATIONAL WEATHER SERVICE CLEVELAND OH
134 AM EDT SAT AUG 30 2014


...................................

...THE YOUNGSTOWN OH CLIMATE SUMMARY FOR AUGUST 29 2014...

CLIMATE NORMAL PERIOD 1981 TO 2010
CLIMATE RECORD PERIOD 1897 TO 2014


WEATHER ITEM   OBSERVED TIME   RECORD YEAR NORMAL DEPARTURE LAST
                VALUE   (LST)  VALUE       VALUE  FROM      YEAR
                                                  NORMAL
..................................................................
TEMPERATURE (F)
 YESTERDAY
  MAXIMUM         77    502 PM  96    1991  78     -1       85
  MINIMUM         47    555 AM  32    1982  57    -10       67
  AVERAGE         62                        67     -5       76

PRECIPITATION (IN)
  YESTERDAY        0.00                      0.11  -0.11     0.00
  MONTH TO DATE    5.82                      3.02   2.80     2.63
  SINCE JUN 1     14.03                     11.21   2.82    15.45
  SINCE JAN 1     29.12                     26.00   3.12    27.22

SNOWFALL (IN)
  YESTERDAY        0.0                       0.0    0.0      0.0
  MONTH TO DATE    0.0                       0.0    0.0      0.0
  SINCE JUN 1      0.0                       0.0    0.0       T
  SINCE JUL 1      0.0                       0.0    0.0      0.0
  SNOW DEPTH       0

DEGREE DAYS
 HEATING
  YESTERDAY        3                         1      2        0
  MONTH TO DATE   24                        24      0       25
  SINCE JUN 1     80                       106    -26       94
  SINCE JUL 1     52                        37     15       38

 COOLING
  YESTERDAY        0                         4     -4       11
  MONTH TO DATE  122                       146    -24      106
  SINCE JUN 1    405                       441    -36      444
  SINCE JAN 1    460                       480    -20      532
..................................................................


WIND (MPH)
  HIGHEST WIND SPEED    12   HIGHEST WIND DIRECTION    SE (140)
  HIGHEST GUST SPEED    16   HIGHEST GUST DIRECTION    SE (140)
  AVERAGE WIND SPEED     5.8


SKY COVER
  POSSIBLE SUNSHINE  MM
  AVERAGE SKY COVER 0.5


WEATHER CONDITIONS
 THE FOLLOWING WEATHER WAS RECORDED YESTERDAY.
  NO SIGNIFICANT WEATHER WAS OBSERVED.


RELATIVE HUMIDITY (PERCENT)
 HIGHEST   100           100 AM
 LOWEST     38           400 PM
 AVERAGE    69

..........................................................


THE YOUNGSTOWN OH CLIMATE NORMALS FOR TODAY
                         NORMAL    RECORD    YEAR
 MAXIMUM TEMPERATURE (F)   78        97      1953
 MINIMUM TEMPERATURE (F)   56        40      1986


SUNRISE AND SUNSET
AUGUST 30 2014........SUNRISE   647 AM EDT   SUNSET   759 PM EDT
AUGUST 31 2014........SUNRISE   648 AM EDT   SUNSET   757 PM EDT


-  INDICATES NEGATIVE NUMBERS.
R  INDICATES RECORD WAS SET OR TIED.
MM INDICATES DATA IS MISSING.
T  INDICATES TRACE AMOUNT.




$$
