000
CDUS41 KCLE 270545
CLIYNG


CLIMATE REPORT
NATIONAL WEATHER SERVICE CLEVELAND OH
145 AM EDT MON OCT 27 2014


...................................

...THE YOUNGSTOWN OH CLIMATE SUMMARY FOR OCTOBER 26 2014...

CLIMATE NORMAL PERIOD 1981 TO 2010
CLIMATE RECORD PERIOD 1897 TO 2014


WEATHER ITEM   OBSERVED TIME   RECORD YEAR NORMAL DEPARTURE LAST
                VALUE   (LST)  VALUE       VALUE  FROM      YEAR
                                                  NORMAL
..................................................................
TEMPERATURE (F)
 YESTERDAY
  MAXIMUM         60    213 PM  80    1991  57      3       45
  MINIMUM         36   1101 PM  23    1987  39     -3       34
  AVERAGE         48                        48      0       40

PRECIPITATION (IN)
  YESTERDAY        0.00                      0.08  -0.08      T
  MONTH TO DATE    2.92                      2.32   0.60     2.66
  SINCE SEP 1      4.82                      6.07  -1.25     4.87
  SINCE JAN 1     34.38                     32.29   2.09    32.09

SNOWFALL (IN)
  YESTERDAY        0.0                       0.0    0.0      0.0
  MONTH TO DATE    T                         0.5   -0.5      1.2
  SINCE SEP 1      T                         0.5   -0.5      1.2
  SINCE JUL 1      T                         0.5   -0.5      1.2
  SNOW DEPTH       0

DEGREE DAYS
 HEATING
  YESTERDAY       17                        17      0       25
  MONTH TO DATE  319                       350    -31      282
  SINCE SEP 1    460                       495    -35      433
  SINCE JUL 1    512                       533    -21      471

 COOLING
  YESTERDAY        0                         0      0        0
  MONTH TO DATE    3                         3      0       21
  SINCE SEP 1     56                        55      1       78
  SINCE JAN 1    533                       541     -8      630
..................................................................


WIND (MPH)
  HIGHEST WIND SPEED    22   HIGHEST WIND DIRECTION    NW (300)
  HIGHEST GUST SPEED    29   HIGHEST GUST DIRECTION     W (290)
  AVERAGE WIND SPEED     7.6


SKY COVER
  POSSIBLE SUNSHINE  MM
  AVERAGE SKY COVER 0.1


WEATHER CONDITIONS
 THE FOLLOWING WEATHER WAS RECORDED YESTERDAY.
  NO SIGNIFICANT WEATHER WAS OBSERVED.


RELATIVE HUMIDITY (PERCENT)
 HIGHEST    76          1100 PM
 LOWEST     33           300 PM
 AVERAGE    55

..........................................................


THE YOUNGSTOWN OH CLIMATE NORMALS FOR TODAY
                         NORMAL    RECORD    YEAR
 MAXIMUM TEMPERATURE (F)   57        76      2000
                                             1984
                                             1947
 MINIMUM TEMPERATURE (F)   39        22      1979


SUNRISE AND SUNSET
OCTOBER 27 2014.......SUNRISE   748 AM EDT   SUNSET   624 PM EDT
OCTOBER 28 2014.......SUNRISE   749 AM EDT   SUNSET   623 PM EDT


-  INDICATES NEGATIVE NUMBERS.
R  INDICATES RECORD WAS SET OR TIED.
MM INDICATES DATA IS MISSING.
T  INDICATES TRACE AMOUNT.




$$
