000
CDUS41 KCLE 252113
CLIYNG


CLIMATE REPORT
NATIONAL WEATHER SERVICE CLEVELAND OH
512 PM EDT SUN JUN 25 2017


...................................

...THE YOUNGSTOWN OH CLIMATE SUMMARY FOR JUNE 25 2017...
VALID TODAY AS OF 0500 PM LOCAL TIME.

CLIMATE NORMAL PERIOD 1981 TO 2010
CLIMATE RECORD PERIOD 1897 TO 2017


WEATHER ITEM   OBSERVED TIME   RECORD YEAR NORMAL DEPARTURE LAST
                VALUE   (LST)  VALUE       VALUE  FROM      YEAR
                                                  NORMAL
..................................................................
TEMPERATURE (F)
 TODAY
  MAXIMUM         76    140 PM  99    1988  80     -4       86
  MINIMUM         55    515 AM  38    1979  58     -3       55
  AVERAGE         66                        69     -3       71

PRECIPITATION (IN)
  TODAY            0.00                      0.13  -0.13     0.00
  MONTH TO DATE    3.95                      3.22   0.73     2.84
  SINCE JUN 1      3.95                      3.22   0.73     2.84
  SINCE JAN 1     25.25                     18.01   7.24    17.94

SNOWFALL (IN)
  TODAY            0.0                       0.0    0.0      0.0
  MONTH TO DATE    0.0                       0.0    0.0      0.0
  SINCE JUN 1      0.0                       0.0    0.0      0.0
  SINCE JUL 1     69.5                      62.7    6.8     44.9
  SNOW DEPTH       0

DEGREE DAYS
 HEATING
  TODAY            0                         1     -1        0
  MONTH TO DATE   33                        64    -31       30
  SINCE JUN 1     33                        64    -31       30
  SINCE JUL 1   5249                      6344  -1095     5283

 COOLING
  TODAY            1                         5     -4        6
  MONTH TO DATE  135                        83     52      115
  SINCE JUN 1    135                        83     52      115
  SINCE JAN 1    184                       122     62      170
..................................................................


WIND (MPH)
  HIGHEST WIND SPEED    25   HIGHEST WIND DIRECTION     W (250)
  HIGHEST GUST SPEED    37   HIGHEST GUST DIRECTION     W (260)


SKY COVER
  POSSIBLE SUNSHINE  MM
  AVERAGE SKY COVER 0.5


WEATHER CONDITIONS
 THE FOLLOWING WEATHER WAS RECORDED TODAY.
  FOG


RELATIVE HUMIDITY (PERCENT)
 HIGHEST    93           200 AM
 LOWEST     33           200 PM
 AVERAGE    63

..........................................................


THE YOUNGSTOWN OH CLIMATE NORMALS FOR TOMORROW
                         NORMAL    RECORD    YEAR
 MAXIMUM TEMPERATURE (F)   80        99      1952
 MINIMUM TEMPERATURE (F)   58        46      2004
                                             1979


SUNRISE AND SUNSET
JUNE 25 2017..........SUNRISE   551 AM EDT   SUNSET   900 PM EDT
JUNE 26 2017..........SUNRISE   551 AM EDT   SUNSET   900 PM EDT


-  INDICATES NEGATIVE NUMBERS.
R  INDICATES RECORD WAS SET OR TIED.
MM INDICATES DATA IS MISSING.
T  INDICATES TRACE AMOUNT.




$$
