000
CDUS41 KCLE 080526
CLIYNG


CLIMATE REPORT
NATIONAL WEATHER SERVICE CLEVELAND OH
126 AM EDT TUE JUL 8 2014


...................................

...THE YOUNGSTOWN OH CLIMATE SUMMARY FOR JULY 7 2014...

CLIMATE NORMAL PERIOD 1981 TO 2010
CLIMATE RECORD PERIOD 1897 TO 2014


WEATHER ITEM   OBSERVED TIME   RECORD YEAR NORMAL DEPARTURE LAST
                VALUE   (LST)  VALUE       VALUE  FROM      YEAR
                                                  NORMAL
..................................................................
TEMPERATURE (F)
 YESTERDAY
  MAXIMUM         81   1258 PM 100    1988  82     -1       80
  MINIMUM         69    556 AM  42    1990  60      9       68
  AVERAGE         75                        70      5       74

PRECIPITATION (IN)
  YESTERDAY        0.08                      0.13  -0.05      T
  MONTH TO DATE    0.76                      0.94  -0.18     0.51
  SINCE JUN 1      5.56                      4.82   0.74     5.88
  SINCE JAN 1     20.65                     19.61   1.04    17.65

SNOWFALL (IN)
  YESTERDAY        0.0                       0.0    0.0      0.0
  MONTH TO DATE    0.0                       0.0    0.0      0.0
  SINCE JUN 1      0.0                       0.0    0.0       T
  SINCE JUL 1      0.0                       0.0    0.0      0.0
  SNOW DEPTH       0

DEGREE DAYS
 HEATING
  YESTERDAY        0                         1     -1        0
  MONTH TO DATE    5                         7     -2        0
  SINCE JUN 1     33                        76    -43       56
  SINCE JUL 1      5                         7     -2        0

 COOLING
  YESTERDAY       10                         6      4        9
  MONTH TO DATE   39                        42     -3       62
  SINCE JUN 1    192                       152     40      180
  SINCE JAN 1    247                       191     56      268
..................................................................


WIND (MPH)
  HIGHEST WIND SPEED    24   HIGHEST WIND DIRECTION    SW (230)
  HIGHEST GUST SPEED    31   HIGHEST GUST DIRECTION    SW (230)
  AVERAGE WIND SPEED    12.4


SKY COVER
  POSSIBLE SUNSHINE  MM
  AVERAGE SKY COVER 0.9


WEATHER CONDITIONS
 THE FOLLOWING WEATHER WAS RECORDED YESTERDAY.
  THUNDERSTORM
  LIGHT RAIN
  FOG


RELATIVE HUMIDITY (PERCENT)
 HIGHEST    82           500 PM
 LOWEST     62           100 PM
 AVERAGE    72

..........................................................


THE YOUNGSTOWN OH CLIMATE NORMALS FOR TODAY
                         NORMAL    RECORD    YEAR
 MAXIMUM TEMPERATURE (F)   82        99      1988
 MINIMUM TEMPERATURE (F)   60        44      1984


SUNRISE AND SUNSET
JULY  8 2014..........SUNRISE   557 AM EDT   SUNSET   858 PM EDT
JULY  9 2014..........SUNRISE   558 AM EDT   SUNSET   857 PM EDT


-  INDICATES NEGATIVE NUMBERS.
R  INDICATES RECORD WAS SET OR TIED.
MM INDICATES DATA IS MISSING.
T  INDICATES TRACE AMOUNT.




$$
