000
CDUS41 KCLE 260526
CLIYNG


CLIMATE REPORT
NATIONAL WEATHER SERVICE CLEVELAND OH
125 AM EDT TUE JUL 26 2016


...................................

...THE YOUNGSTOWN OH CLIMATE SUMMARY FOR JULY 25 2016...

CLIMATE NORMAL PERIOD 1981 TO 2010
CLIMATE RECORD PERIOD 1897 TO 2016


WEATHER ITEM   OBSERVED TIME   RECORD YEAR NORMAL DEPARTURE LAST
                VALUE   (LST)  VALUE       VALUE  FROM      YEAR
                                                  NORMAL
..................................................................
TEMPERATURE (F)
 YESTERDAY
  MAXIMUM         88    449 PM  97    1934  81      7       86
  MINIMUM         69   1151 PM  44    1953  60      9       60
  AVERAGE         79                        71      8       73

PRECIPITATION (IN)
  YESTERDAY        0.00                      0.14  -0.14     0.00
  MONTH TO DATE    2.98                      3.53  -0.55     4.00
  SINCE JUN 1      5.92                      7.41  -1.49    13.02
  SINCE JAN 1     21.02                     22.20  -1.18    28.00

SNOWFALL (IN)
  YESTERDAY        0.0                       0.0    0.0      0.0
  MONTH TO DATE    0.0                       0.0    0.0      0.0
  SINCE JUN 1      0.0                       0.0    0.0      0.0
  SINCE JUL 1      0.0                       0.0    0.0      0.0
  SNOW DEPTH       0

DEGREE DAYS
 HEATING
  YESTERDAY        0                         0      0        0
  MONTH TO DATE    6                         8     -2        7
  SINCE JUN 1     40                        77    -37       49
  SINCE JUL 1      6                         8     -2        7

 COOLING
  YESTERDAY       14                         6      8        8
  MONTH TO DATE  205                       150     55      121
  SINCE JUN 1    347                       260     87      231
  SINCE JAN 1    402                       299    103      343
..................................................................


WIND (MPH)
  HIGHEST WIND SPEED    20   HIGHEST WIND DIRECTION     W (250)
  HIGHEST GUST SPEED    24   HIGHEST GUST DIRECTION    SW (240)
  AVERAGE WIND SPEED     7.7


SKY COVER
  POSSIBLE SUNSHINE  MM
  AVERAGE SKY COVER 0.8


WEATHER CONDITIONS
 THE FOLLOWING WEATHER WAS RECORDED YESTERDAY.
  NO SIGNIFICANT WEATHER WAS OBSERVED.


RELATIVE HUMIDITY (PERCENT)
 HIGHEST    90          1100 PM
 LOWEST     53           300 PM
 AVERAGE    72

..........................................................


THE YOUNGSTOWN OH CLIMATE NORMALS FOR TODAY
                         NORMAL    RECORD    YEAR
 MAXIMUM TEMPERATURE (F)   81        97      1940
 MINIMUM TEMPERATURE (F)   60        49      1975


SUNRISE AND SUNSET
JULY 26 2016..........SUNRISE   613 AM EDT   SUNSET   845 PM EDT
JULY 27 2016..........SUNRISE   614 AM EDT   SUNSET   844 PM EDT


-  INDICATES NEGATIVE NUMBERS.
R  INDICATES RECORD WAS SET OR TIED.
MM INDICATES DATA IS MISSING.
T  INDICATES TRACE AMOUNT.




$$
