000
CDUS41 KCLE 310545
CLIYNG


CLIMATE REPORT
NATIONAL WEATHER SERVICE CLEVELAND OH
145 AM EDT THU JUL 31 2014


...................................

...THE YOUNGSTOWN OH CLIMATE SUMMARY FOR JULY 30 2014...

CLIMATE NORMAL PERIOD 1981 TO 2010
CLIMATE RECORD PERIOD 1897 TO 2014


WEATHER ITEM   OBSERVED TIME   RECORD YEAR NORMAL DEPARTURE LAST
                VALUE   (LST)  VALUE       VALUE  FROM      YEAR
                                                  NORMAL
..................................................................
TEMPERATURE (F)
 YESTERDAY
  MAXIMUM         74    224 PM  95    1940  81     -7       76
                                      1933
  MINIMUM         58    628 AM  46    1997  60     -2       51
                                      1965
  AVERAGE         66                        70     -4       64

PRECIPITATION (IN)
  YESTERDAY        0.04                      0.13  -0.09     0.00
  MONTH TO DATE    3.40                      4.18  -0.78     7.45
  SINCE JUN 1      8.20                      8.06   0.14    12.82
  SINCE JAN 1     23.29                     22.85   0.44    24.59

SNOWFALL (IN)
  YESTERDAY        0.0                       0.0    0.0      0.0
  MONTH TO DATE    0.0                       0.0    0.0      0.0
  SINCE JUN 1      0.0                       0.0    0.0       T
  SINCE JUL 1      0.0                       0.0    0.0      0.0
  SNOW DEPTH       0

DEGREE DAYS
 HEATING
  YESTERDAY        0                         0      0        1
  MONTH TO DATE   28                         8     20       13
  SINCE JUN 1     56                        77    -21       69
  SINCE JUL 1     28                         8     20       13

 COOLING
  YESTERDAY        1                         6     -5        0
  MONTH TO DATE  127                       180    -53      220
  SINCE JUN 1    280                       290    -10      338
  SINCE JAN 1    335                       329      6      426
..................................................................


WIND (MPH)
  HIGHEST WIND SPEED    17   HIGHEST WIND DIRECTION    SW (230)
  HIGHEST GUST SPEED    23   HIGHEST GUST DIRECTION    SW (240)
  AVERAGE WIND SPEED     6.0


SKY COVER
  POSSIBLE SUNSHINE  MM
  AVERAGE SKY COVER 0.9


WEATHER CONDITIONS
 THE FOLLOWING WEATHER WAS RECORDED YESTERDAY.
  THUNDERSTORM
  LIGHT RAIN


RELATIVE HUMIDITY (PERCENT)
 HIGHEST    90          1000 PM
 LOWEST     53           100 PM
 AVERAGE    72

..........................................................


THE YOUNGSTOWN OH CLIMATE NORMALS FOR TODAY
                         NORMAL    RECORD    YEAR
 MAXIMUM TEMPERATURE (F)   81        97      1941
 MINIMUM TEMPERATURE (F)   60        48      1997


SUNRISE AND SUNSET
JULY 31 2014..........SUNRISE   617 AM EDT   SUNSET   840 PM EDT
AUGUST  1 2014........SUNRISE   618 AM EDT   SUNSET   839 PM EDT


-  INDICATES NEGATIVE NUMBERS.
R  INDICATES RECORD WAS SET OR TIED.
MM INDICATES DATA IS MISSING.
T  INDICATES TRACE AMOUNT.




$$
