000
CDUS41 KCLE 180545
CLIYNG


CLIMATE REPORT
NATIONAL WEATHER SERVICE CLEVELAND OH
145 AM EDT WED OCT 18 2017


...................................

...THE YOUNGSTOWN OH CLIMATE SUMMARY FOR OCTOBER 17 2017...

CLIMATE NORMAL PERIOD 1981 TO 2010
CLIMATE RECORD PERIOD 1897 TO 2017


WEATHER ITEM   OBSERVED TIME   RECORD YEAR NORMAL DEPARTURE LAST
                VALUE   (LST)  VALUE       VALUE  FROM      YEAR
                                                  NORMAL
..................................................................
TEMPERATURE (F)
 YESTERDAY
  MAXIMUM         64    336 PM  83    1938  60      4       79
  MINIMUM         34    416 AM  26    1991  41     -7       62
  AVERAGE         49                        51     -2       71

PRECIPITATION (IN)
  YESTERDAY        0.00                      0.08  -0.08     0.03
  MONTH TO DATE    1.72                      1.57   0.15     0.37
  SINCE SEP 1      2.66                      5.32  -2.66     4.57
  SINCE JAN 1     35.38                     31.54   3.84    33.07

SNOWFALL (IN)
  YESTERDAY        0.0                       0.0    0.0      0.0
  MONTH TO DATE    0.0                       0.2   -0.2      0.0
  SINCE SEP 1      0.0                       0.2   -0.2      0.0
  SINCE JUL 1      0.0                       0.2   -0.2      0.0
  SNOW DEPTH       0

DEGREE DAYS
 HEATING
  YESTERDAY       16                        14      2        0
  MONTH TO DATE   61                       207   -146      129
  SINCE SEP 1    159                       352   -193      169
  SINCE JUL 1    175                       390   -215      175

 COOLING
  YESTERDAY        0                         0      0        6
  MONTH TO DATE   22                         3     19       11
  SINCE SEP 1    125                        55     70      127
  SINCE JAN 1    658                       541    117      870
..................................................................


WIND (MPH)
  HIGHEST WIND SPEED    20   HIGHEST WIND DIRECTION    SW (240)
  HIGHEST GUST SPEED    25   HIGHEST GUST DIRECTION    SW (240)
  AVERAGE WIND SPEED     6.9


SKY COVER
  POSSIBLE SUNSHINE  MM
  AVERAGE SKY COVER 0.1


WEATHER CONDITIONS
 THE FOLLOWING WEATHER WAS RECORDED YESTERDAY.
  NO SIGNIFICANT WEATHER WAS OBSERVED.


RELATIVE HUMIDITY (PERCENT)
 HIGHEST    89           200 AM
 LOWEST     39           200 PM
 AVERAGE    64

..........................................................


THE YOUNGSTOWN OH CLIMATE NORMALS FOR TODAY
                         NORMAL    RECORD    YEAR
 MAXIMUM TEMPERATURE (F)   60        84      1938
 MINIMUM TEMPERATURE (F)   41        25      1972


SUNRISE AND SUNSET
OCTOBER 18 2017.......SUNRISE   738 AM EDT   SUNSET   637 PM EDT
OCTOBER 19 2017.......SUNRISE   739 AM EDT   SUNSET   635 PM EDT


-  INDICATES NEGATIVE NUMBERS.
R  INDICATES RECORD WAS SET OR TIED.
MM INDICATES DATA IS MISSING.
T  INDICATES TRACE AMOUNT.




$$
