000
CDUS41 KCLE 250545
CLIYNG


CLIMATE REPORT
NATIONAL WEATHER SERVICE CLEVELAND OH
145 AM EDT MON MAY 25 2015


...................................

...THE YOUNGSTOWN OH CLIMATE SUMMARY FOR MAY 24 2015...

CLIMATE NORMAL PERIOD 1981 TO 2010
CLIMATE RECORD PERIOD 1897 TO 2015


WEATHER ITEM   OBSERVED TIME   RECORD YEAR NORMAL DEPARTURE LAST
                VALUE   (LST)  VALUE       VALUE  FROM      YEAR
                                                  NORMAL
..................................................................
TEMPERATURE (F)
 YESTERDAY
  MAXIMUM         81    209 PM  88    1933  71     10       75
  MINIMUM         53    442 AM  25    1963  49      4       40
  AVERAGE         67                        60      7       58

PRECIPITATION (IN)
  YESTERDAY        0.00                      0.14  -0.14     0.00
  MONTH TO DATE    1.26                      2.89  -1.63     3.46
  SINCE MAR 1      6.47                      9.19  -2.72    10.31
  SINCE JAN 1     11.70                     13.89  -2.19    15.00

SNOWFALL (IN)
  YESTERDAY        0.0                       0.0    0.0      0.0
  MONTH TO DATE    0.0                       0.0    0.0       T
  SINCE MAR 1      9.5                      13.9   -4.4      9.1
  SINCE JUL 1     79.0                      62.7   16.3     90.1
  SNOW DEPTH       0

DEGREE DAYS
 HEATING
  YESTERDAY        0                         6     -6        7
  MONTH TO DATE  133                       214    -81      198
  SINCE MAR 1   1564                      1593    -29     1752
  SINCE JUL 1   6682                      6241    441     6820

 COOLING
  YESTERDAY        2                         1      1        0
  MONTH TO DATE   71                        17     54       37
  SINCE MAR 1     71                        26     45       37
  SINCE JAN 1     71                        26     45       37
..................................................................


WIND (MPH)
  HIGHEST WIND SPEED    14   HIGHEST WIND DIRECTION    SW (230)
  HIGHEST GUST SPEED    19   HIGHEST GUST DIRECTION    SW (230)
  AVERAGE WIND SPEED     7.1


SKY COVER
  POSSIBLE SUNSHINE  MM
  AVERAGE SKY COVER 0.4


WEATHER CONDITIONS
 THE FOLLOWING WEATHER WAS RECORDED YESTERDAY.
  NO SIGNIFICANT WEATHER WAS OBSERVED.


RELATIVE HUMIDITY (PERCENT)
 HIGHEST    63           900 PM
 LOWEST     30           200 PM
 AVERAGE    47

..........................................................


THE YOUNGSTOWN OH CLIMATE NORMALS FOR TODAY
                         NORMAL    RECORD    YEAR
 MAXIMUM TEMPERATURE (F)   71        94      1932
 MINIMUM TEMPERATURE (F)   49        30      2013
                                             1956


SUNRISE AND SUNSET
MAY 25 2015...........SUNRISE   556 AM EDT   SUNSET   844 PM EDT
MAY 26 2015...........SUNRISE   555 AM EDT   SUNSET   844 PM EDT


-  INDICATES NEGATIVE NUMBERS.
R  INDICATES RECORD WAS SET OR TIED.
MM INDICATES DATA IS MISSING.
T  INDICATES TRACE AMOUNT.




$$
