000
CDUS41 KCLE 290536
CLIYNG


CLIMATE REPORT
NATIONAL WEATHER SERVICE CLEVELAND OH
134 AM EDT FRI AUG 29 2014


...................................

...THE YOUNGSTOWN OH CLIMATE SUMMARY FOR AUGUST 28 2014...

CLIMATE NORMAL PERIOD 1981 TO 2010
CLIMATE RECORD PERIOD 1897 TO 2014


WEATHER ITEM   OBSERVED TIME   RECORD YEAR NORMAL DEPARTURE LAST
                VALUE   (LST)  VALUE       VALUE  FROM      YEAR
                                                  NORMAL
..................................................................
TEMPERATURE (F)
 YESTERDAY
  MAXIMUM         72    304 PM  96    1948  79     -7       79
  MINIMUM         50   1152 PM  41    1982  57     -7       68
  AVERAGE         61                        68     -7       74

PRECIPITATION (IN)
  YESTERDAY        0.00                      0.10  -0.10     0.85
  MONTH TO DATE    5.82                      2.91   2.91     2.63
  SINCE JUN 1     14.03                     11.10   2.93    15.45
  SINCE JAN 1     29.12                     25.89   3.23    27.22

SNOWFALL (IN)
  YESTERDAY        0.0                       0.0    0.0      0.0
  MONTH TO DATE    0.0                       0.0    0.0      0.0
  SINCE JUN 1      0.0                       0.0    0.0       T
  SINCE JUL 1      0.0                       0.0    0.0      0.0
  SNOW DEPTH       0

DEGREE DAYS
 HEATING
  YESTERDAY        4                         1      3        0
  MONTH TO DATE   21                        23     -2       25
  SINCE JUN 1     77                       105    -28       94
  SINCE JUL 1     49                        36     13       38

 COOLING
  YESTERDAY        0                         4     -4        9
  MONTH TO DATE  122                       142    -20       95
  SINCE JUN 1    405                       437    -32      433
  SINCE JAN 1    460                       476    -16      521
..................................................................


WIND (MPH)
  HIGHEST WIND SPEED    17   HIGHEST WIND DIRECTION     N (350)
  HIGHEST GUST SPEED    23   HIGHEST GUST DIRECTION     N (360)
  AVERAGE WIND SPEED     6.7


SKY COVER
  POSSIBLE SUNSHINE  MM
  AVERAGE SKY COVER 0.5


WEATHER CONDITIONS
 THE FOLLOWING WEATHER WAS RECORDED YESTERDAY.
  NO SIGNIFICANT WEATHER WAS OBSERVED.


RELATIVE HUMIDITY (PERCENT)
 HIGHEST    96          1100 PM
 LOWEST     44           300 PM
 AVERAGE    70

..........................................................


THE YOUNGSTOWN OH CLIMATE NORMALS FOR TODAY
                         NORMAL    RECORD    YEAR
 MAXIMUM TEMPERATURE (F)   78        96      1991
 MINIMUM TEMPERATURE (F)   57        32      1982


SUNRISE AND SUNSET
AUGUST 29 2014........SUNRISE   646 AM EDT   SUNSET   800 PM EDT
AUGUST 30 2014........SUNRISE   647 AM EDT   SUNSET   759 PM EDT


-  INDICATES NEGATIVE NUMBERS.
R  INDICATES RECORD WAS SET OR TIED.
MM INDICATES DATA IS MISSING.
T  INDICATES TRACE AMOUNT.




$$
