000
CDUS41 KCLE 160541
CLIYNG


CLIMATE REPORT
NATIONAL WEATHER SERVICE CLEVELAND OH
141 AM EDT WED AUG 16 2017


...................................

...THE YOUNGSTOWN OH CLIMATE SUMMARY FOR AUGUST 15 2017...

CLIMATE NORMAL PERIOD 1981 TO 2010
CLIMATE RECORD PERIOD 1897 TO 2017


WEATHER ITEM   OBSERVED TIME   RECORD YEAR NORMAL DEPARTURE LAST
                VALUE   (LST)  VALUE       VALUE  FROM      YEAR
                                                  NORMAL
..................................................................
TEMPERATURE (F)
 YESTERDAY
  MAXIMUM         84    426 PM  94    1995  80      4       80
  MINIMUM         58    459 AM  46    2013  59     -1       69
  AVERAGE         71                        69      2       75

PRECIPITATION (IN)
  YESTERDAY        T                         0.09  -0.09     0.01
  MONTH TO DATE    1.29                      1.57  -0.28     2.57
  SINCE JUN 1     10.67                      9.76   0.91    10.74
  SINCE JAN 1     31.97                     24.55   7.42    25.84

SNOWFALL (IN)
  YESTERDAY        0.0                       0.0    0.0      0.0
  MONTH TO DATE    0.0                       0.0    0.0      0.0
  SINCE JUN 1      0.0                       0.0    0.0      0.0
  SINCE JUL 1      0.0                       0.0    0.0      0.0
  SNOW DEPTH       0

DEGREE DAYS
 HEATING
  YESTERDAY        0                         1     -1        0
  MONTH TO DATE    0                        10    -10        0
  SINCE JUN 1     44                        92    -48       40
  SINCE JUL 1      0                        23    -23        6

 COOLING
  YESTERDAY        6                         5      1       10
  MONTH TO DATE   52                        83    -31      160
  SINCE JUN 1    419                       378     41      561
  SINCE JAN 1    468                       417     51      616
..................................................................


WIND (MPH)
  HIGHEST WIND SPEED    15   HIGHEST WIND DIRECTION     N (350)
  HIGHEST GUST SPEED    19   HIGHEST GUST DIRECTION     N (350)
  AVERAGE WIND SPEED     5.5


SKY COVER
  POSSIBLE SUNSHINE  MM
  AVERAGE SKY COVER 0.6


WEATHER CONDITIONS
 THE FOLLOWING WEATHER WAS RECORDED YESTERDAY.
  FOG


RELATIVE HUMIDITY (PERCENT)
 HIGHEST    97           600 AM
 LOWEST     51          1200 PM
 AVERAGE    74

..........................................................


THE YOUNGSTOWN OH CLIMATE NORMALS FOR TODAY
                         NORMAL    RECORD    YEAR
 MAXIMUM TEMPERATURE (F)   80        91      1995
                                             1938
                                             1932
 MINIMUM TEMPERATURE (F)   59        42      1979


SUNRISE AND SUNSET
AUGUST 16 2017........SUNRISE   633 AM EDT   SUNSET   820 PM EDT
AUGUST 17 2017........SUNRISE   634 AM EDT   SUNSET   818 PM EDT


-  INDICATES NEGATIVE NUMBERS.
R  INDICATES RECORD WAS SET OR TIED.
MM INDICATES DATA IS MISSING.
T  INDICATES TRACE AMOUNT.




$$
