000
CDUS41 KCLE 150528
CLIYNG


CLIMATE REPORT
NATIONAL WEATHER SERVICE CLEVELAND OH
1227 AM EST MON JAN 15 2018


...................................

...THE YOUNGSTOWN OH CLIMATE SUMMARY FOR JANUARY 14 2018...

CLIMATE NORMAL PERIOD 1981 TO 2010
CLIMATE RECORD PERIOD 1897 TO 2018


WEATHER ITEM   OBSERVED TIME   RECORD YEAR NORMAL DEPARTURE LAST
                VALUE   (LST)  VALUE       VALUE  FROM      YEAR
                                                  NORMAL
..................................................................
TEMPERATURE (F)
 YESTERDAY
  MAXIMUM         19    209 PM  69    1932  32    -13       34
  MINIMUM         -6R   603 AM  -6    1964  19    -25       24
  AVERAGE          7                        26    -19       29

PRECIPITATION (IN)
  YESTERDAY        0.00                      0.09  -0.09     0.00
  MONTH TO DATE    2.06                      1.22   0.84     3.39
  SINCE DEC 1      4.17                      4.21  -0.04     6.96
  SINCE JAN 1      2.06                      1.22   0.84     3.39

SNOWFALL (IN)
  YESTERDAY        0.0                       0.6   -0.6      0.0
  MONTH TO DATE   13.7                       7.5    6.2      5.7
  SINCE DEC 1     32.7                      22.5   10.2     29.0
  SINCE JUL 1     33.7                      26.9    6.8     33.4
  SNOW DEPTH       5

DEGREE DAYS
 HEATING
  YESTERDAY       58                        40     18       36
  MONTH TO DATE  652                       547    105      521
  SINCE DEC 1   1803                      1624    179     1600
  SINCE JUL 1   2901                      2953    -52     2572

 COOLING
  YESTERDAY        0                         0      0        0
  MONTH TO DATE    0                         0      0        0
  SINCE DEC 1      0                         0      0        0
  SINCE JAN 1      0                         0      0        0
..................................................................


WIND (MPH)
  HIGHEST WIND SPEED     9   HIGHEST WIND DIRECTION     E (100)
  HIGHEST GUST SPEED    10   HIGHEST GUST DIRECTION     E (110)
  AVERAGE WIND SPEED     2.6


SKY COVER
  POSSIBLE SUNSHINE  MM
  AVERAGE SKY COVER 0.3


WEATHER CONDITIONS
 THE FOLLOWING WEATHER WAS RECORDED YESTERDAY.
  NO SIGNIFICANT WEATHER WAS OBSERVED.


RELATIVE HUMIDITY (PERCENT)
 HIGHEST    87           200 AM
 LOWEST     49           200 PM
 AVERAGE    68

..........................................................


THE YOUNGSTOWN OH CLIMATE NORMALS FOR TODAY
                         NORMAL    RECORD    YEAR
 MAXIMUM TEMPERATURE (F)   32        66      1932
 MINIMUM TEMPERATURE (F)   19        -8      1972


SUNRISE AND SUNSET
JANUARY 15 2018.......SUNRISE   746 AM EST   SUNSET   519 PM EST
JANUARY 16 2018.......SUNRISE   746 AM EST   SUNSET   520 PM EST


-  INDICATES NEGATIVE NUMBERS.
R  INDICATES RECORD WAS SET OR TIED.
MM INDICATES DATA IS MISSING.
T  INDICATES TRACE AMOUNT.




$$
