000
CDUS41 KCLE 232218
CLIYNG


CLIMATE REPORT
NATIONAL WEATHER SERVICE CLEVELAND OH
518 PM EST FRI JAN 23 2015


...................................

...THE YOUNGSTOWN OH CLIMATE SUMMARY FOR JANUARY 23 2015...
VALID TODAY AS OF 0500 PM LOCAL TIME.

CLIMATE NORMAL PERIOD 1981 TO 2010
CLIMATE RECORD PERIOD 1897 TO 2015


WEATHER ITEM   OBSERVED TIME   RECORD YEAR NORMAL DEPARTURE LAST
                VALUE   (LST)  VALUE       VALUE  FROM      YEAR
                                                  NORMAL
..................................................................
TEMPERATURE (F)
 TODAY
  MAXIMUM         31    359 PM  67    1933  33     -2       12
  MINIMUM         23   1253 AM -13    1963  19      4        2
  AVERAGE         27                        26      1        7

PRECIPITATION (IN)
  TODAY            0.00                      0.08  -0.08     0.03
  MONTH TO DATE    2.43                      1.95   0.48     2.08
  SINCE DEC 1      4.75                      4.94  -0.19     5.60
  SINCE JAN 1      2.43                      1.95   0.48     2.08

SNOWFALL (IN)
  TODAY            0.0                       0.5   -0.5      0.6
  MONTH TO DATE   18.8                      12.4    6.4     15.3
  SINCE DEC 1     19.5                      27.4   -7.9     35.8
  SINCE JUL 1     31.1                      31.8   -0.7     49.9
  SNOW DEPTH       5

DEGREE DAYS
 HEATING
  TODAY           38                        39     -1       58
  MONTH TO DATE  987                       903     84      990
  SINCE DEC 1   1920                      1980    -60     2052
  SINCE JUL 1   3330                      3309     21     3434

 COOLING
  TODAY            0                         0      0        0
  MONTH TO DATE    0                         0      0        0
  SINCE DEC 1      0                         0      0        0
  SINCE JAN 1      0                         0      0        0
..................................................................


WIND (MPH)
  HIGHEST WIND SPEED    13   HIGHEST WIND DIRECTION    SW (230)
  HIGHEST GUST SPEED    15   HIGHEST GUST DIRECTION    SW (240)


SKY COVER
  POSSIBLE SUNSHINE  MM
  AVERAGE SKY COVER 1.0


WEATHER CONDITIONS
 THE FOLLOWING WEATHER WAS RECORDED TODAY.
  FOG


RELATIVE HUMIDITY (PERCENT)
 HIGHEST    88          1200 AM
 LOWEST     69           200 PM
 AVERAGE    79

..........................................................


THE YOUNGSTOWN OH CLIMATE NORMALS FOR TOMORROW
                         NORMAL    RECORD    YEAR
 MAXIMUM TEMPERATURE (F)   33        61      1950
 MINIMUM TEMPERATURE (F)   19       -18      1963


SUNRISE AND SUNSET
JANUARY 23 2015.......SUNRISE   742 AM EST   SUNSET   528 PM EST
JANUARY 24 2015.......SUNRISE   741 AM EST   SUNSET   529 PM EST


-  INDICATES NEGATIVE NUMBERS.
R  INDICATES RECORD WAS SET OR TIED.
MM INDICATES DATA IS MISSING.
T  INDICATES TRACE AMOUNT.




$$
