000
CDUS41 KCLE 312112
CLIYNG


CLIMATE REPORT
NATIONAL WEATHER SERVICE CLEVELAND OH
512 PM EDT TUE MAY 31 2016


...................................

...THE YOUNGSTOWN OH CLIMATE SUMMARY FOR MAY 31 2016...
VALID TODAY AS OF 0500 PM LOCAL TIME.

CLIMATE NORMAL PERIOD 1981 TO 2010
CLIMATE RECORD PERIOD 1897 TO 2016


WEATHER ITEM   OBSERVED TIME   RECORD YEAR NORMAL DEPARTURE LAST
                VALUE   (LST)  VALUE       VALUE  FROM      YEAR
                                                  NORMAL
..................................................................
TEMPERATURE (F)
 TODAY
  MAXIMUM         84    248 PM  92    1934  73     11       74
  MINIMUM         55    531 AM  34    2001  51      4       47
  AVERAGE         70                        62      8       61

PRECIPITATION (IN)
  TODAY            0.00                      0.13  -0.13     1.12
  MONTH TO DATE    2.29                      3.79  -1.50     4.54
  SINCE MAR 1      9.91                     10.09  -0.18     9.75
  SINCE JAN 1     15.10                     14.79   0.31    14.98

SNOWFALL (IN)
  TODAY            0.0                       0.0    0.0      0.0
  MONTH TO DATE    0.2                       T      0.2      0.0
  SINCE MAR 1     13.3                      13.9   -0.6      9.5
  SINCE JUL 1     44.9                      62.7  -17.8     79.0
  SNOW DEPTH       0

DEGREE DAYS
 HEATING
  TODAY            0                         5     -5        4
  MONTH TO DATE  246                       252     -6      137
  SINCE MAR 1   1405                      1632   -227     1568
  SINCE JUL 1   5253                      6280  -1027     6686

 COOLING
  TODAY            5                         2      3        0
  MONTH TO DATE   55                        30     25      112
  SINCE MAR 1     55                        39     16      112
  SINCE JAN 1     55                        39     16      112
..................................................................


WIND (MPH)
  HIGHEST WIND SPEED    20   HIGHEST WIND DIRECTION     N (360)
  HIGHEST GUST SPEED    26   HIGHEST GUST DIRECTION     N (350)


SKY COVER
  POSSIBLE SUNSHINE  MM
  AVERAGE SKY COVER 0.7


WEATHER CONDITIONS
 THE FOLLOWING WEATHER WAS RECORDED TODAY.
  NO SIGNIFICANT WEATHER WAS OBSERVED.


RELATIVE HUMIDITY (PERCENT)
 HIGHEST    93           200 AM
 LOWEST     37           200 PM
 AVERAGE    65

..........................................................


THE YOUNGSTOWN OH CLIMATE NORMALS FOR TOMORROW
                         NORMAL    RECORD    YEAR
 MAXIMUM TEMPERATURE (F)   73        96      1934
 MINIMUM TEMPERATURE (F)   51        35      1966


SUNRISE AND SUNSET
MAY 31 2016...........SUNRISE   552 AM EDT   SUNSET   849 PM EDT
JUNE  1 2016..........SUNRISE   552 AM EDT   SUNSET   850 PM EDT


-  INDICATES NEGATIVE NUMBERS.
R  INDICATES RECORD WAS SET OR TIED.
MM INDICATES DATA IS MISSING.
T  INDICATES TRACE AMOUNT.




$$
