000
CDUS41 KCLE 292215
CLIYNG


CLIMATE REPORT
NATIONAL WEATHER SERVICE CLEVELAND OH
514 PM EST THU JAN 29 2015


...................................

...THE YOUNGSTOWN OH CLIMATE SUMMARY FOR JANUARY 29 2015...
VALID TODAY AS OF 0500 PM LOCAL TIME.

CLIMATE NORMAL PERIOD 1981 TO 2010
CLIMATE RECORD PERIOD 1897 TO 2015


WEATHER ITEM   OBSERVED TIME   RECORD YEAR NORMAL DEPARTURE LAST
                VALUE   (LST)  VALUE       VALUE  FROM      YEAR
                                                  NORMAL
..................................................................
TEMPERATURE (F)
 TODAY
  MAXIMUM         36    359 PM  62    2002  33      3       15
  MINIMUM         21   1257 AM -12    1977  19      2       -6
  AVERAGE         29                        26      3        5

PRECIPITATION (IN)
  TODAY            0.17                      0.07   0.10     0.00
  MONTH TO DATE    2.92                      2.40   0.52     2.41
  SINCE DEC 1      5.24                      5.39  -0.15     5.93
  SINCE JAN 1      2.92                      2.40   0.52     2.41

SNOWFALL (IN)
  TODAY            0.8                       0.5    0.3      0.0
  MONTH TO DATE   26.4                      15.6   10.8     22.8
  SINCE DEC 1     27.1                      30.6   -3.5     43.3
  SINCE JUL 1     38.7                      35.0    3.7     57.4
  SNOW DEPTH       7

DEGREE DAYS
 HEATING
  TODAY           36                        39     -3       60
  MONTH TO DATE 1246                      1137    109     1316
  SINCE DEC 1   2179                      2214    -35     2378
  SINCE JUL 1   3589                      3543     46     3760

 COOLING
  TODAY            0                         0      0        0
  MONTH TO DATE    0                         0      0        0
  SINCE DEC 1      0                         0      0        0
  SINCE JAN 1      0                         0      0        0
..................................................................


WIND (MPH)
  HIGHEST WIND SPEED    18   HIGHEST WIND DIRECTION    SE (150)
  HIGHEST GUST SPEED    27   HIGHEST GUST DIRECTION    SE (150)


SKY COVER
  POSSIBLE SUNSHINE  MM
  AVERAGE SKY COVER 1.0


WEATHER CONDITIONS
 THE FOLLOWING WEATHER WAS RECORDED TODAY.
  LIGHT RAIN
  LT FREEZING RAIN
  SNOW
  LIGHT SNOW
  SLEET
  FOG


RELATIVE HUMIDITY (PERCENT)
 HIGHEST    68           400 AM
 LOWEST     42           800 AM
 AVERAGE    55

..........................................................


THE YOUNGSTOWN OH CLIMATE NORMALS FOR TOMORROW
                         NORMAL    RECORD    YEAR
 MAXIMUM TEMPERATURE (F)   33        64      2013
 MINIMUM TEMPERATURE (F)   19        -8      1965


SUNRISE AND SUNSET
JANUARY 29 2015.......SUNRISE   737 AM EST   SUNSET   535 PM EST
JANUARY 30 2015.......SUNRISE   736 AM EST   SUNSET   536 PM EST


-  INDICATES NEGATIVE NUMBERS.
R  INDICATES RECORD WAS SET OR TIED.
MM INDICATES DATA IS MISSING.
T  INDICATES TRACE AMOUNT.




$$
