000
CDUS41 KCLE 200545
CLIYNG


CLIMATE REPORT
NATIONAL WEATHER SERVICE CLEVELAND OH
145 AM EDT SUN APR 20 2014


...................................

...THE YOUNGSTOWN OH CLIMATE SUMMARY FOR APRIL 19 2014...

CLIMATE NORMAL PERIOD 1981 TO 2010
CLIMATE RECORD PERIOD 1897 TO 2014


WEATHER ITEM   OBSERVED TIME   RECORD YEAR NORMAL DEPARTURE LAST
                VALUE   (LST)  VALUE       VALUE  FROM      YEAR
                                                  NORMAL
..................................................................
TEMPERATURE (F)
 YESTERDAY
  MAXIMUM         60    331 PM  84    2002  61     -1       72
  MINIMUM         37    622 AM  24    2001  39     -2       39
                                      1983
  AVERAGE         49                        50     -1       56

PRECIPITATION (IN)
  YESTERDAY        0.00                      0.11  -0.11     0.12
  MONTH TO DATE    2.49                      2.18   0.31     1.95
  SINCE MAR 1      4.43                      5.12  -0.69     4.66
  SINCE JAN 1      9.12                      9.82  -0.70     8.96

SNOWFALL (IN)
  YESTERDAY        0.0                       0.0    0.0      0.0
  MONTH TO DATE    1.2                       2.7   -1.5      0.6
  SINCE MAR 1      9.1                      13.6   -4.5     20.5
  SINCE JUL 1     90.1                      62.4   27.7     80.9
  SNOW DEPTH       0

DEGREE DAYS
 HEATING
  YESTERDAY       16                        15      1        9
  MONTH TO DATE  314                       354    -40      321
  SINCE MAR 1   1392                      1230    162     1295
  SINCE JUL 1   6460                      5878    582     5737

 COOLING
  YESTERDAY        0                         0      0        0
  MONTH TO DATE    0                         0      0        7
  SINCE MAR 1      0                         1     -1        7
  SINCE JAN 1      0                         1     -1        7
..................................................................


WIND (MPH)
  HIGHEST WIND SPEED    15   HIGHEST WIND DIRECTION     N (360)
  HIGHEST GUST SPEED    20   HIGHEST GUST DIRECTION     N (20)
  AVERAGE WIND SPEED     7.3


SKY COVER
  POSSIBLE SUNSHINE  MM
  AVERAGE SKY COVER 0.4


WEATHER CONDITIONS
 THE FOLLOWING WEATHER WAS RECORDED YESTERDAY.
  FOG


RELATIVE HUMIDITY (PERCENT)
 HIGHEST    92           400 AM
 LOWEST     24           300 PM
 AVERAGE    58

..........................................................


THE YOUNGSTOWN OH CLIMATE NORMALS FOR TODAY
                         NORMAL    RECORD    YEAR
 MAXIMUM TEMPERATURE (F)   61        85      1941
 MINIMUM TEMPERATURE (F)   40        24      1953


SUNRISE AND SUNSET
APRIL 20 2014.........SUNRISE   636 AM EDT   SUNSET   808 PM EDT
APRIL 21 2014.........SUNRISE   634 AM EDT   SUNSET   809 PM EDT


-  INDICATES NEGATIVE NUMBERS.
R  INDICATES RECORD WAS SET OR TIED.
MM INDICATES DATA IS MISSING.
T  INDICATES TRACE AMOUNT.




$$
