000
CDUS41 KCLE 270527
CLIYNG


CLIMATE REPORT
NATIONAL WEATHER SERVICE CLEVELAND OH
1227 AM EST THU NOV 27 2014


...................................

...THE YOUNGSTOWN OH CLIMATE SUMMARY FOR NOVEMBER 26 2014...

CLIMATE NORMAL PERIOD 1981 TO 2010
CLIMATE RECORD PERIOD 1897 TO 2014


WEATHER ITEM   OBSERVED TIME   RECORD YEAR NORMAL DEPARTURE LAST
                VALUE   (LST)  VALUE       VALUE  FROM      YEAR
                                                  NORMAL
..................................................................
TEMPERATURE (F)
 YESTERDAY
  MAXIMUM         37    311 PM  65    2006  44     -7       32
  MINIMUM         30    616 AM   6    1950  31     -1       30
  AVERAGE         34                        37     -3       31

PRECIPITATION (IN)
  YESTERDAY        T                         0.11  -0.11     0.54
  MONTH TO DATE    2.12                      2.75  -0.63     2.92
  SINCE SEP 1      7.11                      9.27  -2.16     8.23
  SINCE JAN 1     36.67                     35.49   1.18    35.45

SNOWFALL (IN)
  YESTERDAY        T                         0.2   -0.2      5.4
  MONTH TO DATE    8.6                       2.7    5.9     10.6
  SINCE SEP 1      8.6                       3.5    5.1     11.8
  SINCE JUL 1      8.6                       3.5    5.1     11.8
  SNOW DEPTH       0

DEGREE DAYS
 HEATING
  YESTERDAY       31                        28      3       34
  MONTH TO DATE  717                       594    123      664
  SINCE SEP 1   1246                      1177     69     1184
  SINCE JUL 1   1298                      1215     83     1222

 COOLING
  YESTERDAY        0                         0      0        0
  MONTH TO DATE    0                         0      0        0
  SINCE SEP 1     56                        58     -2       78
  SINCE JAN 1    533                       544    -11      630
..................................................................


WIND (MPH)
  HIGHEST WIND SPEED     9   HIGHEST WIND DIRECTION     N (20)
  HIGHEST GUST SPEED    12   HIGHEST GUST DIRECTION    NE (40)
  AVERAGE WIND SPEED     3.9


SKY COVER
  POSSIBLE SUNSHINE  MM
  AVERAGE SKY COVER 1.0


WEATHER CONDITIONS
 THE FOLLOWING WEATHER WAS RECORDED YESTERDAY.
  LIGHT SNOW
  FOG
  HAZE


RELATIVE HUMIDITY (PERCENT)
 HIGHEST    89          1000 PM
 LOWEST     70           300 PM
 AVERAGE    80

..........................................................


THE YOUNGSTOWN OH CLIMATE NORMALS FOR TODAY
                         NORMAL    RECORD    YEAR
 MAXIMUM TEMPERATURE (F)   44        72      1990
 MINIMUM TEMPERATURE (F)   30         8      1950


SUNRISE AND SUNSET
NOVEMBER 27 2014......SUNRISE   725 AM EST   SUNSET   456 PM EST
NOVEMBER 28 2014......SUNRISE   726 AM EST   SUNSET   455 PM EST


-  INDICATES NEGATIVE NUMBERS.
R  INDICATES RECORD WAS SET OR TIED.
MM INDICATES DATA IS MISSING.
T  INDICATES TRACE AMOUNT.




$$
