000
CDUS41 KCLE 020531
CLIYNG


CLIMATE REPORT
NATIONAL WEATHER SERVICE CLEVELAND OH
1229 AM EST MON MAR 2 2015


...................................

...THE YOUNGSTOWN OH CLIMATE SUMMARY FOR MARCH 1 2015...

CLIMATE NORMAL PERIOD 1981 TO 2010
CLIMATE RECORD PERIOD 1897 TO 2015


WEATHER ITEM   OBSERVED TIME   RECORD YEAR NORMAL DEPARTURE LAST
                VALUE   (LST)  VALUE       VALUE  FROM      YEAR
                                                  NORMAL
..................................................................
TEMPERATURE (F)
 YESTERDAY
  MAXIMUM         32    541 PM  68    1939  40     -8       45
  MINIMUM         17    322 AM  -2    1980  23     -6       16
  AVERAGE         25                        32     -7       31

PRECIPITATION (IN)
  YESTERDAY        0.43                      0.09   0.34      T
  MONTH TO DATE    0.43                      0.09   0.34      T
  SINCE MAR 1      0.43                      0.09   0.34      T
  SINCE JAN 1      5.66                      4.79   0.87     4.69

SNOWFALL (IN)
  YESTERDAY        6.8                       0.4    6.4      0.0
  MONTH TO DATE    6.8                       0.4    6.4      0.0
  SINCE MAR 1      6.8                       0.4    6.4      0.0
  SINCE JUL 1     76.3                      49.2   27.1     81.0
  SNOW DEPTH      13

DEGREE DAYS
 HEATING
  YESTERDAY       40                        33      7       34
  MONTH TO DATE   40                        33      7       34
  SINCE MAR 1     40                        33      7       34
  SINCE JUL 1   5158                      4681    477     5102

 COOLING
  YESTERDAY        0                         0      0        0
  MONTH TO DATE    0                         0      0        0
  SINCE MAR 1      0                         0      0        0
  SINCE JAN 1      0                         0      0        0
..................................................................


WIND (MPH)
  HIGHEST WIND SPEED    15   HIGHEST WIND DIRECTION     W (280)
  HIGHEST GUST SPEED    18   HIGHEST GUST DIRECTION    NW (300)
  AVERAGE WIND SPEED     7.0


SKY COVER
  POSSIBLE SUNSHINE  MM
  AVERAGE SKY COVER 1.0


WEATHER CONDITIONS
 THE FOLLOWING WEATHER WAS RECORDED YESTERDAY.
  HEAVY SNOW
  SNOW
  LIGHT SNOW
  FOG
  FOG W/VISIBILITY <= 1/4 MILE


RELATIVE HUMIDITY (PERCENT)
 HIGHEST   100           600 PM
 LOWEST     39           100 AM
 AVERAGE    70

..........................................................


THE YOUNGSTOWN OH CLIMATE NORMALS FOR TODAY
                         NORMAL    RECORD    YEAR
 MAXIMUM TEMPERATURE (F)   40        71      1991
 MINIMUM TEMPERATURE (F)   23       -10      1980


SUNRISE AND SUNSET
MARCH  2 2015.........SUNRISE   656 AM EST   SUNSET   614 PM EST
MARCH  3 2015.........SUNRISE   654 AM EST   SUNSET   616 PM EST


-  INDICATES NEGATIVE NUMBERS.
R  INDICATES RECORD WAS SET OR TIED.
MM INDICATES DATA IS MISSING.
T  INDICATES TRACE AMOUNT.




$$
