000
CDUS41 KCLE 040546
CLIYNG


CLIMATE REPORT
NATIONAL WEATHER SERVICE CLEVELAND OH
145 AM EDT FRI SEP 4 2015


...................................

...THE YOUNGSTOWN OH CLIMATE SUMMARY FOR SEPTEMBER 3 2015...

CLIMATE NORMAL PERIOD 1981 TO 2010
CLIMATE RECORD PERIOD 1897 TO 2015


WEATHER ITEM   OBSERVED TIME   RECORD YEAR NORMAL DEPARTURE LAST
                VALUE   (LST)  VALUE       VALUE  FROM      YEAR
                                                  NORMAL
..................................................................
TEMPERATURE (F)
 YESTERDAY
  MAXIMUM         88    401 PM  95    1953  77     11       82
  MINIMUM         67   1152 PM  40    1987  55     12       58
  AVERAGE         78                        66     12       70

PRECIPITATION (IN)
  YESTERDAY        0.29                      0.13   0.16     0.00
  MONTH TO DATE    0.30                      0.37  -0.07     0.46
  SINCE SEP 1      0.30                      0.37  -0.07     0.46
  SINCE JAN 1     31.20                     26.59   4.61    30.02

SNOWFALL (IN)
  YESTERDAY        0.0                       0.0    0.0      0.0
  MONTH TO DATE    0.0                       0.0    0.0      0.0
  SINCE SEP 1      0.0                       0.0    0.0      0.0
  SINCE JUL 1      0.0                       0.0    0.0      0.0
  SNOW DEPTH       0

DEGREE DAYS
 HEATING
  YESTERDAY        0                         2     -2        0
  MONTH TO DATE    0                         6     -6        0
  SINCE SEP 1      0                         6     -6        0
  SINCE JUL 1     29                        44    -15       52

 COOLING
  YESTERDAY       13                         3     10        5
  MONTH TO DATE   36                         9     27       21
  SINCE SEP 1     36                         9     27       21
  SINCE JAN 1    596                       495    101      498
..................................................................


WIND (MPH)
  HIGHEST WIND SPEED    23   HIGHEST WIND DIRECTION    NW (300)
  HIGHEST GUST SPEED    30   HIGHEST GUST DIRECTION    NW (300)
  AVERAGE WIND SPEED     3.9


SKY COVER
  POSSIBLE SUNSHINE  MM
  AVERAGE SKY COVER 0.7


WEATHER CONDITIONS
 THE FOLLOWING WEATHER WAS RECORDED YESTERDAY.
  THUNDERSTORM
  HEAVY RAIN
  RAIN
  LIGHT RAIN
  FOG
  HAZE


RELATIVE HUMIDITY (PERCENT)
 HIGHEST   100          1100 PM
 LOWEST     43           400 PM
 AVERAGE    72

..........................................................


THE YOUNGSTOWN OH CLIMATE NORMALS FOR TODAY
                         NORMAL    RECORD    YEAR
 MAXIMUM TEMPERATURE (F)   77        94      1953
 MINIMUM TEMPERATURE (F)   55        39      1997


SUNRISE AND SUNSET
SEPTEMBER  4 2015.....SUNRISE   652 AM EDT   SUNSET   751 PM EDT
SEPTEMBER  5 2015.....SUNRISE   653 AM EDT   SUNSET   749 PM EDT


-  INDICATES NEGATIVE NUMBERS.
R  INDICATES RECORD WAS SET OR TIED.
MM INDICATES DATA IS MISSING.
T  INDICATES TRACE AMOUNT.




$$
