000
CDUS41 KCLE 242113
CLIYNG


CLIMATE REPORT
NATIONAL WEATHER SERVICE CLEVELAND OH
511 PM EDT SAT JUN 24 2017


...................................

...THE YOUNGSTOWN OH CLIMATE SUMMARY FOR JUNE 24 2017...
VALID TODAY AS OF 0500 PM LOCAL TIME.

CLIMATE NORMAL PERIOD 1981 TO 2010
CLIMATE RECORD PERIOD 1897 TO 2017


WEATHER ITEM   OBSERVED TIME   RECORD YEAR NORMAL DEPARTURE LAST
                VALUE   (LST)  VALUE       VALUE  FROM      YEAR
                                                  NORMAL
..................................................................
TEMPERATURE (F)
 TODAY
  MAXIMUM         78    254 PM  93    1952  80     -2       83
                                      1934
  MINIMUM         63    553 AM  43    1982  58      5       60
                                      1979
  AVERAGE         71                        69      2       72

PRECIPITATION (IN)
  TODAY            0.09                      0.13  -0.04     0.00
  MONTH TO DATE    3.93                      3.09   0.84     2.84
  SINCE JUN 1      3.93                      3.09   0.84     2.84
  SINCE JAN 1     25.23                     17.88   7.35    17.94

SNOWFALL (IN)
  TODAY            0.0                       0.0    0.0      0.0
  MONTH TO DATE    0.0                       0.0    0.0      0.0
  SINCE JUN 1      0.0                       0.0    0.0      0.0
  SINCE JUL 1     69.5                      62.7    6.8     44.9
  SNOW DEPTH       0

DEGREE DAYS
 HEATING
  TODAY            0                         1     -1        0
  MONTH TO DATE   33                        63    -30       30
  SINCE JUN 1     33                        63    -30       30
  SINCE JUL 1   5249                      6343  -1094     5283

 COOLING
  TODAY            6                         5      1        7
  MONTH TO DATE  137                        78     59      109
  SINCE JUN 1    137                        78     59      109
  SINCE JAN 1    186                       117     69      164
..................................................................


WIND (MPH)
  HIGHEST WIND SPEED    18   HIGHEST WIND DIRECTION     W (270)
  HIGHEST GUST SPEED    24   HIGHEST GUST DIRECTION     W (250)


SKY COVER
  POSSIBLE SUNSHINE  MM
  AVERAGE SKY COVER 0.6


WEATHER CONDITIONS
 THE FOLLOWING WEATHER WAS RECORDED TODAY.
  LIGHT RAIN
  FOG


RELATIVE HUMIDITY (PERCENT)
 HIGHEST    93           100 AM
 LOWEST     43           300 PM
 AVERAGE    68

..........................................................


THE YOUNGSTOWN OH CLIMATE NORMALS FOR TOMORROW
                         NORMAL    RECORD    YEAR
 MAXIMUM TEMPERATURE (F)   80        99      1988
 MINIMUM TEMPERATURE (F)   58        38      1979


SUNRISE AND SUNSET
JUNE 24 2017..........SUNRISE   551 AM EDT   SUNSET   900 PM EDT
JUNE 25 2017..........SUNRISE   551 AM EDT   SUNSET   900 PM EDT


-  INDICATES NEGATIVE NUMBERS.
R  INDICATES RECORD WAS SET OR TIED.
MM INDICATES DATA IS MISSING.
T  INDICATES TRACE AMOUNT.




$$
