000
CDUS41 KCLE 010545
CLIYNG


CLIMATE REPORT
NATIONAL WEATHER SERVICE CLEVELAND OH
145 AM EDT WED OCT 1 2014


...................................

...THE YOUNGSTOWN OH CLIMATE SUMMARY FOR SEPTEMBER 30 2014...

CLIMATE NORMAL PERIOD 1981 TO 2010
CLIMATE RECORD PERIOD 1897 TO 2014


WEATHER ITEM   OBSERVED TIME   RECORD YEAR NORMAL DEPARTURE LAST
                VALUE   (LST)  VALUE       VALUE  FROM      YEAR
                                                  NORMAL
..................................................................
TEMPERATURE (F)
 YESTERDAY
  MAXIMUM         68    256 PM  86    1953  66      2       67
                                      1939
                                      1898
  MINIMUM         50    646 AM  32    1942  46      4       54
  AVERAGE         59                        56      3       61

PRECIPITATION (IN)
  YESTERDAY        0.23                      0.12   0.11     0.00
  MONTH TO DATE    1.90                      3.75  -1.85     2.21
  SINCE SEP 1      1.90                      3.75  -1.85     2.21
  SINCE JAN 1     31.46                     29.97   1.49    29.43

SNOWFALL (IN)
  YESTERDAY        0.0                       0.0    0.0      0.0
  MONTH TO DATE    0.0                       0.0    0.0      0.0
  SINCE SEP 1      0.0                       0.0    0.0      0.0
  SINCE JUL 1      0.0                       0.0    0.0      0.0
  SNOW DEPTH       0

DEGREE DAYS
 HEATING
  YESTERDAY        6                         9     -3        4
  MONTH TO DATE  141                       146     -5      151
  SINCE SEP 1    141                       145     -4      151
  SINCE JUL 1    193                       183     10      189

 COOLING
  YESTERDAY        0                         1     -1        0
  MONTH TO DATE   53                        52      1       57
  SINCE SEP 1     53                        52      1       57
  SINCE JAN 1    530                       538     -8      609
..................................................................


WIND (MPH)
  HIGHEST WIND SPEED    17   HIGHEST WIND DIRECTION     N (350)
  HIGHEST GUST SPEED    21   HIGHEST GUST DIRECTION     N (350)
  AVERAGE WIND SPEED     6.3


SKY COVER
  POSSIBLE SUNSHINE  MM
  AVERAGE SKY COVER 0.6


WEATHER CONDITIONS
 THE FOLLOWING WEATHER WAS RECORDED YESTERDAY.
  HEAVY RAIN
  RAIN
  LIGHT RAIN
  FOG


RELATIVE HUMIDITY (PERCENT)
 HIGHEST   100          1200 AM
 LOWEST     68           300 PM
 AVERAGE    84

..........................................................


THE YOUNGSTOWN OH CLIMATE NORMALS FOR TODAY
                         NORMAL    RECORD    YEAR
 MAXIMUM TEMPERATURE (F)   66        85      1952
 MINIMUM TEMPERATURE (F)   46        30      1947


SUNRISE AND SUNSET
OCTOBER  1 2014.......SUNRISE   719 AM EDT   SUNSET   705 PM EDT
OCTOBER  2 2014.......SUNRISE   720 AM EDT   SUNSET   703 PM EDT


-  INDICATES NEGATIVE NUMBERS.
R  INDICATES RECORD WAS SET OR TIED.
MM INDICATES DATA IS MISSING.
T  INDICATES TRACE AMOUNT.




$$
