000
CDUS41 KCLE 282115
CLIYNG


CLIMATE REPORT
NATIONAL WEATHER SERVICE CLEVELAND OH
513 PM EDT TUE OCT 28 2014


...................................

...THE YOUNGSTOWN OH CLIMATE SUMMARY FOR OCTOBER 28 2014...
VALID TODAY AS OF 0500 PM LOCAL TIME.

CLIMATE NORMAL PERIOD 1981 TO 2010
CLIMATE RECORD PERIOD 1897 TO 2014


WEATHER ITEM   OBSERVED TIME   RECORD YEAR NORMAL DEPARTURE LAST
                VALUE   (LST)  VALUE       VALUE  FROM      YEAR
                                                  NORMAL
..................................................................
TEMPERATURE (F)
 TODAY
  MAXIMUM         77R   142 PM  75    1897  57     20       57
  MINIMUM         63    359 PM  25    1976  39     24       31
                                      1965
                                      1936
  AVERAGE         70                        48     22       44

PRECIPITATION (IN)
  TODAY            0.07                      0.09  -0.02     0.00
  MONTH TO DATE    2.99                      2.50   0.49     2.66
  SINCE SEP 1      4.89                      6.25  -1.36     4.87
  SINCE JAN 1     34.45                     32.47   1.98    32.09

SNOWFALL (IN)
  TODAY            0.0                       0.0    0.0      0.0
  MONTH TO DATE    T                         0.6   -0.6      1.2
  SINCE SEP 1      T                         0.6   -0.6      1.2
  SINCE JUL 1      T                         0.6   -0.6      1.2
  SNOW DEPTH       0

DEGREE DAYS
 HEATING
  TODAY            0                        18    -18       21
  MONTH TO DATE  332                       385    -53      327
  SINCE SEP 1    473                       530    -57      478
  SINCE JUL 1    525                       568    -43      516

 COOLING
  TODAY            5                         0      5        0
  MONTH TO DATE    8                         3      5       21
  SINCE SEP 1     61                        55      6       78
  SINCE JAN 1    538                       541     -3      630
..................................................................


WIND (MPH)
  HIGHEST WIND SPEED    25   HIGHEST WIND DIRECTION    SW (220)
  HIGHEST GUST SPEED    35   HIGHEST GUST DIRECTION    SW (230)


SKY COVER
  POSSIBLE SUNSHINE  MM
  AVERAGE SKY COVER 0.9


WEATHER CONDITIONS
 THE FOLLOWING WEATHER WAS RECORDED TODAY.
  THUNDERSTORM
  RAIN
  LIGHT RAIN
  FOG


RELATIVE HUMIDITY (PERCENT)
 HIGHEST    68          1200 AM
 LOWEST     53           200 PM
 AVERAGE    61

..........................................................


THE YOUNGSTOWN OH CLIMATE NORMALS FOR TOMORROW
                         NORMAL    RECORD    YEAR
 MAXIMUM TEMPERATURE (F)   56        75      1999
                                             1946
 MINIMUM TEMPERATURE (F)   38        22      1969
                                             1967
                                             1965


SUNRISE AND SUNSET
OCTOBER 28 2014.......SUNRISE   749 AM EDT   SUNSET   623 PM EDT
OCTOBER 29 2014.......SUNRISE   750 AM EDT   SUNSET   622 PM EDT


-  INDICATES NEGATIVE NUMBERS.
R  INDICATES RECORD WAS SET OR TIED.
MM INDICATES DATA IS MISSING.
T  INDICATES TRACE AMOUNT.




$$
