000
CDUS41 KCLE 150526
CLIYNG


CLIMATE REPORT
NATIONAL WEATHER SERVICE CLEVELAND OH
1225 AM EST SUN JAN 15 2017


...................................

...THE YOUNGSTOWN OH CLIMATE SUMMARY FOR JANUARY 14 2017...

CLIMATE NORMAL PERIOD 1981 TO 2010
CLIMATE RECORD PERIOD 1897 TO 2017


WEATHER ITEM   OBSERVED TIME   RECORD YEAR NORMAL DEPARTURE LAST
                VALUE   (LST)  VALUE       VALUE  FROM      YEAR
                                                  NORMAL
..................................................................
TEMPERATURE (F)
 YESTERDAY
  MAXIMUM         34    320 PM  69    1932  32      2       43
  MINIMUM         24    150 AM  -6    1964  19      5       17
  AVERAGE         29                        26      3       30

PRECIPITATION (IN)
  YESTERDAY        0.00                      0.09  -0.09     0.01
  MONTH TO DATE    3.39                      1.22   2.17     0.96
  SINCE DEC 1      6.96                      4.21   2.75     5.15
  SINCE JAN 1      3.39                      1.22   2.17     0.96

SNOWFALL (IN)
  YESTERDAY        0.0                       0.6   -0.6      0.2
  MONTH TO DATE    5.7                       7.5   -1.8      6.6
  SINCE DEC 1     29.0                      22.5    6.5      7.4
  SINCE JUL 1     33.4                      26.9    6.5      7.8
  SNOW DEPTH       0

DEGREE DAYS
 HEATING
  YESTERDAY       36                        40     -4       35
  MONTH TO DATE  521                       547    -26      541
  SINCE DEC 1   1600                      1624    -24     1231
  SINCE JUL 1   2572                      2953   -381     2233

 COOLING
  YESTERDAY        0                         0      0        0
  MONTH TO DATE    0                         0      0        0
  SINCE DEC 1      0                         0      0        0
  SINCE JAN 1      0                         0      0        0
..................................................................


WIND (MPH)
  HIGHEST WIND SPEED     9   HIGHEST WIND DIRECTION    NW (330)
  HIGHEST GUST SPEED    11   HIGHEST GUST DIRECTION    NW (320)
  AVERAGE WIND SPEED     4.0


SKY COVER
  POSSIBLE SUNSHINE  MM
  AVERAGE SKY COVER 1.0


WEATHER CONDITIONS
 THE FOLLOWING WEATHER WAS RECORDED YESTERDAY.
  NO SIGNIFICANT WEATHER WAS OBSERVED.


RELATIVE HUMIDITY (PERCENT)
 HIGHEST    75           800 AM
 LOWEST     56           200 PM
 AVERAGE    66

..........................................................


THE YOUNGSTOWN OH CLIMATE NORMALS FOR TODAY
                         NORMAL    RECORD    YEAR
 MAXIMUM TEMPERATURE (F)   32        66      1932
 MINIMUM TEMPERATURE (F)   19        -8      1972


SUNRISE AND SUNSET
JANUARY 15 2017.......SUNRISE   746 AM EST   SUNSET   519 PM EST
JANUARY 16 2017.......SUNRISE   745 AM EST   SUNSET   520 PM EST


-  INDICATES NEGATIVE NUMBERS.
R  INDICATES RECORD WAS SET OR TIED.
MM INDICATES DATA IS MISSING.
T  INDICATES TRACE AMOUNT.




$$
