000
CDUS41 KCLE 260530
CLIYNG


CLIMATE REPORT
NATIONAL WEATHER SERVICE CLEVELAND OH
1229 AM EST FRI DEC 26 2014


...................................

...THE YOUNGSTOWN OH CLIMATE SUMMARY FOR DECEMBER 25 2014...

CLIMATE NORMAL PERIOD 1981 TO 2010
CLIMATE RECORD PERIOD 1897 TO 2014


WEATHER ITEM   OBSERVED TIME   RECORD YEAR NORMAL DEPARTURE LAST
                VALUE   (LST)  VALUE       VALUE  FROM      YEAR
                                                  NORMAL
..................................................................
TEMPERATURE (F)
 YESTERDAY
  MAXIMUM         41   1244 AM  66    1982  34      7       26
  MINIMUM         37   1159 PM -12    1983  21     16       12
  AVERAGE         39                        28     11       19

PRECIPITATION (IN)
  YESTERDAY        0.01                      0.09  -0.08      T
  MONTH TO DATE    1.90                      2.44  -0.54     3.15
  SINCE DEC 1      1.90                      2.44  -0.54     3.15
  SINCE JAN 1     38.85                     38.36   0.49    38.76

SNOWFALL (IN)
  YESTERDAY        0.0                       0.5   -0.5       T
  MONTH TO DATE    0.7                      11.9  -11.2     16.0
  SINCE DEC 1      0.7                      11.9  -11.2     16.0
  SINCE JUL 1     12.3                      16.3   -4.0     30.1
  SNOW DEPTH       0

DEGREE DAYS
 HEATING
  YESTERDAY       26                        37    -11       46
  MONTH TO DATE  738                       848   -110      851
  SINCE DEC 1    738                       848   -110      851
  SINCE JUL 1   2148                      2177    -29     2233

 COOLING
  YESTERDAY        0                         0      0        0
  MONTH TO DATE    0                         0      0        0
  SINCE DEC 1      0                         0      0        0
  SINCE JAN 1    533                       544    -11      630
..................................................................


WIND (MPH)
  HIGHEST WIND SPEED    29   HIGHEST WIND DIRECTION    SW (230)
  HIGHEST GUST SPEED    39   HIGHEST GUST DIRECTION     W (260)
  AVERAGE WIND SPEED    14.1


SKY COVER
  POSSIBLE SUNSHINE  MM
  AVERAGE SKY COVER 1.0


WEATHER CONDITIONS
 THE FOLLOWING WEATHER WAS RECORDED YESTERDAY.
  LIGHT RAIN
  FOG


RELATIVE HUMIDITY (PERCENT)
 HIGHEST    85           600 AM
 LOWEST     70           100 PM
 AVERAGE    78

..........................................................


THE YOUNGSTOWN OH CLIMATE NORMALS FOR TODAY
                         NORMAL    RECORD    YEAR
 MAXIMUM TEMPERATURE (F)   34        64      1982
 MINIMUM TEMPERATURE (F)   21        -6      1983


SUNRISE AND SUNSET
DECEMBER 26 2014......SUNRISE   747 AM EST   SUNSET   500 PM EST
DECEMBER 27 2014......SUNRISE   747 AM EST   SUNSET   500 PM EST


-  INDICATES NEGATIVE NUMBERS.
R  INDICATES RECORD WAS SET OR TIED.
MM INDICATES DATA IS MISSING.
T  INDICATES TRACE AMOUNT.




$$
