839
CDUS41 KCLE 230551
CLIYNG


CLIMATE REPORT
NATIONAL WEATHER SERVICE CLEVELAND OH
1251 AM EST THU FEB 23 2017


...................................

...THE YOUNGSTOWN OH CLIMATE SUMMARY FOR FEBRUARY 22 2017...

CLIMATE NORMAL PERIOD 1981 TO 2010
CLIMATE RECORD PERIOD 1897 TO 2017


WEATHER ITEM   OBSERVED TIME   RECORD YEAR NORMAL DEPARTURE LAST
                VALUE   (LST)  VALUE       VALUE  FROM      YEAR
                                                  NORMAL
..................................................................
TEMPERATURE (F)
 YESTERDAY
  MAXIMUM         59    551 PM  64    1983  38     21       45
  MINIMUM         52   1208 AM -10    1963  22     30       28
  AVERAGE         56                        30     26       37

PRECIPITATION (IN)
  YESTERDAY        0.17                      0.08   0.09     0.00
  MONTH TO DATE    1.82                      1.65   0.17     2.28
  SINCE DEC 1     10.74                      7.19   3.55     7.88
  SINCE JAN 1      7.17                      4.20   2.97     3.69

SNOWFALL (IN)
  YESTERDAY        0.0                       0.5   -0.5      0.0
  MONTH TO DATE    6.0                      10.0   -4.0     17.3
  SINCE DEC 1     42.9                      41.6    1.3     29.9
  SINCE JUL 1     47.3                      46.0    1.3     30.3
  SNOW DEPTH       0

DEGREE DAYS
 HEATING
  YESTERDAY        9                        35    -26       28
  MONTH TO DATE  631                       819   -188      774
  SINCE DEC 1   2712                      3113   -401     2663
  SINCE JUL 1   3684                      4442   -758     3665

 COOLING
  YESTERDAY        0                         0      0        0
  MONTH TO DATE    0                         0      0        0
  SINCE DEC 1      0                         0      0        0
  SINCE JAN 1      0                         0      0        0
..................................................................


WIND (MPH)
  HIGHEST WIND SPEED    12   HIGHEST WIND DIRECTION    SW (210)
  HIGHEST GUST SPEED    16   HIGHEST GUST DIRECTION    SW (220)
  AVERAGE WIND SPEED     5.9


SKY COVER
  POSSIBLE SUNSHINE  MM
  AVERAGE SKY COVER 1.0


WEATHER CONDITIONS
 THE FOLLOWING WEATHER WAS RECORDED YESTERDAY.
  LIGHT RAIN
  FOG


RELATIVE HUMIDITY (PERCENT)
 HIGHEST   100          1000 AM
 LOWEST     66           100 AM
 AVERAGE    83

..........................................................


THE YOUNGSTOWN OH CLIMATE NORMALS FOR TODAY
                         NORMAL    RECORD    YEAR
 MAXIMUM TEMPERATURE (F)   38        66      1943
 MINIMUM TEMPERATURE (F)   22       -11      2015


SUNRISE AND SUNSET
FEBRUARY 23 2017......SUNRISE   706 AM EST   SUNSET   607 PM EST
FEBRUARY 24 2017......SUNRISE   704 AM EST   SUNSET   608 PM EST


-  INDICATES NEGATIVE NUMBERS.
R  INDICATES RECORD WAS SET OR TIED.
MM INDICATES DATA IS MISSING.
T  INDICATES TRACE AMOUNT.




$$
