000
CDUS41 KCLE 270545
CLIYNG


CLIMATE REPORT
NATIONAL WEATHER SERVICE CLEVELAND OH
145 AM EDT THU APR 27 2017


...................................

...THE YOUNGSTOWN OH CLIMATE SUMMARY FOR APRIL 26 2017...

CLIMATE NORMAL PERIOD 1981 TO 2010
CLIMATE RECORD PERIOD 1897 TO 2017


WEATHER ITEM   OBSERVED TIME   RECORD YEAR NORMAL DEPARTURE LAST
                VALUE   (LST)  VALUE       VALUE  FROM      YEAR
                                                  NORMAL
..................................................................
TEMPERATURE (F)
 YESTERDAY
  MAXIMUM         78    602 PM  86    2009  63     15       71
                                      1990
                                      1948
  MINIMUM         49    455 AM  25    1972  41      8       39
  AVERAGE         64                        52     12       55

PRECIPITATION (IN)
  YESTERDAY        0.00                      0.10  -0.10     0.16
  MONTH TO DATE    2.20                      2.93  -0.73     3.21
  SINCE MAR 1      7.24                      5.87   1.37     7.02
  SINCE JAN 1     15.12                     10.57   4.55    12.21

SNOWFALL (IN)
  YESTERDAY        0.0                       0.0    0.0      0.0
  MONTH TO DATE    2.0                       2.9   -0.9      8.8
  SINCE MAR 1     22.1                      13.8    8.3     13.1
  SINCE JUL 1     69.5                      62.6    6.9     44.7
  SNOW DEPTH       0

DEGREE DAYS
 HEATING
  YESTERDAY        1                        13    -12       10
  MONTH TO DATE  290                       452   -162      476
  SINCE MAR 1   1160                      1328   -168     1090
  SINCE JUL 1   4944                      5976  -1032     4938

 COOLING
  YESTERDAY        0                         0      0        0
  MONTH TO DATE   14                         0     14        0
  SINCE MAR 1     14                         1     13        0
  SINCE JAN 1     14                         1     13        0
..................................................................


WIND (MPH)
  HIGHEST WIND SPEED    16   HIGHEST WIND DIRECTION     S (180)
  HIGHEST GUST SPEED    22   HIGHEST GUST DIRECTION    SE (140)
  AVERAGE WIND SPEED     7.9


SKY COVER
  POSSIBLE SUNSHINE  MM
  AVERAGE SKY COVER 0.4


WEATHER CONDITIONS
 THE FOLLOWING WEATHER WAS RECORDED YESTERDAY.
  NO SIGNIFICANT WEATHER WAS OBSERVED.


RELATIVE HUMIDITY (PERCENT)
 HIGHEST   100           500 AM
 LOWEST     42           600 PM
 AVERAGE    71

..........................................................


THE YOUNGSTOWN OH CLIMATE NORMALS FOR TODAY
                         NORMAL    RECORD    YEAR
 MAXIMUM TEMPERATURE (F)   64        90      1942
 MINIMUM TEMPERATURE (F)   42        24      1993


SUNRISE AND SUNSET
APRIL 27 2017.........SUNRISE   625 AM EDT   SUNSET   816 PM EDT
APRIL 28 2017.........SUNRISE   624 AM EDT   SUNSET   817 PM EDT


-  INDICATES NEGATIVE NUMBERS.
R  INDICATES RECORD WAS SET OR TIED.
MM INDICATES DATA IS MISSING.
T  INDICATES TRACE AMOUNT.




$$
