000
CDUS41 KCLE 150531
CLIYNG


CLIMATE REPORT
NATIONAL WEATHER SERVICE CLEVELAND OH
129 AM EDT TUE APR 15 2014


...................................

...THE YOUNGSTOWN OH CLIMATE SUMMARY FOR APRIL 14 2014...

CLIMATE NORMAL PERIOD 1981 TO 2010
CLIMATE RECORD PERIOD 1897 TO 2014


WEATHER ITEM   OBSERVED TIME   RECORD YEAR NORMAL DEPARTURE LAST
                VALUE   (LST)  VALUE       VALUE  FROM      YEAR
                                                  NORMAL
..................................................................
TEMPERATURE (F)
 YESTERDAY
  MAXIMUM         72   1105 AM  85    1941  59     13       54
  MINIMUM         50   1159 PM  11    1950  38     12       29
  AVERAGE         61                        48     13       42

PRECIPITATION (IN)
  YESTERDAY        0.10                      0.11  -0.01      T
  MONTH TO DATE    2.23                      1.62   0.61     1.79
  SINCE MAR 1      4.17                      4.56  -0.39     4.50
  SINCE JAN 1      8.86                      9.26  -0.40     8.80

SNOWFALL (IN)
  YESTERDAY        0.0                       0.1   -0.1      0.0
  MONTH TO DATE    T                         2.3   -2.3      0.6
  SINCE MAR 1      7.9                      13.2   -5.3     20.5
  SINCE JUL 1     88.9                      62.0   26.9     80.9
  SNOW DEPTH       0

DEGREE DAYS
 HEATING
  YESTERDAY        4                        17    -13       23
  MONTH TO DATE  211                       274    -63      293
  SINCE MAR 1   1289                      1150    139     1267
  SINCE JUL 1   6357                      5798    559     5709

 COOLING
  YESTERDAY        0                         0      0        0
  MONTH TO DATE    0                         0      0        0
  SINCE MAR 1      0                         1     -1        0
  SINCE JAN 1      0                         1     -1        0
..................................................................


WIND (MPH)
  HIGHEST WIND SPEED    29   HIGHEST WIND DIRECTION    SW (220)
  HIGHEST GUST SPEED    39   HIGHEST GUST DIRECTION    SW (220)
  AVERAGE WIND SPEED    13.2


SKY COVER
  POSSIBLE SUNSHINE  MM
  AVERAGE SKY COVER 1.0


WEATHER CONDITIONS
 THE FOLLOWING WEATHER WAS RECORDED YESTERDAY.
  RAIN
  LIGHT RAIN
  FOG


RELATIVE HUMIDITY (PERCENT)
 HIGHEST    89           900 PM
 LOWEST     35          1200 AM
 AVERAGE    62

..........................................................


THE YOUNGSTOWN OH CLIMATE NORMALS FOR TODAY
                         NORMAL    RECORD    YEAR
 MAXIMUM TEMPERATURE (F)   59        84      1941
 MINIMUM TEMPERATURE (F)   38        21      1943


SUNRISE AND SUNSET
APRIL 15 2014.........SUNRISE   643 AM EDT   SUNSET   803 PM EDT
APRIL 16 2014.........SUNRISE   642 AM EDT   SUNSET   804 PM EDT


-  INDICATES NEGATIVE NUMBERS.
R  INDICATES RECORD WAS SET OR TIED.
MM INDICATES DATA IS MISSING.
T  INDICATES TRACE AMOUNT.




$$
