000
CDUS41 KCLE 210528
CLIYNG


CLIMATE REPORT
NATIONAL WEATHER SERVICE CLEVELAND OH
1228 AM EST SUN JAN 21 2018


...................................

...THE YOUNGSTOWN OH CLIMATE SUMMARY FOR JANUARY 20 2018...

CLIMATE NORMAL PERIOD 1981 TO 2010
CLIMATE RECORD PERIOD 1897 TO 2018


WEATHER ITEM   OBSERVED TIME   RECORD YEAR NORMAL DEPARTURE LAST
                VALUE   (LST)  VALUE       VALUE  FROM      YEAR
                                                  NORMAL
..................................................................
TEMPERATURE (F)
 YESTERDAY
  MAXIMUM         42    432 PM  61    1951  32     10       53
  MINIMUM         33    831 AM -20    1985  19     14       30
  AVERAGE         38                        26     12       42

PRECIPITATION (IN)
  YESTERDAY        0.00                      0.08  -0.08     0.28
  MONTH TO DATE    2.30                      1.71   0.59     4.29
  SINCE DEC 1      4.41                      4.70  -0.29     7.86
  SINCE JAN 1      2.30                      1.71   0.59     4.29

SNOWFALL (IN)
  YESTERDAY        0.0                       0.5   -0.5      0.0
  MONTH TO DATE   17.9                      10.8    7.1      5.7
  SINCE DEC 1     36.9                      25.8   11.1     29.0
  SINCE JUL 1     37.9                      30.2    7.7     33.4
  SNOW DEPTH       5

DEGREE DAYS
 HEATING
  YESTERDAY       27                        39    -12       23
  MONTH TO DATE  920                       786    134      687
  SINCE DEC 1   2071                      1863    208     1766
  SINCE JUL 1   3169                      3192    -23     2738

 COOLING
  YESTERDAY        0                         0      0        0
  MONTH TO DATE    0                         0      0        0
  SINCE DEC 1      0                         0      0        0
  SINCE JAN 1      0                         0      0        0
..................................................................


WIND (MPH)
  HIGHEST WIND SPEED    20   HIGHEST WIND DIRECTION    SW (240)
  HIGHEST GUST SPEED    27   HIGHEST GUST DIRECTION    SW (240)
  AVERAGE WIND SPEED    12.0


SKY COVER
  POSSIBLE SUNSHINE  MM
  AVERAGE SKY COVER 0.6


WEATHER CONDITIONS
 THE FOLLOWING WEATHER WAS RECORDED YESTERDAY.
  NO SIGNIFICANT WEATHER WAS OBSERVED.


RELATIVE HUMIDITY (PERCENT)
 HIGHEST    76          1100 PM
 LOWEST     51          1200 AM
 AVERAGE    64

..........................................................


THE YOUNGSTOWN OH CLIMATE NORMALS FOR TODAY
                         NORMAL    RECORD    YEAR
 MAXIMUM TEMPERATURE (F)   32        60      2017
 MINIMUM TEMPERATURE (F)   19       -20      1985


SUNRISE AND SUNSET
JANUARY 21 2018.......SUNRISE   743 AM EST   SUNSET   526 PM EST
JANUARY 22 2018.......SUNRISE   742 AM EST   SUNSET   527 PM EST


-  INDICATES NEGATIVE NUMBERS.
R  INDICATES RECORD WAS SET OR TIED.
MM INDICATES DATA IS MISSING.
T  INDICATES TRACE AMOUNT.




$$
