368
CDUS41 KCLE 200545
CLIYNG


CLIMATE REPORT
NATIONAL WEATHER SERVICE CLEVELAND OH
145 AM EDT TUE JUN 20 2017


...................................

...THE YOUNGSTOWN OH CLIMATE SUMMARY FOR JUNE 19 2017...

CLIMATE NORMAL PERIOD 1981 TO 2010
CLIMATE RECORD PERIOD 1897 TO 2017


WEATHER ITEM   OBSERVED TIME   RECORD YEAR NORMAL DEPARTURE LAST
                VALUE   (LST)  VALUE       VALUE  FROM      YEAR
                                                  NORMAL
..................................................................
TEMPERATURE (F)
 YESTERDAY
  MAXIMUM         79    252 PM  94    1994  79      0       85
  MINIMUM         61   1159 PM  44    2000  57      4       56
                                      1999
  AVERAGE         70                        68      2       71

PRECIPITATION (IN)
  YESTERDAY        0.10                      0.12  -0.02     0.00
  MONTH TO DATE    2.32                      2.44  -0.12     2.69
  SINCE JUN 1      2.32                      2.44  -0.12     2.69
  SINCE JAN 1     23.62                     17.23   6.39    17.79

SNOWFALL (IN)
  YESTERDAY        0.0                       0.0    0.0      0.0
  MONTH TO DATE    0.0                       0.0    0.0      0.0
  SINCE JUN 1      0.0                       0.0    0.0      0.0
  SINCE JUL 1     69.5                      62.7    6.8     44.9
  SNOW DEPTH       0

DEGREE DAYS
 HEATING
  YESTERDAY        0                         2     -2        0
  MONTH TO DATE   33                        57    -24       30
  SINCE JUN 1     33                        57    -24       30
  SINCE JUL 1   5249                      6337  -1088     5283

 COOLING
  YESTERDAY        5                         4      1        6
  MONTH TO DATE  116                        55     61       74
  SINCE JUN 1    116                        55     61       74
  SINCE JAN 1    165                        94     71      129
..................................................................


WIND (MPH)
  HIGHEST WIND SPEED    24   HIGHEST WIND DIRECTION     W (290)
  HIGHEST GUST SPEED    33   HIGHEST GUST DIRECTION     W (290)
  AVERAGE WIND SPEED     7.3


SKY COVER
  POSSIBLE SUNSHINE  MM
  AVERAGE SKY COVER 0.8


WEATHER CONDITIONS
 THE FOLLOWING WEATHER WAS RECORDED YESTERDAY.
  LIGHT RAIN
  FOG


RELATIVE HUMIDITY (PERCENT)
 HIGHEST    93           100 AM
 LOWEST     48           200 PM
 AVERAGE    71

..........................................................


THE YOUNGSTOWN OH CLIMATE NORMALS FOR TODAY
                         NORMAL    RECORD    YEAR
 MAXIMUM TEMPERATURE (F)   79        95      1933
 MINIMUM TEMPERATURE (F)   57        40      2004
                                             1970


SUNRISE AND SUNSET
JUNE 20 2017..........SUNRISE   550 AM EDT   SUNSET   859 PM EDT
JUNE 21 2017..........SUNRISE   550 AM EDT   SUNSET   859 PM EDT


-  INDICATES NEGATIVE NUMBERS.
R  INDICATES RECORD WAS SET OR TIED.
MM INDICATES DATA IS MISSING.
T  INDICATES TRACE AMOUNT.




$$
