000
CDUS41 KCLE 170530
CLIYNG


CLIMATE REPORT
NATIONAL WEATHER SERVICE CLEVELAND OH
1229 AM EST FRI FEB 17 2017


...................................

...THE YOUNGSTOWN OH CLIMATE SUMMARY FOR FEBRUARY 16 2017...

CLIMATE NORMAL PERIOD 1981 TO 2010
CLIMATE RECORD PERIOD 1897 TO 2017


WEATHER ITEM   OBSERVED TIME   RECORD YEAR NORMAL DEPARTURE LAST
                VALUE   (LST)  VALUE       VALUE  FROM      YEAR
                                                  NORMAL
..................................................................
TEMPERATURE (F)
 YESTERDAY
  MAXIMUM         26    532 PM  63    1990  36    -10       33
  MINIMUM         15   1039 PM -13    2015  21     -6       28
  AVERAGE         21                        28     -7       31

PRECIPITATION (IN)
  YESTERDAY        0.07                      0.07   0.00     0.66
  MONTH TO DATE    1.65                      1.19   0.46     2.25
  SINCE DEC 1     10.57                      6.73   3.84     7.85
  SINCE JAN 1      7.00                      3.74   3.26     3.66

SNOWFALL (IN)
  YESTERDAY        1.6                       0.5    1.1      6.6
  MONTH TO DATE    6.0                       7.2   -1.2     17.0
  SINCE DEC 1     42.9                      38.8    4.1     29.6
  SINCE JUL 1     47.3                      43.2    4.1     30.0
  SNOW DEPTH       2

DEGREE DAYS
 HEATING
  YESTERDAY       44                        37      7       34
  MONTH TO DATE  534                       605    -71      600
  SINCE DEC 1   2615                      2899   -284     2489
  SINCE JUL 1   3587                      4228   -641     3491

 COOLING
  YESTERDAY        0                         0      0        0
  MONTH TO DATE    0                         0      0        0
  SINCE DEC 1      0                         0      0        0
  SINCE JAN 1      0                         0      0        0
..................................................................


WIND (MPH)
  HIGHEST WIND SPEED    20   HIGHEST WIND DIRECTION     W (290)
  HIGHEST GUST SPEED    27   HIGHEST GUST DIRECTION     W (290)
  AVERAGE WIND SPEED     8.6


SKY COVER
  POSSIBLE SUNSHINE  MM
  AVERAGE SKY COVER 0.9


WEATHER CONDITIONS
 THE FOLLOWING WEATHER WAS RECORDED YESTERDAY.
  LIGHT SNOW
  FOG


RELATIVE HUMIDITY (PERCENT)
 HIGHEST    92           700 AM
 LOWEST     63           400 PM
 AVERAGE    78

..........................................................


THE YOUNGSTOWN OH CLIMATE NORMALS FOR TODAY
                         NORMAL    RECORD    YEAR
 MAXIMUM TEMPERATURE (F)   37        61      2006
 MINIMUM TEMPERATURE (F)   21       -14      1979


SUNRISE AND SUNSET
FEBRUARY 17 2017......SUNRISE   714 AM EST   SUNSET   559 PM EST
FEBRUARY 18 2017......SUNRISE   713 AM EST   SUNSET   601 PM EST


-  INDICATES NEGATIVE NUMBERS.
R  INDICATES RECORD WAS SET OR TIED.
MM INDICATES DATA IS MISSING.
T  INDICATES TRACE AMOUNT.




$$
