000
CDUS41 KCLE 060537
CLIYNG


CLIMATE REPORT
NATIONAL WEATHER SERVICE CLEVELAND OH
1236 AM EST WED DEC 6 2017


...................................

...THE YOUNGSTOWN OH CLIMATE SUMMARY FOR DECEMBER 5 2017...

CLIMATE NORMAL PERIOD 1981 TO 2010
CLIMATE RECORD PERIOD 1897 TO 2017


WEATHER ITEM   OBSERVED TIME   RECORD YEAR NORMAL DEPARTURE LAST
                VALUE   (LST)  VALUE       VALUE  FROM      YEAR
                                                  NORMAL
..................................................................
TEMPERATURE (F)
 YESTERDAY
  MAXIMUM         54    135 AM  71    2001  40     14       40
  MINIMUM         29   1159 PM   9    1991  28      1       25
  AVERAGE         42                        34      8       33

PRECIPITATION (IN)
  YESTERDAY        0.18                      0.10   0.08     0.02
  MONTH TO DATE    0.18                      0.50  -0.32     0.13
  SINCE DEC 1      0.18                      0.50  -0.32     0.13
  SINCE JAN 1     42.04                     36.42   5.62    40.90

SNOWFALL (IN)
  YESTERDAY        0.0                       0.4   -0.4       T
  MONTH TO DATE    0.0                       2.0   -2.0      0.7
  SINCE DEC 1      0.0                       2.0   -2.0      0.7
  SINCE JUL 1      1.0                       6.4   -5.4      5.1
  SNOW DEPTH       0

DEGREE DAYS
 HEATING
  YESTERDAY       23                        31     -8       32
  MONTH TO DATE  127                       152    -25      145
  SINCE DEC 1    127                       152    -25      145
  SINCE JUL 1   1224                      1481   -257     1117

 COOLING
  YESTERDAY        0                         0      0        0
  MONTH TO DATE    0                         0      0        0
  SINCE DEC 1      0                         0      0        0
  SINCE JAN 1    658                       544    114      879
..................................................................


WIND (MPH)
  HIGHEST WIND SPEED    32   HIGHEST WIND DIRECTION    SW (240)
  HIGHEST GUST SPEED    41   HIGHEST GUST DIRECTION    SW (230)
  AVERAGE WIND SPEED    14.4


SKY COVER
  POSSIBLE SUNSHINE  MM
  AVERAGE SKY COVER 1.0


WEATHER CONDITIONS
 THE FOLLOWING WEATHER WAS RECORDED YESTERDAY.
  LIGHT RAIN
  FOG


RELATIVE HUMIDITY (PERCENT)
 HIGHEST    96           200 PM
 LOWEST     45           100 AM
 AVERAGE    71

..........................................................


THE YOUNGSTOWN OH CLIMATE NORMALS FOR TODAY
                         NORMAL    RECORD    YEAR
 MAXIMUM TEMPERATURE (F)   40        69      1998
 MINIMUM TEMPERATURE (F)   27         8      1977


SUNRISE AND SUNSET
DECEMBER  6 2017......SUNRISE   734 AM EST   SUNSET   453 PM EST
DECEMBER  7 2017......SUNRISE   735 AM EST   SUNSET   453 PM EST


-  INDICATES NEGATIVE NUMBERS.
R  INDICATES RECORD WAS SET OR TIED.
MM INDICATES DATA IS MISSING.
T  INDICATES TRACE AMOUNT.




$$
