050
CDUS41 KCLE 160529
CLIYNG


CLIMATE REPORT
NATIONAL WEATHER SERVICE CLEVELAND OH
1229 AM EST FRI FEB 16 2018


...................................

...THE YOUNGSTOWN OH CLIMATE SUMMARY FOR FEBRUARY 15 2018...

CLIMATE NORMAL PERIOD 1981 TO 2010
CLIMATE RECORD PERIOD 1897 TO 2018


WEATHER ITEM   OBSERVED TIME   RECORD YEAR NORMAL DEPARTURE LAST
                VALUE   (LST)  VALUE       VALUE  FROM      YEAR
                                                  NORMAL
..................................................................
TEMPERATURE (F)
 YESTERDAY
  MAXIMUM         61    323 PM  65    1954  36     25       39
  MINIMUM         46   1212 AM  -8    2015  21     25       24
  AVERAGE         54                        28     26       32

PRECIPITATION (IN)
  YESTERDAY        0.58                      0.07   0.51     0.08
  MONTH TO DATE    1.92                      1.12   0.80     1.58
  SINCE DEC 1      7.17                      6.66   0.51    10.50
  SINCE JAN 1      5.06                      3.67   1.39     6.93

SNOWFALL (IN)
  YESTERDAY        0.0                       0.4   -0.4      0.8
  MONTH TO DATE   14.1                       6.7    7.4      4.4
  SINCE DEC 1     56.2                      38.3   17.9     41.3
  SINCE JUL 1     57.2                      42.7   14.5     45.7
  SNOW DEPTH       0

DEGREE DAYS
 HEATING
  YESTERDAY       11                        37    -26       33
  MONTH TO DATE  560                       568     -8      490
  SINCE DEC 1   2960                      2862     98     2571
  SINCE JUL 1   4058                      4191   -133     3543

 COOLING
  YESTERDAY        0                         0      0        0
  MONTH TO DATE    0                         0      0        0
  SINCE DEC 1      0                         0      0        0
  SINCE JAN 1      0                         0      0        0
..................................................................


WIND (MPH)
  HIGHEST WIND SPEED    22   HIGHEST WIND DIRECTION    NW (320)
  HIGHEST GUST SPEED    28   HIGHEST GUST DIRECTION     W (290)
  AVERAGE WIND SPEED    10.4


SKY COVER
  POSSIBLE SUNSHINE  MM
  AVERAGE SKY COVER 0.8


WEATHER CONDITIONS
 THE FOLLOWING WEATHER WAS RECORDED YESTERDAY.
  RAIN
  LIGHT RAIN
  FOG
  FOG W/VISIBILITY <= 1/4 MILE


RELATIVE HUMIDITY (PERCENT)
 HIGHEST   100           500 AM
 LOWEST     72           300 PM
 AVERAGE    86

..........................................................


THE YOUNGSTOWN OH CLIMATE NORMALS FOR TODAY
                         NORMAL    RECORD    YEAR
 MAXIMUM TEMPERATURE (F)   36        63      1990
 MINIMUM TEMPERATURE (F)   21       -13      2015


SUNRISE AND SUNSET
FEBRUARY 16 2018......SUNRISE   716 AM EST   SUNSET   558 PM EST
FEBRUARY 17 2018......SUNRISE   715 AM EST   SUNSET   559 PM EST


-  INDICATES NEGATIVE NUMBERS.
R  INDICATES RECORD WAS SET OR TIED.
MM INDICATES DATA IS MISSING.
T  INDICATES TRACE AMOUNT.




$$
