000
CDUS41 KCLE 010546
CLIYNG


CLIMATE REPORT
NATIONAL WEATHER SERVICE CLEVELAND OH
145 AM EDT MON JUN 1 2015


...................................

...THE YOUNGSTOWN OH CLIMATE SUMMARY FOR MAY 31 2015...

CLIMATE NORMAL PERIOD 1981 TO 2010
CLIMATE RECORD PERIOD 1897 TO 2015


WEATHER ITEM   OBSERVED TIME   RECORD YEAR NORMAL DEPARTURE LAST
                VALUE   (LST)  VALUE       VALUE  FROM      YEAR
                                                  NORMAL
..................................................................
TEMPERATURE (F)
 YESTERDAY
  MAXIMUM         74    122 PM  92    1934  73      1       80
  MINIMUM         47   1159 PM  34    2001  51     -4       49
  AVERAGE         61                        62     -1       65

PRECIPITATION (IN)
  YESTERDAY        1.12                      0.13   0.99     0.00
  MONTH TO DATE    4.59                      3.79   0.80     3.55
  SINCE MAR 1      9.80                     10.09  -0.29    10.40
  SINCE JAN 1     15.03                     14.79   0.24    15.09

SNOWFALL (IN)
  YESTERDAY        0.0                       0.0    0.0      0.0
  MONTH TO DATE    0.0                       T      0.0       T
  SINCE MAR 1      9.5                      13.9   -4.4      9.1
  SINCE JUL 1     79.0                      62.7   16.3     90.1
  SNOW DEPTH       0

DEGREE DAYS
 HEATING
  YESTERDAY        4                         5     -1        0
  MONTH TO DATE  137                       252   -115      205
  SINCE MAR 1   1568                      1632    -64     1759
  SINCE JUL 1   6686                      6280    406     6827

 COOLING
  YESTERDAY        0                         2     -2        0
  MONTH TO DATE  112                        30     82       55
  SINCE MAR 1    112                        39     73       55
  SINCE JAN 1    112                        39     73       55
..................................................................


WIND (MPH)
  HIGHEST WIND SPEED    16   HIGHEST WIND DIRECTION    NW (330)
  HIGHEST GUST SPEED    20   HIGHEST GUST DIRECTION    NW (300)
  AVERAGE WIND SPEED     6.6


SKY COVER
  POSSIBLE SUNSHINE  MM
  AVERAGE SKY COVER 0.9


WEATHER CONDITIONS
 THE FOLLOWING WEATHER WAS RECORDED YESTERDAY.
  THUNDERSTORM
  HEAVY RAIN
  RAIN
  LIGHT RAIN
  FOG
  FOG W/VISIBILITY <= 1/4 MILE


RELATIVE HUMIDITY (PERCENT)
 HIGHEST   100           300 AM
 LOWEST     90           200 PM
 AVERAGE    95

..........................................................


THE YOUNGSTOWN OH CLIMATE NORMALS FOR TODAY
                         NORMAL    RECORD    YEAR
 MAXIMUM TEMPERATURE (F)   73        96      1934
 MINIMUM TEMPERATURE (F)   51        35      1966


SUNRISE AND SUNSET
JUNE  1 2015..........SUNRISE   552 AM EDT   SUNSET   849 PM EDT
JUNE  2 2015..........SUNRISE   552 AM EDT   SUNSET   850 PM EDT


-  INDICATES NEGATIVE NUMBERS.
R  INDICATES RECORD WAS SET OR TIED.
MM INDICATES DATA IS MISSING.
T  INDICATES TRACE AMOUNT.




$$
