000
CDUS41 KCLE 240545
CLIYNG


CLIMATE REPORT
NATIONAL WEATHER SERVICE CLEVELAND OH
145 AM EDT WED MAY 24 2017


...................................

...THE YOUNGSTOWN OH CLIMATE SUMMARY FOR MAY 23 2017...

CLIMATE NORMAL PERIOD 1981 TO 2010
CLIMATE RECORD PERIOD 1897 TO 2017


WEATHER ITEM   OBSERVED TIME   RECORD YEAR NORMAL DEPARTURE LAST
                VALUE   (LST)  VALUE       VALUE  FROM      YEAR
                                                  NORMAL
..................................................................
TEMPERATURE (F)
 YESTERDAY
  MAXIMUM         73    403 PM  95    1941  71      2       76
  MINIMUM         45    518 AM  30    2006  49     -4       43
                                      1967
  AVERAGE         59                        60     -1       60

PRECIPITATION (IN)
  YESTERDAY        0.00                      0.13  -0.13     0.00
  MONTH TO DATE    2.54                      2.75  -0.21     2.29
  SINCE MAR 1     11.42                      9.05   2.37     9.91
  SINCE JAN 1     19.30                     13.75   5.55    15.10

SNOWFALL (IN)
  YESTERDAY        0.0                       0.0    0.0      0.0
  MONTH TO DATE    0.0                       0.0    0.0      0.2
  SINCE MAR 1     22.1                      13.9    8.2     13.3
  SINCE JUL 1     69.5                      62.7    6.8     44.9
  SNOW DEPTH       0

DEGREE DAYS
 HEATING
  YESTERDAY        6                         7     -1        5
  MONTH TO DATE  231                       208     23      244
  SINCE MAR 1   1412                      1587   -175     1403
  SINCE JUL 1   5196                      6235  -1039     5251

 COOLING
  YESTERDAY        0                         1     -1        0
  MONTH TO DATE   25                        16      9        0
  SINCE MAR 1     41                        25     16        0
  SINCE JAN 1     41                        25     16        0
..................................................................


WIND (MPH)
  HIGHEST WIND SPEED    17   HIGHEST WIND DIRECTION     E (110)
  HIGHEST GUST SPEED    22   HIGHEST GUST DIRECTION     E (100)
  AVERAGE WIND SPEED     6.9


SKY COVER
  POSSIBLE SUNSHINE  MM
  AVERAGE SKY COVER 0.9


WEATHER CONDITIONS
 THE FOLLOWING WEATHER WAS RECORDED YESTERDAY.
  NO SIGNIFICANT WEATHER WAS OBSERVED.


RELATIVE HUMIDITY (PERCENT)
 HIGHEST    93           500 AM
 LOWEST     35           200 PM
 AVERAGE    64

..........................................................


THE YOUNGSTOWN OH CLIMATE NORMALS FOR TODAY
                         NORMAL    RECORD    YEAR
 MAXIMUM TEMPERATURE (F)   71        88      1933
 MINIMUM TEMPERATURE (F)   49        25      1963


SUNRISE AND SUNSET
MAY 24 2017...........SUNRISE   556 AM EDT   SUNSET   843 PM EDT
MAY 25 2017...........SUNRISE   556 AM EDT   SUNSET   844 PM EDT


-  INDICATES NEGATIVE NUMBERS.
R  INDICATES RECORD WAS SET OR TIED.
MM INDICATES DATA IS MISSING.
T  INDICATES TRACE AMOUNT.




$$
