000
CDUS41 KCLE 300527
CLIYNG


CLIMATE REPORT
NATIONAL WEATHER SERVICE CLEVELAND OH
126 AM EDT THU JUL 30 2015


...................................

...THE YOUNGSTOWN OH CLIMATE SUMMARY FOR JULY 29 2015...

CLIMATE NORMAL PERIOD 1981 TO 2010
CLIMATE RECORD PERIOD 1897 TO 2015


WEATHER ITEM   OBSERVED TIME   RECORD YEAR NORMAL DEPARTURE LAST
                VALUE   (LST)  VALUE       VALUE  FROM      YEAR
                                                  NORMAL
..................................................................
TEMPERATURE (F)
 YESTERDAY
  MAXIMUM         91    245 PM 101    1941  81     10       69
  MINIMUM         65    551 AM  49    1968  60      5       54
  AVERAGE         78                        70      8       62

PRECIPITATION (IN)
  YESTERDAY        T                         0.12  -0.12     0.00
  MONTH TO DATE    4.00                      4.05  -0.05     3.36
  SINCE JUN 1     13.02                      7.93   5.09     8.16
  SINCE JAN 1     28.00                     22.72   5.28    23.25

SNOWFALL (IN)
  YESTERDAY        0.0                       0.0    0.0      0.0
  MONTH TO DATE    0.0                       0.0    0.0      0.0
  SINCE JUN 1      0.0                       0.0    0.0      0.0
  SINCE JUL 1      0.0                       0.0    0.0      0.0
  SNOW DEPTH       0

DEGREE DAYS
 HEATING
  YESTERDAY        0                         0      0        3
  MONTH TO DATE    7                         8     -1       28
  SINCE JUN 1     49                        77    -28       56
  SINCE JUL 1      7                         8     -1       28

 COOLING
  YESTERDAY       13                         6      7        0
  MONTH TO DATE  166                       174     -8      126
  SINCE JUN 1    276                       284     -8      279
  SINCE JAN 1    388                       323     65      334
..................................................................


WIND (MPH)
  HIGHEST WIND SPEED    12   HIGHEST WIND DIRECTION     W (250)
  HIGHEST GUST SPEED    16   HIGHEST GUST DIRECTION     W (250)
  AVERAGE WIND SPEED     5.3


SKY COVER
  POSSIBLE SUNSHINE  MM
  AVERAGE SKY COVER 0.7


WEATHER CONDITIONS
 THE FOLLOWING WEATHER WAS RECORDED YESTERDAY.
  LIGHT RAIN


RELATIVE HUMIDITY (PERCENT)
 HIGHEST    93           500 AM
 LOWEST     46           300 PM
 AVERAGE    70

..........................................................


THE YOUNGSTOWN OH CLIMATE NORMALS FOR TODAY
                         NORMAL    RECORD    YEAR
 MAXIMUM TEMPERATURE (F)   81        95      1940
                                             1933
 MINIMUM TEMPERATURE (F)   60        46      1997
                                             1965


SUNRISE AND SUNSET
JULY 30 2015..........SUNRISE   616 AM EDT   SUNSET   842 PM EDT
JULY 31 2015..........SUNRISE   617 AM EDT   SUNSET   841 PM EDT


-  INDICATES NEGATIVE NUMBERS.
R  INDICATES RECORD WAS SET OR TIED.
MM INDICATES DATA IS MISSING.
T  INDICATES TRACE AMOUNT.




$$
