000
CDUS41 KCLE 200545
CLIYNG


CLIMATE REPORT
NATIONAL WEATHER SERVICE CLEVELAND OH
145 AM EDT WED MAY 20 2015


...................................

...THE YOUNGSTOWN OH CLIMATE SUMMARY FOR MAY 19 2015...

CLIMATE NORMAL PERIOD 1981 TO 2010
CLIMATE RECORD PERIOD 1897 TO 2015


WEATHER ITEM   OBSERVED TIME   RECORD YEAR NORMAL DEPARTURE LAST
                VALUE   (LST)  VALUE       VALUE  FROM      YEAR
                                                  NORMAL
..................................................................
TEMPERATURE (F)
 YESTERDAY
  MAXIMUM         68   1108 AM  89    1934  70     -2       71
  MINIMUM         50   1159 PM  31    2002  48      2       38
  AVERAGE         59                        59      0       55

PRECIPITATION (IN)
  YESTERDAY        0.00                      0.12  -0.12     0.00
  MONTH TO DATE    1.24                      2.23  -0.99     3.45
  SINCE MAR 1      6.45                      8.53  -2.08    10.30
  SINCE JAN 1     11.68                     13.23  -1.55    14.99

SNOWFALL (IN)
  YESTERDAY        0.0                       0.0    0.0      0.0
  MONTH TO DATE    0.0                       0.0    0.0       T
  SINCE MAR 1      9.5                      13.9   -4.4      9.1
  SINCE JUL 1     79.0                      62.7   16.3     90.1
  SNOW DEPTH       0

DEGREE DAYS
 HEATING
  YESTERDAY        6                         7     -1       10
  MONTH TO DATE   74                       180   -106      169
  SINCE MAR 1   1505                      1559    -54     1723
  SINCE JUL 1   6623                      6207    416     6791

 COOLING
  YESTERDAY        0                         1     -1        0
  MONTH TO DATE   69                        12     57       32
  SINCE MAR 1     69                        21     48       32
  SINCE JAN 1     69                        21     48       32
..................................................................


WIND (MPH)
  HIGHEST WIND SPEED    23   HIGHEST WIND DIRECTION    NW (310)
  HIGHEST GUST SPEED    33   HIGHEST GUST DIRECTION    NW (330)
  AVERAGE WIND SPEED    11.3


SKY COVER
  POSSIBLE SUNSHINE  MM
  AVERAGE SKY COVER 0.8


WEATHER CONDITIONS
 THE FOLLOWING WEATHER WAS RECORDED YESTERDAY.
  FOG


RELATIVE HUMIDITY (PERCENT)
 HIGHEST   100           100 AM
 LOWEST     56          1200 PM
 AVERAGE    78

..........................................................


THE YOUNGSTOWN OH CLIMATE NORMALS FOR TODAY
                         NORMAL    RECORD    YEAR
 MAXIMUM TEMPERATURE (F)   70        91      1934
 MINIMUM TEMPERATURE (F)   48        29      2002


SUNRISE AND SUNSET
MAY 20 2015...........SUNRISE   600 AM EDT   SUNSET   839 PM EDT
MAY 21 2015...........SUNRISE   559 AM EDT   SUNSET   840 PM EDT


-  INDICATES NEGATIVE NUMBERS.
R  INDICATES RECORD WAS SET OR TIED.
MM INDICATES DATA IS MISSING.
T  INDICATES TRACE AMOUNT.




$$
