000
CDUS41 KCLE 300526
CLIYNG


CLIMATE REPORT
NATIONAL WEATHER SERVICE CLEVELAND OH
125 AM EDT THU OCT 30 2014


...................................

...THE YOUNGSTOWN OH CLIMATE SUMMARY FOR OCTOBER 29 2014...

CLIMATE NORMAL PERIOD 1981 TO 2010
CLIMATE RECORD PERIOD 1897 TO 2014


WEATHER ITEM   OBSERVED TIME   RECORD YEAR NORMAL DEPARTURE LAST
                VALUE   (LST)  VALUE       VALUE  FROM      YEAR
                                                  NORMAL
..................................................................
TEMPERATURE (F)
 YESTERDAY
  MAXIMUM         57    146 PM  75    1999  56      1       57
                                      1946
  MINIMUM         43   1159 PM  22    1969  38      5       29
                                      1967
                                      1965
  AVERAGE         50                        47      3       43

PRECIPITATION (IN)
  YESTERDAY        T                         0.09  -0.09     0.00
  MONTH TO DATE    3.02                      2.59   0.43     2.66
  SINCE SEP 1      4.92                      6.34  -1.42     4.87
  SINCE JAN 1     34.48                     32.56   1.92    32.09

SNOWFALL (IN)
  YESTERDAY        0.0                       0.1   -0.1      0.0
  MONTH TO DATE    T                         0.7   -0.7      1.2
  SINCE SEP 1      T                         0.7   -0.7      1.2
  SINCE JUL 1      T                         0.7   -0.7      1.2
  SNOW DEPTH       0

DEGREE DAYS
 HEATING
  YESTERDAY       15                        18     -3       22
  MONTH TO DATE  348                       403    -55      349
  SINCE SEP 1    489                       548    -59      500
  SINCE JUL 1    541                       586    -45      538

 COOLING
  YESTERDAY        0                         0      0        0
  MONTH TO DATE    3                         3      0       21
  SINCE SEP 1     56                        55      1       78
  SINCE JAN 1    533                       541     -8      630
..................................................................


WIND (MPH)
  HIGHEST WIND SPEED    20   HIGHEST WIND DIRECTION     W (270)
  HIGHEST GUST SPEED    25   HIGHEST GUST DIRECTION     W (260)
  AVERAGE WIND SPEED     9.6


SKY COVER
  POSSIBLE SUNSHINE  MM
  AVERAGE SKY COVER 0.8


WEATHER CONDITIONS
 THE FOLLOWING WEATHER WAS RECORDED YESTERDAY.
  LIGHT RAIN


RELATIVE HUMIDITY (PERCENT)
 HIGHEST    89          1100 PM
 LOWEST     46           300 PM
 AVERAGE    68

..........................................................


THE YOUNGSTOWN OH CLIMATE NORMALS FOR TODAY
                         NORMAL    RECORD    YEAR
 MAXIMUM TEMPERATURE (F)   56        75      1999
                                             1950
                                             1946
 MINIMUM TEMPERATURE (F)   38        21      1988


SUNRISE AND SUNSET
OCTOBER 30 2014.......SUNRISE   752 AM EDT   SUNSET   621 PM EDT
OCTOBER 31 2014.......SUNRISE   753 AM EDT   SUNSET   619 PM EDT


-  INDICATES NEGATIVE NUMBERS.
R  INDICATES RECORD WAS SET OR TIED.
MM INDICATES DATA IS MISSING.
T  INDICATES TRACE AMOUNT.




$$
