000
CDUS41 KCLE 220534
CLIYNG


CLIMATE REPORT
NATIONAL WEATHER SERVICE CLEVELAND OH
133 AM EDT MON SEP 22 2014


...................................

...THE YOUNGSTOWN OH CLIMATE SUMMARY FOR SEPTEMBER 21 2014...

CLIMATE NORMAL PERIOD 1981 TO 2010
CLIMATE RECORD PERIOD 1897 TO 2014


WEATHER ITEM   OBSERVED TIME   RECORD YEAR NORMAL DEPARTURE LAST
                VALUE   (LST)  VALUE       VALUE  FROM      YEAR
                                                  NORMAL
..................................................................
TEMPERATURE (F)
 YESTERDAY
  MAXIMUM         79   1246 PM  92    1940  70      9       70
                                      1931
  MINIMUM         53   1159 PM  30    1897  50      3       51
  AVERAGE         66                        60      6       61

PRECIPITATION (IN)
  YESTERDAY        0.14                      0.13   0.01     1.07
  MONTH TO DATE    1.67                      2.67  -1.00     2.20
  SINCE SEP 1      1.67                      2.67  -1.00     2.20
  SINCE JAN 1     31.23                     28.89   2.34    29.42

SNOWFALL (IN)
  YESTERDAY        0.0                       0.0    0.0      0.0
  MONTH TO DATE    0.0                       0.0    0.0      0.0
  SINCE SEP 1      0.0                       0.0    0.0      0.0
  SINCE JUL 1      0.0                       0.0    0.0      0.0
  SNOW DEPTH       0

DEGREE DAYS
 HEATING
  YESTERDAY        0                         6     -6        4
  MONTH TO DATE   92                        75     17       79
  SINCE SEP 1     92                        75     17       79
  SINCE JUL 1    144                       113     31      117

 COOLING
  YESTERDAY        1                         1      0        0
  MONTH TO DATE   53                        43     10       57
  SINCE SEP 1     53                        43     10       57
  SINCE JAN 1    530                       529      1      609
..................................................................


WIND (MPH)
  HIGHEST WIND SPEED    26   HIGHEST WIND DIRECTION    NW (300)
  HIGHEST GUST SPEED    33   HIGHEST GUST DIRECTION     W (290)
  AVERAGE WIND SPEED    11.9


SKY COVER
  POSSIBLE SUNSHINE  MM
  AVERAGE SKY COVER 0.7


WEATHER CONDITIONS
 THE FOLLOWING WEATHER WAS RECORDED YESTERDAY.
  THUNDERSTORM
  LIGHT RAIN
  FOG


RELATIVE HUMIDITY (PERCENT)
 HIGHEST    90           900 AM
 LOWEST     38           300 PM
 AVERAGE    64

..........................................................


THE YOUNGSTOWN OH CLIMATE NORMALS FOR TODAY
                         NORMAL    RECORD    YEAR
 MAXIMUM TEMPERATURE (F)   70        92      1931
 MINIMUM TEMPERATURE (F)   49        32      1999
                                             1897


SUNRISE AND SUNSET
SEPTEMBER 22 2014.....SUNRISE   710 AM EDT   SUNSET   720 PM EDT
SEPTEMBER 23 2014.....SUNRISE   711 AM EDT   SUNSET   718 PM EDT


-  INDICATES NEGATIVE NUMBERS.
R  INDICATES RECORD WAS SET OR TIED.
MM INDICATES DATA IS MISSING.
T  INDICATES TRACE AMOUNT.




$$
