000
CDUS41 KCLE 200530
CLIYNG


CLIMATE REPORT
NATIONAL WEATHER SERVICE CLEVELAND OH
1229 AM EST THU NOV 20 2014


...................................

...THE YOUNGSTOWN OH CLIMATE SUMMARY FOR NOVEMBER 19 2014...

CLIMATE NORMAL PERIOD 1981 TO 2010
CLIMATE RECORD PERIOD 1897 TO 2014


WEATHER ITEM   OBSERVED TIME   RECORD YEAR NORMAL DEPARTURE LAST
                VALUE   (LST)  VALUE       VALUE  FROM      YEAR
                                                  NORMAL
..................................................................
TEMPERATURE (F)
 YESTERDAY
  MAXIMUM         34    930 PM  73    1985  47    -13       37
  MINIMUM          9R   452 AM  17    1989  33    -24       25
  AVERAGE         22                        40    -18       31

PRECIPITATION (IN)
  YESTERDAY        0.03                      0.11  -0.08      T
  MONTH TO DATE    1.62                      1.99  -0.37     2.04
  SINCE SEP 1      6.61                      8.51  -1.90     7.35
  SINCE JAN 1     36.17                     34.73   1.44    34.57

SNOWFALL (IN)
  YESTERDAY        0.4                       0.2    0.2       T
  MONTH TO DATE    7.5                       1.5    6.0      4.6
  SINCE SEP 1      7.5                       2.3    5.2      5.8
  SINCE JUL 1      7.5                       2.3    5.2      5.8
  SNOW DEPTH       3

DEGREE DAYS
 HEATING
  YESTERDAY       43                        25     18       34
  MONTH TO DATE  512                       409    103      426
  SINCE SEP 1   1041                       992     49      946
  SINCE JUL 1   1093                      1030     63      984

 COOLING
  YESTERDAY        0                         0      0        0
  MONTH TO DATE    0                         0      0        0
  SINCE SEP 1     56                        58     -2       78
  SINCE JAN 1    533                       544    -11      630
..................................................................


WIND (MPH)
  HIGHEST WIND SPEED    28   HIGHEST WIND DIRECTION     W (260)
  HIGHEST GUST SPEED    36   HIGHEST GUST DIRECTION     W (260)
  AVERAGE WIND SPEED    12.5


SKY COVER
  POSSIBLE SUNSHINE  MM
  AVERAGE SKY COVER 0.7


WEATHER CONDITIONS
 THE FOLLOWING WEATHER WAS RECORDED YESTERDAY.
  LIGHT SNOW


RELATIVE HUMIDITY (PERCENT)
 HIGHEST    80           400 AM
 LOWEST     58           400 PM
 AVERAGE    69

..........................................................


THE YOUNGSTOWN OH CLIMATE NORMALS FOR TODAY
                         NORMAL    RECORD    YEAR
 MAXIMUM TEMPERATURE (F)   47        74      1931
 MINIMUM TEMPERATURE (F)   33        14      1951


SUNRISE AND SUNSET
NOVEMBER 20 2014......SUNRISE   717 AM EST   SUNSET   500 PM EST
NOVEMBER 21 2014......SUNRISE   718 AM EST   SUNSET   459 PM EST


-  INDICATES NEGATIVE NUMBERS.
R  INDICATES RECORD WAS SET OR TIED.
MM INDICATES DATA IS MISSING.
T  INDICATES TRACE AMOUNT.




$$
