000
CDUS41 KCLE 150530
CLIYNG


CLIMATE REPORT
NATIONAL WEATHER SERVICE CLEVELAND OH
130 AM EDT MON AUG 15 2016


...................................

...THE YOUNGSTOWN OH CLIMATE SUMMARY FOR AUGUST 14 2016...

CLIMATE NORMAL PERIOD 1981 TO 2010
CLIMATE RECORD PERIOD 1897 TO 2016


WEATHER ITEM   OBSERVED TIME   RECORD YEAR NORMAL DEPARTURE LAST
                VALUE   (LST)  VALUE       VALUE  FROM      YEAR
                                                  NORMAL
..................................................................
TEMPERATURE (F)
 YESTERDAY
  MAXIMUM         80        MM  95    1936  80      0       85
  MINIMUM         70        MM  45    1964  59     11       62
  AVERAGE         75                        70      5       74

PRECIPITATION (IN)
  YESTERDAY        0.06                      0.10  -0.04      T
  MONTH TO DATE    2.56                      1.48   1.08     1.43
  SINCE JUN 1     10.73                      9.67   1.06    14.52
  SINCE JAN 1     25.83                     24.46   1.37    29.50

SNOWFALL (IN)
  YESTERDAY        0.0                       0.0    0.0      0.0
  MONTH TO DATE    0.0                       0.0    0.0      0.0
  SINCE JUN 1      0.0                       0.0    0.0      0.0
  SINCE JUL 1      0.0                       0.0    0.0      0.0
  SNOW DEPTH       0

DEGREE DAYS
 HEATING
  YESTERDAY        0                         1     -1        0
  MONTH TO DATE    0                         9     -9        3
  SINCE JUN 1     40                        91    -51       52
  SINCE JUL 1      6                        22    -16       10

 COOLING
  YESTERDAY       10                         5      5        9
  MONTH TO DATE  150                        78     72       70
  SINCE JUN 1    551                       373    178      365
  SINCE JAN 1    606                       412    194      477
..................................................................


WIND (MPH)
  HIGHEST WIND SPEED    13   HIGHEST WIND DIRECTION     W (260)
  HIGHEST GUST SPEED    MM   HIGHEST GUST DIRECTION    MM
  AVERAGE WIND SPEED     7.9


SKY COVER
  POSSIBLE SUNSHINE  MM
  AVERAGE SKY COVER 0.9


WEATHER CONDITIONS
 THE FOLLOWING WEATHER WAS RECORDED YESTERDAY.
  LIGHT RAIN
  FOG


RELATIVE HUMIDITY (PERCENT)
 HIGHEST    97           800 PM
 LOWEST     76          1000 AM
 AVERAGE    87

..........................................................


THE YOUNGSTOWN OH CLIMATE NORMALS FOR TODAY
                         NORMAL    RECORD    YEAR
 MAXIMUM TEMPERATURE (F)   80        94      1995
 MINIMUM TEMPERATURE (F)   59        46      2013


SUNRISE AND SUNSET
AUGUST 15 2016........SUNRISE   632 AM EDT   SUNSET   821 PM EDT
AUGUST 16 2016........SUNRISE   633 AM EDT   SUNSET   819 PM EDT


-  INDICATES NEGATIVE NUMBERS.
R  INDICATES RECORD WAS SET OR TIED.
MM INDICATES DATA IS MISSING.
T  INDICATES TRACE AMOUNT.




$$
