000
CDUS41 KCLE 210539
CLIYNG


CLIMATE REPORT
NATIONAL WEATHER SERVICE CLEVELAND OH
127 AM EDT THU MAY 21 2015


...................................

...THE YOUNGSTOWN OH CLIMATE SUMMARY FOR MAY 20 2015...

CLIMATE NORMAL PERIOD 1981 TO 2010
CLIMATE RECORD PERIOD 1897 TO 2015


WEATHER ITEM   OBSERVED TIME   RECORD YEAR NORMAL DEPARTURE LAST
                VALUE   (LST)  VALUE       VALUE  FROM      YEAR
                                                  NORMAL
..................................................................
TEMPERATURE (F)
 YESTERDAY
  MAXIMUM         53    444 PM  91    1934  70    -17       72
  MINIMUM         41    810 AM  29    2002  48     -7       47
  AVERAGE         47                        59    -12       60

PRECIPITATION (IN)
  YESTERDAY        0.00                      0.13  -0.13      T
  MONTH TO DATE    1.24                      2.36  -1.12     3.45
  SINCE MAR 1      6.45                      8.66  -2.21    10.30
  SINCE JAN 1     11.68                     13.36  -1.68    14.99

SNOWFALL (IN)
  YESTERDAY        0.0                       0.0    0.0      0.0
  MONTH TO DATE    0.0                       0.0    0.0       T
  SINCE MAR 1      9.5                      13.9   -4.4      9.1
  SINCE JUL 1     79.0                      62.7   16.3     90.1
  SNOW DEPTH       0

DEGREE DAYS
 HEATING
  YESTERDAY       18                         7     11        5
  MONTH TO DATE   92                       187    -95      174
  SINCE MAR 1   1523                      1566    -43     1728
  SINCE JUL 1   6641                      6214    427     6796

 COOLING
  YESTERDAY        0                         1     -1        0
  MONTH TO DATE   69                        13     56       32
  SINCE MAR 1     69                        22     47       32
  SINCE JAN 1     69                        22     47       32
..................................................................


WIND (MPH)
  HIGHEST WIND SPEED    16   HIGHEST WIND DIRECTION    NW (330)
  HIGHEST GUST SPEED    21   HIGHEST GUST DIRECTION     N (340)
  AVERAGE WIND SPEED     8.4


SKY COVER
  POSSIBLE SUNSHINE  MM
  AVERAGE SKY COVER 1.0


WEATHER CONDITIONS
 THE FOLLOWING WEATHER WAS RECORDED YESTERDAY.
  NO SIGNIFICANT WEATHER WAS OBSERVED.


RELATIVE HUMIDITY (PERCENT)
 HIGHEST    80           100 AM
 LOWEST     54           300 PM
 AVERAGE    67

..........................................................


THE YOUNGSTOWN OH CLIMATE NORMALS FOR TODAY
                         NORMAL    RECORD    YEAR
 MAXIMUM TEMPERATURE (F)   70        89      1934
 MINIMUM TEMPERATURE (F)   48        32      2002


SUNRISE AND SUNSET
MAY 21 2015...........SUNRISE   559 AM EDT   SUNSET   840 PM EDT
MAY 22 2015...........SUNRISE   558 AM EDT   SUNSET   841 PM EDT


-  INDICATES NEGATIVE NUMBERS.
R  INDICATES RECORD WAS SET OR TIED.
MM INDICATES DATA IS MISSING.
T  INDICATES TRACE AMOUNT.




$$
