000
CDUS41 KCLE 082110
CLIYNG


CLIMATE REPORT
NATIONAL WEATHER SERVICE CLEVELAND OH
510 PM EDT SUN OCT 8 2017


...................................

...THE YOUNGSTOWN OH CLIMATE SUMMARY FOR OCTOBER 8 2017...
VALID TODAY AS OF 0500 PM LOCAL TIME.

CLIMATE NORMAL PERIOD 1981 TO 2010
CLIMATE RECORD PERIOD 1897 TO 2017


WEATHER ITEM   OBSERVED TIME   RECORD YEAR NORMAL DEPARTURE LAST
                VALUE   (LST)  VALUE       VALUE  FROM      YEAR
                                                  NORMAL
..................................................................
TEMPERATURE (F)
 TODAY
  MAXIMUM         75   1225 AM  87    2007  63     12       64
                                      1941
  MINIMUM         62    627 AM  27    1953  44     18       44
  AVERAGE         69                        53     16       54

PRECIPITATION (IN)
  TODAY            0.22                      0.10   0.12      T
  MONTH TO DATE    0.39                      0.78  -0.39     0.11
  SINCE SEP 1      1.33                      4.53  -3.20     4.31
  SINCE JAN 1     34.05                     30.75   3.30    32.81

SNOWFALL (IN)
  TODAY            0.0                       0.1   -0.1      0.0
  MONTH TO DATE    0.0                       0.1   -0.1      0.0
  SINCE SEP 1      0.0                       0.1   -0.1      0.0
  SINCE JUL 1      0.0                       0.1   -0.1      0.0
  SNOW DEPTH       0

DEGREE DAYS
 HEATING
  TODAY            0                        12    -12       11
  MONTH TO DATE   21                        87    -66       37
  SINCE SEP 1    119                       232   -113       77
  SINCE JUL 1    135                       270   -135       83

 COOLING
  TODAY            4                         0      4        0
  MONTH TO DATE   17                         3     14        0
  SINCE SEP 1    120                        55     65      116
  SINCE JAN 1    653                       541    112      859
..................................................................


WIND (MPH)
  HIGHEST WIND SPEED    20   HIGHEST WIND DIRECTION     W (260)
  HIGHEST GUST SPEED    30   HIGHEST GUST DIRECTION     S (200)


SKY COVER
  POSSIBLE SUNSHINE  MM
  AVERAGE SKY COVER 0.9


WEATHER CONDITIONS
 THE FOLLOWING WEATHER WAS RECORDED TODAY.
  RAIN
  LIGHT RAIN
  FOG


RELATIVE HUMIDITY (PERCENT)
 HIGHEST   100           200 AM
 LOWEST     64          1200 AM
 AVERAGE    82

..........................................................


THE YOUNGSTOWN OH CLIMATE NORMALS FOR TOMORROW
                         NORMAL    RECORD    YEAR
 MAXIMUM TEMPERATURE (F)   63        88      1939
 MINIMUM TEMPERATURE (F)   43        28      2012


SUNRISE AND SUNSET
OCTOBER  8 2017.......SUNRISE   727 AM EDT   SUNSET   653 PM EDT
OCTOBER  9 2017.......SUNRISE   728 AM EDT   SUNSET   651 PM EDT


-  INDICATES NEGATIVE NUMBERS.
R  INDICATES RECORD WAS SET OR TIED.
MM INDICATES DATA IS MISSING.
T  INDICATES TRACE AMOUNT.




$$
