669
CDUS41 KCLE 202223
CLIYNG


CLIMATE REPORT
NATIONAL WEATHER SERVICE CLEVELAND OH
515 PM EST TUE FEB 20 2018


...................................

...THE YOUNGSTOWN OH CLIMATE SUMMARY FOR FEBRUARY 20 2018...
VALID TODAY AS OF 0500 PM LOCAL TIME.

CLIMATE NORMAL PERIOD 1981 TO 2010
CLIMATE RECORD PERIOD 1897 TO 2018


WEATHER ITEM   OBSERVED TIME   RECORD YEAR NORMAL DEPARTURE LAST
                VALUE   (LST)  VALUE       VALUE  FROM      YEAR
                                                  NORMAL
..................................................................
TEMPERATURE (F)
 TODAY
  MAXIMUM         72R   359 PM  65    2016  37     35       59
                                      1939
  MINIMUM         61    521 AM -16    2015  21     40       29
  AVERAGE         67                        29     38       44

PRECIPITATION (IN)
  TODAY            T                         0.07  -0.07     0.00
  MONTH TO DATE    3.03                      1.49   1.54     1.65
  SINCE DEC 1      8.28                      7.03   1.25    10.57
  SINCE JAN 1      6.17                      4.04   2.13     7.00

SNOWFALL (IN)
  TODAY            0.0                       0.4   -0.4      0.0
  MONTH TO DATE   14.9                       9.0    5.9      6.0
  SINCE DEC 1     57.0                      40.6   16.4     42.9
  SINCE JUL 1     58.0                      45.0   13.0     47.3
  SNOW DEPTH       0

DEGREE DAYS
 HEATING
  TODAY            0                        36    -36       21
  MONTH TO DATE  669                       749    -80      612
  SINCE DEC 1   3069                      3043     26     2693
  SINCE JUL 1   4167                      4372   -205     3665

 COOLING
  TODAY            2                         0      2        0
  MONTH TO DATE    2                         0      2        0
  SINCE DEC 1      2                         0      2        0
  SINCE JAN 1      2                         0      2        0
..................................................................


WIND (MPH)
  HIGHEST WIND SPEED    24   HIGHEST WIND DIRECTION    SW (220)
  HIGHEST GUST SPEED    33   HIGHEST GUST DIRECTION    SW (210)


SKY COVER
  POSSIBLE SUNSHINE  MM
  AVERAGE SKY COVER 1.0


WEATHER CONDITIONS
 THE FOLLOWING WEATHER WAS RECORDED TODAY.
  NO SIGNIFICANT WEATHER WAS OBSERVED.


RELATIVE HUMIDITY (PERCENT)
 HIGHEST    72           100 AM
 LOWEST     53           500 PM
 AVERAGE    63

..........................................................


THE YOUNGSTOWN OH CLIMATE NORMALS FOR TOMORROW
                         NORMAL    RECORD    YEAR
 MAXIMUM TEMPERATURE (F)   38        71      1997
 MINIMUM TEMPERATURE (F)   22        -9      1968


SUNRISE AND SUNSET
FEBRUARY 20 2018......SUNRISE   710 AM EST   SUNSET   603 PM EST
FEBRUARY 21 2018......SUNRISE   709 AM EST   SUNSET   604 PM EST


-  INDICATES NEGATIVE NUMBERS.
R  INDICATES RECORD WAS SET OR TIED.
MM INDICATES DATA IS MISSING.
T  INDICATES TRACE AMOUNT.




$$
