000
CDUS41 KCLE 190530
CLIYNG


CLIMATE REPORT
NATIONAL WEATHER SERVICE CLEVELAND OH
1230 AM EST MON JAN 19 2015


...................................

...THE YOUNGSTOWN OH CLIMATE SUMMARY FOR JANUARY 18 2015...

CLIMATE NORMAL PERIOD 1981 TO 2010
CLIMATE RECORD PERIOD 1897 TO 2015


WEATHER ITEM   OBSERVED TIME   RECORD YEAR NORMAL DEPARTURE LAST
                VALUE   (LST)  VALUE       VALUE  FROM      YEAR
                                                  NORMAL
..................................................................
TEMPERATURE (F)
 YESTERDAY
  MAXIMUM         46    223 AM  61    1996  32     14       17
  MINIMUM         32   1159 PM -18    1994  19     13        9
  AVERAGE         39                        26     13       13

PRECIPITATION (IN)
  YESTERDAY        0.09                      0.09   0.00     0.03
  MONTH TO DATE    2.17                      1.55   0.62     1.97
  SINCE DEC 1      4.49                      4.54  -0.05     5.49
  SINCE JAN 1      2.17                      1.55   0.62     1.97

SNOWFALL (IN)
  YESTERDAY        0.5                       0.6   -0.1      0.8
  MONTH TO DATE   15.7                       9.8    5.9     12.9
  SINCE DEC 1     16.4                      24.8   -8.4     33.4
  SINCE JUL 1     28.0                      29.2   -1.2     47.5
  SNOW DEPTH       3

DEGREE DAYS
 HEATING
  YESTERDAY       26                        40    -14       52
  MONTH TO DATE  798                       707     91      731
  SINCE DEC 1   1731                      1784    -53     1793
  SINCE JUL 1   3141                      3113     28     3175

 COOLING
  YESTERDAY        0                         0      0        0
  MONTH TO DATE    0                         0      0        0
  SINCE DEC 1      0                         0      0        0
  SINCE JAN 1      0                         0      0        0
..................................................................


WIND (MPH)
  HIGHEST WIND SPEED    23   HIGHEST WIND DIRECTION    SW (240)
  HIGHEST GUST SPEED    28   HIGHEST GUST DIRECTION     W (250)
  AVERAGE WIND SPEED    12.2


SKY COVER
  POSSIBLE SUNSHINE  MM
  AVERAGE SKY COVER 1.0


WEATHER CONDITIONS
 THE FOLLOWING WEATHER WAS RECORDED YESTERDAY.
  LIGHT RAIN
  LIGHT SNOW
  SLEET
  FOG


RELATIVE HUMIDITY (PERCENT)
 HIGHEST    92          1000 AM
 LOWEST     45           200 AM
 AVERAGE    69

..........................................................


THE YOUNGSTOWN OH CLIMATE NORMALS FOR TODAY
                         NORMAL    RECORD    YEAR
 MAXIMUM TEMPERATURE (F)   32        61      1933
 MINIMUM TEMPERATURE (F)   19       -22      1994


SUNRISE AND SUNSET
JANUARY 19 2015.......SUNRISE   744 AM EST   SUNSET   523 PM EST
JANUARY 20 2015.......SUNRISE   744 AM EST   SUNSET   524 PM EST


-  INDICATES NEGATIVE NUMBERS.
R  INDICATES RECORD WAS SET OR TIED.
MM INDICATES DATA IS MISSING.
T  INDICATES TRACE AMOUNT.




$$
