970
CDUS41 KCLE 180527
CLIYNG


CLIMATE REPORT
NATIONAL WEATHER SERVICE CLEVELAND OH
126 AM EDT TUE APR 18 2017


...................................

...THE YOUNGSTOWN OH CLIMATE SUMMARY FOR APRIL 17 2017...

CLIMATE NORMAL PERIOD 1981 TO 2010
CLIMATE RECORD PERIOD 1897 TO 2017


WEATHER ITEM   OBSERVED TIME   RECORD YEAR NORMAL DEPARTURE LAST
                VALUE   (LST)  VALUE       VALUE  FROM      YEAR
                                                  NORMAL
..................................................................
TEMPERATURE (F)
 YESTERDAY
  MAXIMUM         65    219 PM  84    2002  60      5       80
                                      1976
  MINIMUM         46    640 AM  18    1980  39      7       43
  AVERAGE         56                        49      7       62

PRECIPITATION (IN)
  YESTERDAY        0.00                      0.11  -0.11     0.00
  MONTH TO DATE    1.47                      1.96  -0.49     2.59
  SINCE MAR 1      6.51                      4.90   1.61     6.40
  SINCE JAN 1     14.39                      9.60   4.79    11.59

SNOWFALL (IN)
  YESTERDAY        0.0                       0.1   -0.1      0.0
  MONTH TO DATE    2.0                       2.6   -0.6      8.8
  SINCE MAR 1     22.1                      13.5    8.6     13.1
  SINCE JUL 1     69.5                      62.3    7.2     44.7
  SNOW DEPTH       0

DEGREE DAYS
 HEATING
  YESTERDAY        9                        16     -7        3
  MONTH TO DATE  221                       323   -102      393
  SINCE MAR 1   1091                      1199   -108     1007
  SINCE JUL 1   4875                      5847   -972     4855

 COOLING
  YESTERDAY        0                         0      0        0
  MONTH TO DATE    8                         0      8        0
  SINCE MAR 1      8                         1      7        0
  SINCE JAN 1      8                         1      7        0
..................................................................


WIND (MPH)
  HIGHEST WIND SPEED    21   HIGHEST WIND DIRECTION     N (350)
  HIGHEST GUST SPEED    26   HIGHEST GUST DIRECTION     N (350)
  AVERAGE WIND SPEED     9.2


SKY COVER
  POSSIBLE SUNSHINE  MM
  AVERAGE SKY COVER 0.8


WEATHER CONDITIONS
 THE FOLLOWING WEATHER WAS RECORDED YESTERDAY.
  NO SIGNIFICANT WEATHER WAS OBSERVED.


RELATIVE HUMIDITY (PERCENT)
 HIGHEST    78          1200 AM
 LOWEST     31           400 PM
 AVERAGE    55

..........................................................


THE YOUNGSTOWN OH CLIMATE NORMALS FOR TODAY
                         NORMAL    RECORD    YEAR
 MAXIMUM TEMPERATURE (F)   60        87      1976
 MINIMUM TEMPERATURE (F)   39        23      1983


SUNRISE AND SUNSET
APRIL 18 2017.........SUNRISE   638 AM EDT   SUNSET   806 PM EDT
APRIL 19 2017.........SUNRISE   637 AM EDT   SUNSET   807 PM EDT


-  INDICATES NEGATIVE NUMBERS.
R  INDICATES RECORD WAS SET OR TIED.
MM INDICATES DATA IS MISSING.
T  INDICATES TRACE AMOUNT.




$$
