000
CDUS41 KCLE 060528
CLIYNG


CLIMATE REPORT
NATIONAL WEATHER SERVICE CLEVELAND OH
128 AM EDT SUN JUL 6 2014


...................................

...THE YOUNGSTOWN OH CLIMATE SUMMARY FOR JULY 5 2014...

CLIMATE NORMAL PERIOD 1981 TO 2010
CLIMATE RECORD PERIOD 1897 TO 2014


WEATHER ITEM   OBSERVED TIME   RECORD YEAR NORMAL DEPARTURE LAST
                VALUE   (LST)  VALUE       VALUE  FROM      YEAR
                                                  NORMAL
..................................................................
TEMPERATURE (F)
 YESTERDAY
  MAXIMUM         77    251 PM  97    1897  81     -4       81
  MINIMUM         47    517 AM  44    1979  59    -12       66
  AVERAGE         62                        70     -8       74

PRECIPITATION (IN)
  YESTERDAY        0.00                      0.14  -0.14     0.25
  MONTH TO DATE    0.68                      0.68   0.00     0.51
  SINCE JUN 1      5.48                      4.56   0.92     5.88
  SINCE JAN 1     20.57                     19.35   1.22    17.65

SNOWFALL (IN)
  YESTERDAY        0.0                       0.0    0.0      0.0
  MONTH TO DATE    0.0                       0.0    0.0      0.0
  SINCE JUN 1      0.0                       0.0    0.0       T
  SINCE JUL 1      0.0                       0.0    0.0      0.0
  SNOW DEPTH       0

DEGREE DAYS
 HEATING
  YESTERDAY        3                         1      2        0
  MONTH TO DATE    5                         5      0        0
  SINCE JUN 1     33                        74    -41       56
  SINCE JUL 1      5                         5      0        0

 COOLING
  YESTERDAY        0                         6     -6        9
  MONTH TO DATE   29                        30     -1       41
  SINCE JUN 1    182                       140     42      159
  SINCE JAN 1    237                       179     58      247
..................................................................


WIND (MPH)
  HIGHEST WIND SPEED    10   HIGHEST WIND DIRECTION     N (350)
  HIGHEST GUST SPEED    15   HIGHEST GUST DIRECTION    NW (320)
  AVERAGE WIND SPEED     2.3


SKY COVER
  POSSIBLE SUNSHINE  MM
  AVERAGE SKY COVER 0.5


WEATHER CONDITIONS
 THE FOLLOWING WEATHER WAS RECORDED YESTERDAY.
  FOG
  HAZE


RELATIVE HUMIDITY (PERCENT)
 HIGHEST    93           500 AM
 LOWEST     38          1200 PM
 AVERAGE    66

..........................................................


THE YOUNGSTOWN OH CLIMATE NORMALS FOR TODAY
                         NORMAL    RECORD    YEAR
 MAXIMUM TEMPERATURE (F)   81        98      1988
 MINIMUM TEMPERATURE (F)   59        43      1979


SUNRISE AND SUNSET
JULY  6 2014..........SUNRISE   556 AM EDT   SUNSET   858 PM EDT
JULY  7 2014..........SUNRISE   557 AM EDT   SUNSET   858 PM EDT


-  INDICATES NEGATIVE NUMBERS.
R  INDICATES RECORD WAS SET OR TIED.
MM INDICATES DATA IS MISSING.
T  INDICATES TRACE AMOUNT.




$$
