000
CDUS41 KCLE 250536
CLIYNG


CLIMATE REPORT
NATIONAL WEATHER SERVICE CLEVELAND OH
125 AM EDT THU SEP 25 2014


...................................

...THE YOUNGSTOWN OH CLIMATE SUMMARY FOR SEPTEMBER 24 2014...

CLIMATE NORMAL PERIOD 1981 TO 2010
CLIMATE RECORD PERIOD 1897 TO 2014


WEATHER ITEM   OBSERVED TIME   RECORD YEAR NORMAL DEPARTURE LAST
                VALUE   (LST)  VALUE       VALUE  FROM      YEAR
                                                  NORMAL
..................................................................
TEMPERATURE (F)
 YESTERDAY
  MAXIMUM         74    326 PM  91    1936  69      5       68
  MINIMUM         46    614 AM  32    1995  49     -3       34
  AVERAGE         60                        59      1       51

PRECIPITATION (IN)
  YESTERDAY        0.00                      0.12  -0.12     0.00
  MONTH TO DATE    1.67                      3.04  -1.37     2.21
  SINCE SEP 1      1.67                      3.04  -1.37     2.21
  SINCE JAN 1     31.23                     29.26   1.97    29.43

SNOWFALL (IN)
  YESTERDAY        0.0                       0.0    0.0      0.0
  MONTH TO DATE    0.0                       0.0    0.0      0.0
  SINCE SEP 1      0.0                       0.0    0.0      0.0
  SINCE JUL 1      0.0                       0.0    0.0      0.0
  SNOW DEPTH       0

DEGREE DAYS
 HEATING
  YESTERDAY        5                         7     -2       14
  MONTH TO DATE  126                        96     30      119
  SINCE SEP 1    126                        96     30      119
  SINCE JUL 1    178                       134     44      157

 COOLING
  YESTERDAY        0                         1     -1        0
  MONTH TO DATE   53                        46      7       57
  SINCE SEP 1     53                        46      7       57
  SINCE JAN 1    530                       532     -2      609
..................................................................


WIND (MPH)
  HIGHEST WIND SPEED    16   HIGHEST WIND DIRECTION    SE (130)
  HIGHEST GUST SPEED    21   HIGHEST GUST DIRECTION     E (110)
  AVERAGE WIND SPEED     9.2


SKY COVER
  POSSIBLE SUNSHINE  MM
  AVERAGE SKY COVER 0.2


WEATHER CONDITIONS
 THE FOLLOWING WEATHER WAS RECORDED YESTERDAY.
  NO SIGNIFICANT WEATHER WAS OBSERVED.


RELATIVE HUMIDITY (PERCENT)
 HIGHEST   100           300 AM
 LOWEST     44           400 PM
 AVERAGE    72

..........................................................


THE YOUNGSTOWN OH CLIMATE NORMALS FOR TODAY
                         NORMAL    RECORD    YEAR
 MAXIMUM TEMPERATURE (F)   69        91      2007
 MINIMUM TEMPERATURE (F)   48        35      1976
                                             1967


SUNRISE AND SUNSET
SEPTEMBER 25 2014.....SUNRISE   713 AM EDT   SUNSET   715 PM EDT
SEPTEMBER 26 2014.....SUNRISE   714 AM EDT   SUNSET   713 PM EDT


-  INDICATES NEGATIVE NUMBERS.
R  INDICATES RECORD WAS SET OR TIED.
MM INDICATES DATA IS MISSING.
T  INDICATES TRACE AMOUNT.




$$
