000
CDUS41 KCLE 230531
CLIYNG


CLIMATE REPORT
NATIONAL WEATHER SERVICE CLEVELAND OH
1229 AM EST TUE DEC 23 2014


...................................

...THE YOUNGSTOWN OH CLIMATE SUMMARY FOR DECEMBER 22 2014...

CLIMATE NORMAL PERIOD 1981 TO 2010
CLIMATE RECORD PERIOD 1897 TO 2014


WEATHER ITEM   OBSERVED TIME   RECORD YEAR NORMAL DEPARTURE LAST
                VALUE   (LST)  VALUE       VALUE  FROM      YEAR
                                                  NORMAL
..................................................................
TEMPERATURE (F)
 YESTERDAY
  MAXIMUM         40    340 PM  64    2013  35      5       64
  MINIMUM         23    431 AM -12    1989  22      1       42
  AVERAGE         32                        28      4       53

PRECIPITATION (IN)
  YESTERDAY        0.00                      0.09  -0.09     0.50
  MONTH TO DATE    1.69                      2.15  -0.46     2.99
  SINCE DEC 1      1.69                      2.15  -0.46     2.99
  SINCE JAN 1     38.64                     38.07   0.57    38.60

SNOWFALL (IN)
  YESTERDAY        0.0                       0.5   -0.5      0.0
  MONTH TO DATE    0.7                      10.4   -9.7     14.4
  SINCE DEC 1      0.7                      10.4   -9.7     14.4
  SINCE JUL 1     12.3                      14.8   -2.5     28.5
  SNOW DEPTH       0

DEGREE DAYS
 HEATING
  YESTERDAY       33                        37     -4       12
  MONTH TO DATE  675                       737    -62      732
  SINCE DEC 1    675                       737    -62      732
  SINCE JUL 1   2085                      2066     19     2114

 COOLING
  YESTERDAY        0                         0      0        0
  MONTH TO DATE    0                         0      0        0
  SINCE DEC 1      0                         0      0        0
  SINCE JAN 1    533                       544    -11      630
..................................................................


WIND (MPH)
  HIGHEST WIND SPEED    16   HIGHEST WIND DIRECTION     E (110)
  HIGHEST GUST SPEED    21   HIGHEST GUST DIRECTION     E (110)
  AVERAGE WIND SPEED    10.2


SKY COVER
  POSSIBLE SUNSHINE  MM
  AVERAGE SKY COVER 0.7


WEATHER CONDITIONS
 THE FOLLOWING WEATHER WAS RECORDED YESTERDAY.
  FOG


RELATIVE HUMIDITY (PERCENT)
 HIGHEST    88           100 AM
 LOWEST     64           200 PM
 AVERAGE    76

..........................................................


THE YOUNGSTOWN OH CLIMATE NORMALS FOR TODAY
                         NORMAL    RECORD    YEAR
 MAXIMUM TEMPERATURE (F)   34        61      1933
 MINIMUM TEMPERATURE (F)   22        -3      1960


SUNRISE AND SUNSET
DECEMBER 23 2014......SUNRISE   746 AM EST   SUNSET   458 PM EST
DECEMBER 24 2014......SUNRISE   746 AM EST   SUNSET   458 PM EST


-  INDICATES NEGATIVE NUMBERS.
R  INDICATES RECORD WAS SET OR TIED.
MM INDICATES DATA IS MISSING.
T  INDICATES TRACE AMOUNT.




$$
